{"id":30,"date":"2016-04-05T22:13:00","date_gmt":"2016-04-05T21:13:00","guid":{"rendered":"http:\/\/projects.nib.si\/aureoprotect\/?page_id=30"},"modified":"2018-03-14T22:58:14","modified_gmt":"2018-03-14T21:58:14","slug":"references","status":"publish","type":"page","link":"https:\/\/projects.nib.si\/aureoprotect\/references\/","title":{"rendered":"Related publications"},"content":{"rendered":"<hr \/>\n<h3>ARTICLES AND OTHER COMPONENT PARTS<\/h3>\n<h3>Published scientific conference contribution abstract (invited lecture)<\/h3>\n<p><a name=\"1\"><\/a><b> 1. <\/b> GOSTIN\u010cAR, Cene, TURK, Martina, ZAJC, Janja, ZALAR, Polona, GUNDE-CIMERMAN, Nina. Fungi in the salterns &#8211; from halotolerance to halophily. V: <i>MaFNaP 2017<\/i>, 2nd International Conference of Marine Fungal Natural Products (MaFNaP), 27-29 June 2017, Kiel, Germany. [S. l.: s. n. 2017], str. 28. [COBISS.SI-ID <a class=\"red\" href=\"https:\/\/plus.si.cobiss.net\/opac7\/bib\/4447567?lang=en\" target=\"_blank\">4447567<\/a>]<\/p>\n<p><a name=\"2\"><\/a><b> 2. <\/b> GUNDE-CIMERMAN, Nina, GOSTIN\u010cAR, Cene, TURK, Martina, ZAJC, Janja, ZALAR, Polona. Black yeasts &#8211; from halotolerance to polyextremotolerance. V: <i>Electronic abstracts<\/i>, 6th Meeting of the ISHAM Working groups on Black Yeasts and Chromoblastomycosis, Viterbo, Italy, 15-17 September, 2016. [S. l.: s. n. 2016], str. 10-11. [COBISS.SI-ID <a class=\"red\" href=\"https:\/\/plus.si.cobiss.net\/opac7\/bib\/3990095?lang=en\" target=\"_blank\">3990095<\/a>]<\/p>\n<h3>Published scientific conference contribution abstract<\/h3>\n<p><a name=\"3\"><\/a><b> 3. <\/b> GOSTIN\u010cAR, Cene, ZALAR, Polona, ZUPAN\u010cI\u010c, Jerneja, ZAJC, Janja, STAJICH, Jason Eric, GUNDE-CIMERMAN, Nina. The curious case of the black yeast Hortaea werneckii and its genome duplication. V: <i>ECFG 14, 14th European Conference on Fungal Genetics, February 25-28, 2018, Haifa, Israel<\/i>. [S. l.: s. n. 2018]. <a class=\"red\" href=\"https:\/\/events.eventact.com\/ProgramView2\/Agenda\/Lecture?id=169032&amp;code=3263091\"> https:\/\/events.eventact.com\/ProgramView2\/Agenda\/Lecture?id=169032&amp;code=3263091<\/a>. [COBISS.SI-ID <a class=\"red\" href=\"https:\/\/plus.si.cobiss.net\/opac7\/bib\/4632399?lang=en\" target=\"_blank\">4632399<\/a>]<\/p>\n<p><a name=\"4\"><\/a><b> 4. <\/b> \u0160IBANC, Nata\u0161a, ZALAR, Polona, SCHROERS, Hans-Josef, ZAJC, Janja, SAMPAIO, Jos\u00e9 Paulo, MA\u010cEK, Irena. Long-term natural experiments in ecology and evolution: yeasts from low O2 and high CO2 mofette environments. V: <i>DNAqua-net kick-off conference digital abstract book (EU COST Action CA15219), [University Duisburg, Essen, 6. &#8211; 9. 3. 2017]<\/i>. [Essen: University Duisburg. 2017], str. [70]. <a class=\"red\" href=\"http:\/\/dnaqua.net\/wp-content\/uploads\/2017\/03\/AbstractBook_DNAqua-Net_Conference.pdf\"> http:\/\/dnaqua.net\/wp-content\/uploads\/2017\/03\/AbstractBook_DNAqua-Net_Conference.pdf<\/a>. [COBISS.SI-ID <a class=\"red\" href=\"https:\/\/plus.si.cobiss.net\/opac7\/bib\/8725113?lang=en\" target=\"_blank\">8725113<\/a>]<\/p>\n<p><a name=\"5\"><\/a><b> 5. <\/b> GOSTIN\u010cAR, Cene, TURK, Martina, ZAJC, Janja, GUNDE-CIMERMAN, Nina. \u010crna kvasovka Aureobasidium pullulans in njena genomska raznolikost. V: VODOVNIK, Ma\u0161a (ur.), KU\u0160AR, Darja (ur.), MARIN\u0160EK-LOGAR, Romana (ur.). <i>Knjiga povzetkov<\/i>, 7. kongres Slovenskega mikrobiolo\u0161kega dru\u0161tva, 20.-22. september 2017, Bled, Slovenija. Ljubljana: Slovensko mikrobiolo\u0161ko dru\u0161tvo. 2017, str. 51. [COBISS.SI-ID <a class=\"red\" href=\"https:\/\/plus.si.cobiss.net\/opac7\/bib\/4430671?lang=en\" target=\"_blank\">4430671<\/a>]<\/p>\n<p><a name=\"6\"><\/a><b> 6. <\/b> ZALAR, Polona, ZUPAN\u010cI\u010c, Jerneja, GOSTIN\u010cAR, Cene, ZAJC, Janja, GUNDE-CIMERMAN, Nina. Taksonomija glive Hortaea werneckii s podvojenim genomom. V: VODOVNIK, Ma\u0161a (ur.), KU\u0160AR, Darja (ur.), MARIN\u0160EK-LOGAR, Romana (ur.). <i>Knjiga povzetkov<\/i>, 7. kongres Slovenskega mikrobiolo\u0161kega dru\u0161tva, 20.-22. september 2017, Bled, Slovenija. Ljubljana: Slovensko mikrobiolo\u0161ko dru\u0161tvo. 2017, str. 123. [COBISS.SI-ID <a class=\"red\" href=\"https:\/\/plus.si.cobiss.net\/opac7\/bib\/4438095?lang=en\" target=\"_blank\">4438095<\/a>]<\/p>\n<p><a name=\"7\"><\/a><b> 7. <\/b> GOSTIN\u010cAR, Cene, TURK, Martina, ZAJC, Janja, GUNDE-CIMERMAN, Nina. Comparative genomics of the polyextremotolerant black yeast Aureobasidium pullulans. V: <i>PAM 2017 : programme<\/i>, 7th International Conference on Polar &amp; Alpine Microbiology, 8 &#8211; 12 September 2017, Nuuk, Greenland. [S. l.: s. n. 2017], str. 34. <a class=\"red\" href=\"http:\/\/pam2017.org\/fileadmin\/user_upload\/files\/PAM_2017\/PAM2017_Programme_VERS2-RETTET-170x240_korr1.pdf\"> http:\/\/pam2017.org\/fileadmin\/user_upload\/files\/PAM_2017\/PAM2017_Programme_VERS2-RETTET-170x240_korr1.pdf<\/a>. [COBISS.SI-ID <a class=\"red\" href=\"https:\/\/plus.si.cobiss.net\/opac7\/bib\/4446287?lang=en\" target=\"_blank\">4446287<\/a>]<\/p>\n<p><a name=\"8\"><\/a><b> 8. <\/b> ZAJC, Janja, GOSTIN\u010cAR, Cene, GUNDE-CIMERMAN, Nina, RAVNIKAR, Maja, DREO, Tanja. Stress-tolerant yeast aureobasidium pullulans: the application in the postharvest biological control. V: <i>Abstract book<\/i>. Beograd: Dru\u0161tvo za za\u0161titu bilja Srbije. 2016, str. 17. [COBISS.SI-ID <a class=\"red\" href=\"https:\/\/plus.si.cobiss.net\/opac7\/bib\/3845455?lang=en\" target=\"_blank\">3845455<\/a>]<\/p>\n<p><a name=\"9\"><\/a><b> 9. <\/b> ZALAR, Polona, ZUPAN\u010cI\u010c, Jerneja, ZAJC, Janja, HOOG, Sybren, DE LEO, Filomena, GUNDE-CIMERMAN, Nina. Taxonomic dilemmas in Hortaea werneckii &#8211; genotypes or species?. V: <i>Electronic abstracts<\/i>, 6th Meeting of the ISHAM Working groups on Black Yeasts and Chromoblastomycosis, Viterbo, Italy, 15-17 September, 2016. [S. l.: s. n. 2016], str. 28-29. [COBISS.SI-ID <a class=\"red\" href=\"https:\/\/plus.si.cobiss.net\/opac7\/bib\/3990607?lang=en\" target=\"_blank\">3990607<\/a>]<\/p>\n<p><a name=\"10\"><\/a><b> 10. <\/b> GUNDE-CIMERMAN, Nina, GOSTIN\u010cAR, Cene, ZAJC, Janja, TURK, Martina, ZALAR, Polona. Fungi in salterns &#8211; from halotolerance to polyextremotolerance. V: <i>Halophiles 2016 : program and abstracts<\/i>, 11th International Conference on Halophilic Microorganisms, San Juan, Puerto Rico, May 22-27, 2016. [S. l.: s. n. 2016], str. [31]. [COBISS.SI-ID <a class=\"red\" href=\"https:\/\/plus.si.cobiss.net\/opac7\/bib\/3891023?lang=en\" target=\"_blank\">3891023<\/a>]<\/p>\n<h3>Independent scientific component part or a chapter in a monograph<\/h3>\n<p><a name=\"11\"><\/a><b> 11. <\/b> ZAJC, Janja, ZALAR, Polona, GUNDE-CIMERMAN, Nina. Yeasts in hypersaline habitats. V: BUZZINI, Pietro (ur.), LACHANCE, Marc-Andr\u00e9 (ur.), YURKOV, Andrey (ur.). <i>Yeasts in natural ecosystems : diversity<\/i>. Cham: Springer. 2017, str. 293-329, ilustr. [COBISS.SI-ID <a class=\"red\" href=\"https:\/\/plus.si.cobiss.net\/opac7\/bib\/4511055?lang=en\" target=\"_blank\">4511055<\/a>]<\/p>\n<hr \/>\n<h3>MONOGRAPHS AND OTHER COMPLETED WORKS<\/h3>\n<h3>Other monographs and other completed works<\/h3>\n<p><a name=\"12\"><\/a><b> 12. <\/b> ZAJC, Janja<i>. Skrivno \u017eivljenje halofilnih gliv<\/i>. [Ljubljana: Center for Knowledge Transfer, Jozef Stefan Institute], 2018. <a class=\"red\" href=\"http:\/\/videolectures.net\/nib_zajc_halofilne_glive\/\"> http:\/\/videolectures.net\/nib_zajc_halofilne_glive\/<\/a>. [COBISS.SI-ID <a class=\"red\" href=\"https:\/\/plus.si.cobiss.net\/opac7\/bib\/4632655?lang=en\" target=\"_blank\">4632655<\/a>]<\/p>\n<hr \/>\n<h3>SECONDARY AUTHORSHIP<\/h3>\n<h3>Co-Supervisor for Master&#8217;s Theses (Bologna study programme)<\/h3>\n<p><a name=\"13\"><\/a><b> 13. <\/b> \u0160TURM, Luka<i>. Fiziolo\u0161ke meje rasti in opis izbranih encimskih aktivnosti \u0161tirih vrst gliv rodu Aureobasidium : magistrsko delo = Physiological growth limits and description of the chosen enzyme activities of four species of fungi from the order Aureobasidium : M. Sc. Thesis<\/i>, (Biotehni\u0161ka fakulteta, Oddelek za \u017eivilstvo, Ljubljana, Magistrsko delo magistrskega \u0161tudija &#8211; 2. stopnja Mikrobiologija, 92). Ljubljana: [L. \u0160turm], 2017. X, 71 str., [5] str. pril., ilustr. <a class=\"red\" href=\"https:\/\/repozitorij.uni-lj.si\/IzpisGradiva.php?id=94445\"> https:\/\/repozitorij.uni-lj.si\/IzpisGradiva.php?id=94445<\/a>. [COBISS.SI-ID <a class=\"red\" href=\"https:\/\/plus.si.cobiss.net\/opac7\/bib\/4808824?lang=en\" target=\"_blank\">4808824<\/a>]<\/p>\n<p><a name=\"14\"><\/a><b> 14. <\/b> MARKU\u0160, Tadej<i>. Izra\u017eanje nekaterih genov, vpletenih v transport kalija in natrija glive Aureobasidium pullulans, v kvasovki Saccharomyces cerevisiae : magistrsko delo = Expression of selected genes from the fungus Aureobasidium pullulans involved in the potassium and sodium transport in the yeast Saccharomyces cerevisiae : M. Sc. Thesis<\/i>, (Biotehni\u0161ka fakulteta, Oddelek za \u017eivilstvo, Ljubljana, Magistrsko delo magistrskega \u0161tudija &#8211; 2. stopnja Mikrobiologija, 82). Ljubljana: [T. Marku\u0161], 2017. XI, 63 f., [7] f. pril., ilustr. <a class=\"red\" href=\"https:\/\/repozitorij.uni-lj.si\/IzpisGradiva.php?id=91421\"> https:\/\/repozitorij.uni-lj.si\/IzpisGradiva.php?id=91421<\/a>. [COBISS.SI-ID <a class=\"red\" href=\"https:\/\/plus.si.cobiss.net\/opac7\/bib\/4767864?lang=en\" target=\"_blank\">4767864<\/a>]<\/p>\n","protected":false},"excerpt":{"rendered":"<p>ARTICLES AND OTHER COMPONENT PARTS Published scientific conference contribution abstract (invited lecture) 1. GOSTIN\u010cAR, Cene, TURK, Martina, ZAJC, Janja, ZALAR, Polona, GUNDE-CIMERMAN, Nina. Fungi in the salterns &#8211; from halotolerance to halophily. V: MaFNaP 2017, 2nd International Conference of Marine Fungal Natural Products (MaFNaP), 27-29 June 2017, Kiel, Germany. [S. l.: s. n. 2017], str. [&hellip;]<\/p>\n","protected":false},"author":3,"featured_media":0,"parent":0,"menu_order":4,"comment_status":"closed","ping_status":"closed","template":"page-fullwidth.php","meta":{"jetpack_post_was_ever_published":false,"footnotes":""},"class_list":["post-30","page","type-page","status-publish","hentry"],"jetpack_sharing_enabled":true,"jetpack_shortlink":"https:\/\/wp.me\/P9J1Tb-u","jetpack-related-posts":[{"id":205,"url":"https:\/\/projects.nib.si\/aureoprotect\/project-plan\/","url_meta":{"origin":30,"position":0},"title":"Project plan","author":"janjaz","date":"14\/03\/2018","format":false,"excerpt":"The search for more efficient antagonistic strains against phytopathogens to support both the economic feasibility and practical efficiency of biocontrol methods is an ongoing process. The proposed project aims to identify and characterize new strains of A. pullulans or even new species of the genus Aureobasidium (for instance A. subglaciale)\u2026","rel":"","context":"Similar post","block_context":{"text":"Similar post","link":""},"img":{"alt_text":"","src":"","width":0,"height":0},"classes":[]}],"_links":{"self":[{"href":"https:\/\/projects.nib.si\/aureoprotect\/wp-json\/wp\/v2\/pages\/30","targetHints":{"allow":["GET"]}}],"collection":[{"href":"https:\/\/projects.nib.si\/aureoprotect\/wp-json\/wp\/v2\/pages"}],"about":[{"href":"https:\/\/projects.nib.si\/aureoprotect\/wp-json\/wp\/v2\/types\/page"}],"author":[{"embeddable":true,"href":"https:\/\/projects.nib.si\/aureoprotect\/wp-json\/wp\/v2\/users\/3"}],"replies":[{"embeddable":true,"href":"https:\/\/projects.nib.si\/aureoprotect\/wp-json\/wp\/v2\/comments?post=30"}],"version-history":[{"count":9,"href":"https:\/\/projects.nib.si\/aureoprotect\/wp-json\/wp\/v2\/pages\/30\/revisions"}],"predecessor-version":[{"id":213,"href":"https:\/\/projects.nib.si\/aureoprotect\/wp-json\/wp\/v2\/pages\/30\/revisions\/213"}],"wp:attachment":[{"href":"https:\/\/projects.nib.si\/aureoprotect\/wp-json\/wp\/v2\/media?parent=30"}],"curies":[{"name":"wp","href":"https:\/\/api.w.org\/{rel}","templated":true}]}}