{"id":50,"date":"2019-03-28T15:12:43","date_gmt":"2019-03-28T14:12:43","guid":{"rendered":"http:\/\/projects.nib.si\/projects-2\/?page_id=50"},"modified":"2022-05-24T13:42:51","modified_gmt":"2022-05-24T12:42:51","slug":"organizer","status":"publish","type":"page","link":"https:\/\/projects.nib.si\/biotremology2022\/organizer\/","title":{"rendered":"Organizing committee"},"content":{"rendered":"<h1>Convener<\/h1>\n<p><img loading=\"lazy\" decoding=\"async\" data-attachment-id=\"255\" data-permalink=\"https:\/\/projects.nib.si\/biotremology2022\/organizer\/metavirantdoberlet\/\" data-orig-file=\"https:\/\/projects.nib.si\/biotremology2022\/wp-content\/uploads\/sites\/41\/2019\/03\/MetaVirantDoberlet.jpg\" data-orig-size=\"800,800\" data-comments-opened=\"0\" data-image-meta=\"{&quot;aperture&quot;:&quot;4&quot;,&quot;credit&quot;:&quot;&quot;,&quot;camera&quot;:&quot;DSC-V3&quot;,&quot;caption&quot;:&quot;&quot;,&quot;created_timestamp&quot;:&quot;1151915869&quot;,&quot;copyright&quot;:&quot;&quot;,&quot;focal_length&quot;:&quot;28&quot;,&quot;iso&quot;:&quot;100&quot;,&quot;shutter_speed&quot;:&quot;0.005&quot;,&quot;title&quot;:&quot;&quot;,&quot;orientation&quot;:&quot;1&quot;}\" data-image-title=\"MetaVirantDoberlet\" data-image-description=\"\" data-image-caption=\"\" data-medium-file=\"https:\/\/projects.nib.si\/biotremology2022\/wp-content\/uploads\/sites\/41\/2019\/03\/MetaVirantDoberlet-300x300.jpg\" data-large-file=\"https:\/\/projects.nib.si\/biotremology2022\/wp-content\/uploads\/sites\/41\/2019\/03\/MetaVirantDoberlet.jpg\" class=\" wp-image-255 alignleft\" src=\"http:\/\/projects.nib.si\/projects-2\/wp-content\/uploads\/sites\/41\/2019\/03\/MetaVirantDoberlet-300x300.jpg\" alt=\"MetaVirantDoberlet\" width=\"205\" height=\"205\" srcset=\"https:\/\/projects.nib.si\/biotremology2022\/wp-content\/uploads\/sites\/41\/2019\/03\/MetaVirantDoberlet-300x300.jpg 300w, https:\/\/projects.nib.si\/biotremology2022\/wp-content\/uploads\/sites\/41\/2019\/03\/MetaVirantDoberlet-150x150.jpg 150w, https:\/\/projects.nib.si\/biotremology2022\/wp-content\/uploads\/sites\/41\/2019\/03\/MetaVirantDoberlet-768x768.jpg 768w, https:\/\/projects.nib.si\/biotremology2022\/wp-content\/uploads\/sites\/41\/2019\/03\/MetaVirantDoberlet-60x60.jpg 60w, https:\/\/projects.nib.si\/biotremology2022\/wp-content\/uploads\/sites\/41\/2019\/03\/MetaVirantDoberlet.jpg 800w\" sizes=\"auto, (max-width: 205px) 100vw, 205px\" \/><\/p>\n<p><strong><a href=\"http:\/\/www.nib.si\/eng\/index.php\/component\/directory\/?view=details&amp;id=141&amp;Itemid=12\" target=\"_blank\">Dr. Meta Virant-Doberlet<\/a><\/strong>, head of the Department of Organisms and Ecosystems Research at the National Institute of Biology Ljubljana (Slovenia). She received her PhD from University of Ljubljana. Having initially trained as an insect neurobiologist at Max-Planck Institute for Behavioural Physiology in Seewiesen, she is now focusing her research on all aspects of arthropod vibrational communication. She has been a Marie Curie fellow at the Cardiff University and is now the Head of the Department of Organisms and Ecosystems Research at the National Institute of Biology in Ljubljana where she uses leafhoppers as a model for studying interactions shaping the evolution of the vibrational communication channel.<\/p>\n<div>\n<p style=\"text-align: right;\"><strong>Contact:<\/strong><\/p>\n<p style=\"text-align: right;\">Dr. Meta Virant-Doberlet<br \/>\nDepartment of Organisms and Ecosystems Research<br \/>\nNational Institute of Biology<br \/>\nVe\u010dna pot 111<br \/>\nSI-1000 Ljubljana, Slovenia<br \/>\ne-mail: <a href=\"mailto:meta.virant@nib.si\">meta.virant@nib.si<\/a><br \/>\nwww: <a href=\"http:\/\/www.nib.si\/eng\/index.php\/component\/directory\/?view=details&amp;id=141&amp;Itemid=12\" target=\"_blank\">presentation (NIB)<\/a><br \/>\ntel: +386 (0)59 23 27 72<\/p>\n<\/div>\n<h1>Organizing team<\/h1>\n<div id=\"attachment_84\" style=\"width: 430px\" class=\"wp-caption alignright\"><img loading=\"lazy\" decoding=\"async\" aria-describedby=\"caption-attachment-84\" data-attachment-id=\"84\" data-permalink=\"https:\/\/projects.nib.si\/biotremology2022\/organizer\/img_2083\/\" data-orig-file=\"https:\/\/projects.nib.si\/biotremology2022\/wp-content\/uploads\/sites\/41\/2019\/04\/IMG_2083.jpg\" data-orig-size=\"2936,2236\" data-comments-opened=\"0\" data-image-meta=\"{&quot;aperture&quot;:&quot;4&quot;,&quot;credit&quot;:&quot;&quot;,&quot;camera&quot;:&quot;Canon PowerShot SX60 HS&quot;,&quot;caption&quot;:&quot;&quot;,&quot;created_timestamp&quot;:&quot;1554714197&quot;,&quot;copyright&quot;:&quot;&quot;,&quot;focal_length&quot;:&quot;4.281&quot;,&quot;iso&quot;:&quot;200&quot;,&quot;shutter_speed&quot;:&quot;0.016666666666667&quot;,&quot;title&quot;:&quot;&quot;,&quot;orientation&quot;:&quot;1&quot;}\" data-image-title=\"IMG_2083\" data-image-description=\"\" data-image-caption=\"\" data-medium-file=\"https:\/\/projects.nib.si\/biotremology2022\/wp-content\/uploads\/sites\/41\/2019\/04\/IMG_2083-300x228.jpg\" data-large-file=\"https:\/\/projects.nib.si\/biotremology2022\/wp-content\/uploads\/sites\/41\/2019\/04\/IMG_2083-1024x780.jpg\" class=\"wp-image-84\" src=\"http:\/\/projects.nib.si\/projects-2\/wp-content\/uploads\/sites\/41\/2019\/04\/IMG_2083-300x228.jpg\" alt=\"IMG_2083\" width=\"420\" height=\"319\" srcset=\"https:\/\/projects.nib.si\/biotremology2022\/wp-content\/uploads\/sites\/41\/2019\/04\/IMG_2083-300x228.jpg 300w, https:\/\/projects.nib.si\/biotremology2022\/wp-content\/uploads\/sites\/41\/2019\/04\/IMG_2083-768x585.jpg 768w, https:\/\/projects.nib.si\/biotremology2022\/wp-content\/uploads\/sites\/41\/2019\/04\/IMG_2083-1024x780.jpg 1024w\" sizes=\"auto, (max-width: 420px) 100vw, 420px\" \/><p id=\"caption-attachment-84\" class=\"wp-caption-text\">The core organizing team from the Department of Organisms and Ecosystems Research<\/p><\/div>\n<p>Dr. Meta Virant-Doberlet, convener<\/p>\n<p>Other team members, in alphabetical order<\/p>\n<ul>\n<li><a href=\"http:\/\/www.nib.si\/eng\/index.php\/component\/directory\/?view=details&amp;id=278&amp;Itemid=12\" target=\"_blank\">Dr. Klemen \u010candek<\/a><\/li>\n<li><a href=\"http:\/\/www.nib.si\/eng\/index.php\/component\/directory\/?view=details&amp;id=282&amp;Itemid=12\" target=\"_blank\">Rok Jan\u017ea<\/a><\/li>\n<li><a href=\"http:\/\/www.nib.si\/eng\/index.php\/component\/directory\/?view=details&amp;id=209&amp;Itemid=12\" target=\"_blank\">Dr. Anka Kuhelj<\/a><\/li>\n<li><a href=\"http:\/\/www.nib.si\/component\/directory\/?view=details&amp;id=314&amp;Itemid=12\" target=\"_blank\">Juan Jos\u00e9 L\u00f3pez D\u00edez<\/a><\/li>\n<li><a href=\"http:\/\/www.nib.si\/eng\/index.php\/component\/directory\/?view=details&amp;id=244&amp;Itemid=12\" target=\"_blank\">Dr. Jernej Polajnar<\/a><\/li>\n<li><a href=\"http:\/\/www.nib.si\/eng\/index.php\/component\/directory\/?view=details&amp;id=137&amp;Itemid=12\" target=\"_blank\">Dr. Nata\u0161a Stritih Peljhan<\/a><\/li>\n<li><a href=\"http:\/\/www.nib.si\/eng\/index.php\/component\/directory\/?view=details&amp;id=245&amp;Itemid=12\" target=\"_blank\">Dr. Rok \u0160turm<\/a><\/li>\n<\/ul>\n<p>&nbsp;<\/p>\n<p>&nbsp;<\/p>\n<p>&nbsp;<\/p>\n<h1>National Institute of Biology<\/h1>\n<p><img loading=\"lazy\" decoding=\"async\" data-attachment-id=\"57\" data-permalink=\"https:\/\/projects.nib.si\/biotremology2022\/organizer\/niibhq\/\" data-orig-file=\"https:\/\/projects.nib.si\/biotremology2022\/wp-content\/uploads\/sites\/41\/2019\/03\/NIIBHQ.jpg\" data-orig-size=\"564,352\" data-comments-opened=\"0\" data-image-meta=\"{&quot;aperture&quot;:&quot;0&quot;,&quot;credit&quot;:&quot;&quot;,&quot;camera&quot;:&quot;&quot;,&quot;caption&quot;:&quot;&quot;,&quot;created_timestamp&quot;:&quot;0&quot;,&quot;copyright&quot;:&quot;&quot;,&quot;focal_length&quot;:&quot;0&quot;,&quot;iso&quot;:&quot;0&quot;,&quot;shutter_speed&quot;:&quot;0&quot;,&quot;title&quot;:&quot;&quot;,&quot;orientation&quot;:&quot;0&quot;}\" data-image-title=\"NIIBHQ\" data-image-description=\"\" data-image-caption=\"\" data-medium-file=\"https:\/\/projects.nib.si\/biotremology2022\/wp-content\/uploads\/sites\/41\/2019\/03\/NIIBHQ-300x187.jpg\" data-large-file=\"https:\/\/projects.nib.si\/biotremology2022\/wp-content\/uploads\/sites\/41\/2019\/03\/NIIBHQ.jpg\" class=\"size-medium wp-image-57 alignleft\" src=\"http:\/\/projects.nib.si\/projects-2\/wp-content\/uploads\/sites\/41\/2019\/03\/NIIBHQ-300x187.jpg\" alt=\"NIB HQ\" width=\"300\" height=\"187\" srcset=\"https:\/\/projects.nib.si\/biotremology2022\/wp-content\/uploads\/sites\/41\/2019\/03\/NIIBHQ-300x187.jpg 300w, https:\/\/projects.nib.si\/biotremology2022\/wp-content\/uploads\/sites\/41\/2019\/03\/NIIBHQ.jpg 564w\" sizes=\"auto, (max-width: 300px) 100vw, 300px\" \/>The conference will be organized by the National Institute of Biology, Ljubljana, Slovenia. With about 180 employees, National Institute of Biology (NIB) is the largest independent Public Research Institution for Life Sciences in Slovenia. The Institute was established by the Government of the Republic of Slovenia in 1960. The basic activity of the Institute has been and continues to be basic, developmental and applicative research in the fields of biotechnology, biophysics, biomedicine, systems biology and ecology.<\/p>\n","protected":false},"excerpt":{"rendered":"<p>Convener Dr. Meta Virant-Doberlet, head of the Department of Organisms and Ecosystems Research at the National Institute of Biology Ljubljana (Slovenia). She received her PhD from University of Ljubljana. Having initially trained as an insect neurobiologist at Max-Planck Institute for Behavioural Physiology in Seewiesen, she is now focusing her research on all aspects of arthropod [&hellip;]<\/p>\n","protected":false},"author":23,"featured_media":0,"parent":0,"menu_order":0,"comment_status":"closed","ping_status":"closed","template":"","meta":{"jetpack_post_was_ever_published":false,"footnotes":""},"class_list":["post-50","page","type-page","status-publish","hentry"],"jetpack_sharing_enabled":true,"jetpack_shortlink":"https:\/\/wp.me\/PbKUFS-O","_links":{"self":[{"href":"https:\/\/projects.nib.si\/biotremology2022\/wp-json\/wp\/v2\/pages\/50","targetHints":{"allow":["GET"]}}],"collection":[{"href":"https:\/\/projects.nib.si\/biotremology2022\/wp-json\/wp\/v2\/pages"}],"about":[{"href":"https:\/\/projects.nib.si\/biotremology2022\/wp-json\/wp\/v2\/types\/page"}],"author":[{"embeddable":true,"href":"https:\/\/projects.nib.si\/biotremology2022\/wp-json\/wp\/v2\/users\/23"}],"replies":[{"embeddable":true,"href":"https:\/\/projects.nib.si\/biotremology2022\/wp-json\/wp\/v2\/comments?post=50"}],"version-history":[{"count":30,"href":"https:\/\/projects.nib.si\/biotremology2022\/wp-json\/wp\/v2\/pages\/50\/revisions"}],"predecessor-version":[{"id":525,"href":"https:\/\/projects.nib.si\/biotremology2022\/wp-json\/wp\/v2\/pages\/50\/revisions\/525"}],"wp:attachment":[{"href":"https:\/\/projects.nib.si\/biotremology2022\/wp-json\/wp\/v2\/media?parent=50"}],"curies":[{"name":"wp","href":"https:\/\/api.w.org\/{rel}","templated":true}]}}