{"id":792,"date":"2025-12-14T19:20:05","date_gmt":"2025-12-14T18:20:05","guid":{"rendered":"https:\/\/projects.nib.si\/citimon\/?page_id=792"},"modified":"2025-12-22T10:07:05","modified_gmt":"2025-12-22T09:07:05","slug":"kako-sodelovati","status":"publish","type":"page","link":"https:\/\/projects.nib.si\/citimon\/kako-sodelovati\/","title":{"rendered":"Kako sodelovati"},"content":{"rendered":"\n<p>Projekt bo potekal v dveh fazah: v prvi fazi bomo med interesente razdelili avtonomne snemalnike zvoka Audiomoth, ki jih bodo nastavili ob robu mokri\u0161\u010da v svoji okolici, tisti najbolj zagreti pa bodo zvo\u010dne posnetke z na\u0161o pomo\u010djo tudi pregledali in v njih poiskali ogla\u0161anje \u017eab ter dolo\u010dili vrste.<\/p>\n\n\n\n<p>Podatki bodo uporabni za bele\u017eenje prisotnosti in aktivnosti \u017eab ter krasta\u010d v razli\u010dnih delih Slovenije, s \u010dimer bodo pripomogli k poznavanju in varovanju teh prebivalcev voda. <\/p>\n\n\n\n<h2 class=\"wp-block-heading\"><strong>Snemanje<\/strong><\/h2>\n\n\n\n<p>Aktivnost bo temeljila na uporabi nizkocenovnih avtonomnih snemalnikov zvoka <a href=\"https:\/\/www.openacousticdevices.info\/audiomoth\">Audiomoth<\/a>. Vsak udele\u017eenec bo prejel svoj snemalnik, baterije, spominsko kartico in navodila za uporabo. Snemalnik bo nastavil ob robu mokri\u0161\u010da (bajerja, jezera, mo\u010dvirja ipd.), kjer je \u017ee sli\u0161al \u017eabe ali krasta\u010de oz. meni, da bi tam morale biti. Strokovnjaki projekta bodo pregledali postavitev in svetovali morebitno bolj\u0161e mesto. Snemalnik bo nato nekaj tednov bele\u017eil vse zvoke iz okolice na spominsko kartico. Po obdobju snemanja bo udele\u017eenec pobral in izklju\u010dil snemalnik ter nam dostavil zvo\u010dne posnetke na enega od na\u010dinov, ki jih bomo dali na voljo.<\/p>\n\n\n\n<p>Vas \u017eabje ogla\u0161anje zanima in bi \u017eeleli izvedeti, katere vrste \u017eab so v va\u0161i okolici? Vabljeni, da s <strong><a href=\"https:\/\/projects.nib.si\/citimon\/prijava\">prijavo prek prijavnega obrazca<\/a><\/strong> izrazite svoj interes.<\/p>\n\n\n\n<p>\u0160tevilo snemalnikov je omejeno. Prednost bodo imeli interesenti, ki se bodo prej prijavili, ki bodo sami predlagali kraj postavitve in ki se bodo udele\u017eili delavnice uporabe snemalnikov, ki bo 9. februarja 2026 v Cankarjevi knji\u017enici Vrhnika. Dodatne informacije bodo prijavljeni dobili po elektronski po\u0161ti.<\/p>\n\n\n\n<h2 class=\"wp-block-heading\"><strong>Pregledovanje posnetkov<\/strong><\/h2>\n\n\n\n<p>Zbrane posnetke bomo pregledali z ra\u010dunalnikom in v njih iskali ter bele\u017eili ogla\u0161anje \u017eab. Ve\u010d o tej aktivnosti bomo napisali v kratkem.<\/p>\n","protected":false},"excerpt":{"rendered":"<p>Projekt bo potekal v dveh fazah: v prvi fazi bomo med interesente razdelili avtonomne snemalnike zvoka Audiomoth, ki jih bodo nastavili ob robu mokri\u0161\u010da v svoji okolici, tisti najbolj zagreti pa bodo zvo\u010dne posnetke z na\u0161o pomo\u010djo tudi pregledali in v njih poiskali ogla\u0161anje \u017eab ter dolo\u010dili vrste. Podatki bodo uporabni za bele\u017eenje prisotnosti in [&hellip;]<\/p>\n","protected":false},"author":23,"featured_media":0,"parent":0,"menu_order":0,"comment_status":"closed","ping_status":"closed","template":"","meta":{"jetpack_post_was_ever_published":false,"footnotes":""},"class_list":["post-792","page","type-page","status-publish","hentry"],"jetpack_sharing_enabled":true,"jetpack_shortlink":"https:\/\/wp.me\/Ph8N9X-cM","_links":{"self":[{"href":"https:\/\/projects.nib.si\/citimon\/wp-json\/wp\/v2\/pages\/792","targetHints":{"allow":["GET"]}}],"collection":[{"href":"https:\/\/projects.nib.si\/citimon\/wp-json\/wp\/v2\/pages"}],"about":[{"href":"https:\/\/projects.nib.si\/citimon\/wp-json\/wp\/v2\/types\/page"}],"author":[{"embeddable":true,"href":"https:\/\/projects.nib.si\/citimon\/wp-json\/wp\/v2\/users\/23"}],"replies":[{"embeddable":true,"href":"https:\/\/projects.nib.si\/citimon\/wp-json\/wp\/v2\/comments?post=792"}],"version-history":[{"count":3,"href":"https:\/\/projects.nib.si\/citimon\/wp-json\/wp\/v2\/pages\/792\/revisions"}],"predecessor-version":[{"id":807,"href":"https:\/\/projects.nib.si\/citimon\/wp-json\/wp\/v2\/pages\/792\/revisions\/807"}],"wp:attachment":[{"href":"https:\/\/projects.nib.si\/citimon\/wp-json\/wp\/v2\/media?parent=792"}],"curies":[{"name":"wp","href":"https:\/\/api.w.org\/{rel}","templated":true}]}}