{"id":99,"date":"2016-04-12T21:19:30","date_gmt":"2016-04-12T20:19:30","guid":{"rendered":"http:\/\/projects.nib.si\/fdgameplan\/?page_id=99"},"modified":"2022-10-27T09:25:15","modified_gmt":"2022-10-27T08:25:15","slug":"povezave","status":"publish","type":"page","link":"https:\/\/projects.nib.si\/fdgameplan\/povezave\/","title":{"rendered":"Povezave"},"content":{"rendered":"<p>Pripomo\u010dek za prepoznavanje razli\u010dnih razvojnih stadijev amperi\u0161kega \u0161kr\u017eatka:<\/p>\n<p><a href=\"http:\/\/projects.nib.si\/fdgameplan\/wp-content\/uploads\/sites\/46\/2016\/04\/fotografije-preimaginalni-stadiji-imago-A\u0160.pdf\" rel=\"\">fotografije preimaginalnih stadijev in imago ameri\u0161kega \u0161kr\u017eatka<\/a><\/p>\n<p>Povezave na druge strani z opisom projekta:<\/p>\n<p><a href=\"https:\/\/www.nib.si\/projektinib?view=project&amp;id=424\" target=\"_blank\">NIB &#8211; projekti<\/a><\/p>\n","protected":false},"excerpt":{"rendered":"<p>Pripomo\u010dek za prepoznavanje razli\u010dnih razvojnih stadijev amperi\u0161kega \u0161kr\u017eatka: fotografije preimaginalnih stadijev in imago ameri\u0161kega \u0161kr\u017eatka Povezave na druge strani z opisom projekta: NIB &#8211; projekti<\/p>\n","protected":false},"author":3,"featured_media":0,"parent":0,"menu_order":6,"comment_status":"closed","ping_status":"closed","template":"page-fullwidth.php","meta":{"jetpack_post_was_ever_published":false,"footnotes":""},"class_list":["post-99","page","type-page","status-publish","hentry"],"jetpack_sharing_enabled":true,"jetpack_shortlink":"https:\/\/wp.me\/P7OqMV-1B","jetpack-related-posts":[],"_links":{"self":[{"href":"https:\/\/projects.nib.si\/fdgameplan\/wp-json\/wp\/v2\/pages\/99","targetHints":{"allow":["GET"]}}],"collection":[{"href":"https:\/\/projects.nib.si\/fdgameplan\/wp-json\/wp\/v2\/pages"}],"about":[{"href":"https:\/\/projects.nib.si\/fdgameplan\/wp-json\/wp\/v2\/types\/page"}],"author":[{"embeddable":true,"href":"https:\/\/projects.nib.si\/fdgameplan\/wp-json\/wp\/v2\/users\/3"}],"replies":[{"embeddable":true,"href":"https:\/\/projects.nib.si\/fdgameplan\/wp-json\/wp\/v2\/comments?post=99"}],"version-history":[{"count":13,"href":"https:\/\/projects.nib.si\/fdgameplan\/wp-json\/wp\/v2\/pages\/99\/revisions"}],"predecessor-version":[{"id":447,"href":"https:\/\/projects.nib.si\/fdgameplan\/wp-json\/wp\/v2\/pages\/99\/revisions\/447"}],"wp:attachment":[{"href":"https:\/\/projects.nib.si\/fdgameplan\/wp-json\/wp\/v2\/media?parent=99"}],"curies":[{"name":"wp","href":"https:\/\/api.w.org\/{rel}","templated":true}]}}