{"id":201,"date":"2018-03-15T15:49:31","date_gmt":"2018-03-15T14:49:31","guid":{"rendered":"http:\/\/projects.nib.si\/ingrapa\/?page_id=201"},"modified":"2018-08-23T08:30:40","modified_gmt":"2018-08-23T07:30:40","slug":"deliverables","status":"publish","type":"page","link":"https:\/\/projects.nib.si\/ingrapa\/deliverables\/","title":{"rendered":"Deliverables"},"content":{"rendered":"<p><strong>D1: Predicted route of BNp spreading<\/strong><\/p>\n<p>D1.1<\/p>\n<p>Slovenian BNp strain characterization:<\/p>\n<p>VIDMAR, Sara<i>. Molekulska raznolikost populacij fitoplazme &#8216;Candidatus Phytoplasma solani&#8217; v slovenskih vinorodnih de\u017eelah : magistrsko delo = Molecular diversity of populations phytoplasmA &#8216;Candidatus Phytoplasma solani&#8217; in Slovene grapevine regions : M. Sc. Thesis<\/i>, (Biotehni\u0161ka fakulteta, Oddelek za \u017eivilstvo, Ljubljana, Magistrsko delo magistrskega \u0161tudija &#8211; 2. stopnja Mikrobiologija, 103). Ljubljana: [S. Vidmar], 2017. X, 36 f., [6] f. pril., ilustr. <a class=\"red\" href=\"https:\/\/repozitorij.uni-lj.si\/IzpisGradiva.php?id=96391\"><span style=\"color: #0066cc\"> https:\/\/repozitorij.uni-lj.si\/IzpisGradiva.php?id=96391<\/span><\/a>. [COBISS.SI-ID <a class=\"red\" href=\"https:\/\/plus.si.cobiss.net\/opac7\/bib\/4821112?lang=sl\" target=\"_blank\"><span style=\"color: #0066cc\">4821112<\/span><\/a>]<\/p>\n<p><strong>D5: Established axenic culture of FDp and BNp<\/strong><\/p>\n<p><strong><a href=\"http:\/\/projects.nib.si\/ingrapa\/deliverables\/phytoplasma-media-and-isolation-protocol\/\" rel=\"attachment wp-att-217\">D.5 Phytoplasma media and isolation protocol<\/a><\/strong><\/p>\n<p><strong>D 7: Estimated candidate effectors, their localization and possibly potential interactors<\/strong><\/p>\n<div style=\"width: 1024px;\" class=\"wp-video\"><video class=\"wp-video-shortcode\" id=\"video-201-1\" width=\"1024\" height=\"1024\" preload=\"metadata\" controls=\"controls\"><source type=\"video\/mp4\" src=\"http:\/\/projects.nib.si\/ingrapa\/wp-content\/uploads\/sites\/9\/2018\/03\/part.mp4?_=1\" \/><a href=\"http:\/\/projects.nib.si\/ingrapa\/wp-content\/uploads\/sites\/9\/2018\/03\/part.mp4\">http:\/\/projects.nib.si\/ingrapa\/wp-content\/uploads\/sites\/9\/2018\/03\/part.mp4<\/a><\/video><\/div>\n<p>Cell of <em>Nicotiana benthamiana<\/em> transformed with GFP.<\/p>\n<div style=\"width: 512px;\" class=\"wp-video\"><video class=\"wp-video-shortcode\" id=\"video-201-2\" width=\"512\" height=\"512\" preload=\"metadata\" controls=\"controls\"><source type=\"video\/mp4\" src=\"http:\/\/projects.nib.si\/ingrapa\/wp-content\/uploads\/sites\/9\/2018\/03\/ph06SLAB\u0160I.mp4?_=2\" \/><a href=\"http:\/\/projects.nib.si\/ingrapa\/wp-content\/uploads\/sites\/9\/2018\/03\/ph06SLAB\u0160I.mp4\">http:\/\/projects.nib.si\/ingrapa\/wp-content\/uploads\/sites\/9\/2018\/03\/ph06SLAB\u0160I.mp4<\/a><\/video><\/div>\n<p>Multiple cells of <em>Nicotiana benthamiana<\/em> transformed with phytoplasma BNp effector PoStoSP06.<\/p>\n<div style=\"width: 1024px;\" class=\"wp-video\"><video class=\"wp-video-shortcode\" id=\"video-201-3\" width=\"1024\" height=\"1024\" preload=\"metadata\" controls=\"controls\"><source type=\"video\/mp4\" src=\"http:\/\/projects.nib.si\/ingrapa\/wp-content\/uploads\/sites\/9\/2018\/03\/PH6LEP\u0160Iposnetek.mp4?_=3\" \/><a href=\"http:\/\/projects.nib.si\/ingrapa\/wp-content\/uploads\/sites\/9\/2018\/03\/PH6LEP\u0160Iposnetek.mp4\">http:\/\/projects.nib.si\/ingrapa\/wp-content\/uploads\/sites\/9\/2018\/03\/PH6LEP\u0160Iposnetek.mp4<\/a><\/video><\/div>\n<p>Single cell\u00a0of <em>Nicotiana benthamiana<\/em> transformed with phytoplasma BNp effector PoStoSP06.<\/p>\n<div style=\"width: 512px;\" class=\"wp-video\"><video class=\"wp-video-shortcode\" id=\"video-201-4\" width=\"512\" height=\"512\" preload=\"metadata\" controls=\"controls\"><source type=\"video\/mp4\" src=\"http:\/\/projects.nib.si\/ingrapa\/wp-content\/uploads\/sites\/9\/2018\/03\/PosnetekPH04.mp4?_=4\" \/><a href=\"http:\/\/projects.nib.si\/ingrapa\/wp-content\/uploads\/sites\/9\/2018\/03\/PosnetekPH04.mp4\">http:\/\/projects.nib.si\/ingrapa\/wp-content\/uploads\/sites\/9\/2018\/03\/PosnetekPH04.mp4<\/a><\/video><\/div>\n<p>Single cell\u00a0of <em>Nicotiana benthamiana<\/em> transformed with phytoplasma BNp effector PoStoSP04.<\/p>\n<div style=\"width: 512px;\" class=\"wp-video\"><video class=\"wp-video-shortcode\" id=\"video-201-5\" width=\"512\" height=\"512\" preload=\"metadata\" controls=\"controls\"><source type=\"video\/mp4\" src=\"http:\/\/projects.nib.si\/ingrapa\/wp-content\/uploads\/sites\/9\/2018\/03\/posnetekPH13.mp4?_=5\" \/><a href=\"http:\/\/projects.nib.si\/ingrapa\/wp-content\/uploads\/sites\/9\/2018\/03\/posnetekPH13.mp4\">http:\/\/projects.nib.si\/ingrapa\/wp-content\/uploads\/sites\/9\/2018\/03\/posnetekPH13.mp4<\/a><\/video><\/div>\n<p>Single cell\u00a0of <em>Nicotiana benthamiana<\/em> transformed with phytoplasma BNp effector PoStoSP13.<\/p>\n<div style=\"width: 1024px;\" class=\"wp-video\"><video class=\"wp-video-shortcode\" id=\"video-201-6\" width=\"1024\" height=\"1024\" preload=\"metadata\" controls=\"controls\"><source type=\"video\/mp4\" src=\"http:\/\/projects.nib.si\/ingrapa\/wp-content\/uploads\/sites\/9\/2018\/03\/PH14POSNETEK.mp4?_=6\" \/><a href=\"http:\/\/projects.nib.si\/ingrapa\/wp-content\/uploads\/sites\/9\/2018\/03\/PH14POSNETEK.mp4\">http:\/\/projects.nib.si\/ingrapa\/wp-content\/uploads\/sites\/9\/2018\/03\/PH14POSNETEK.mp4<\/a><\/video><\/div>\n<p>Single cell\u00a0of <em>Nicotiana benthamiana<\/em> transformed with phytoplasma BNp effector PoStoSP14.<\/p>\n<div style=\"width: 1024px;\" class=\"wp-video\"><video class=\"wp-video-shortcode\" id=\"video-201-7\" width=\"1024\" height=\"1024\" preload=\"metadata\" controls=\"controls\"><source type=\"video\/mp4\" src=\"http:\/\/projects.nib.si\/ingrapa\/wp-content\/uploads\/sites\/9\/2018\/03\/PH10posnetek.mp4?_=7\" \/><a href=\"http:\/\/projects.nib.si\/ingrapa\/wp-content\/uploads\/sites\/9\/2018\/03\/PH10posnetek.mp4\">http:\/\/projects.nib.si\/ingrapa\/wp-content\/uploads\/sites\/9\/2018\/03\/PH10posnetek.mp4<\/a><\/video><\/div>\n<p>Single cell\u00a0of <em>Nicotiana benthamiana<\/em> transformed with phytoplasma BNp effector PoStoSP18.<\/p>\n<div style=\"width: 1024px;\" class=\"wp-video\"><video class=\"wp-video-shortcode\" id=\"video-201-8\" width=\"1024\" height=\"1024\" preload=\"metadata\" controls=\"controls\"><source type=\"video\/mp4\" src=\"http:\/\/projects.nib.si\/ingrapa\/wp-content\/uploads\/sites\/9\/2018\/03\/PH28posnetek.mp4?_=8\" \/><a href=\"http:\/\/projects.nib.si\/ingrapa\/wp-content\/uploads\/sites\/9\/2018\/03\/PH28posnetek.mp4\">http:\/\/projects.nib.si\/ingrapa\/wp-content\/uploads\/sites\/9\/2018\/03\/PH28posnetek.mp4<\/a><\/video><\/div>\n<p>Single cell\u00a0of <em>Nicotiana benthamiana<\/em> transformed with phytoplasma BNp effector PoStoSP28.<\/p>\n<p><strong>D10: Determination of novel resistance breeding targets<\/strong><\/p>\n<p>ROTTER, Ana, NIKOLI\u0106, Petra, TURN\u0160EK, Ne\u017ea, KOGOV\u0160EK, Polona, BLEJEC, Andrej, GRUDEN, Kristina, DERMASTIA, Marina. Statistical modeling of long-term grapevine response to &#8220;<em>Candidatus<\/em> Phytoplasma solani&#8221; infection in the field. <i>European journal of plant pathology<\/i>, ISSN 0929-1873, 2018, vol. 150, no. 3, 653\u2013668, doi: <a class=\"red\" href=\"https:\/\/doi.org\/10.1007\/s10658-017-1310-x\" target=\"doi\"><span style=\"color: #0066cc\">10.1007\/s10658-017-1310-x<\/span><\/a>. [COBISS.SI-ID <a class=\"red\" href=\"https:\/\/plus.si.cobiss.net\/opac7\/bib\/4396623?lang=sl\" target=\"_blank\"><span style=\"color: #0066cc\">4396623<\/span><\/a>]<\/p>\n<p>&nbsp;<\/p>\n<p>&nbsp;<\/p>\n","protected":false},"excerpt":{"rendered":"<p>D1: Predicted route of BNp spreading D1.1 Slovenian BNp strain characterization: VIDMAR, Sara. Molekulska raznolikost populacij fitoplazme &#8216;Candidatus Phytoplasma solani&#8217; v slovenskih vinorodnih de\u017eelah : magistrsko delo = Molecular diversity of populations phytoplasmA &#8216;Candidatus Phytoplasma solani&#8217; in Slovene grapevine regions : M. Sc. Thesis, (Biotehni\u0161ka fakulteta, Oddelek za \u017eivilstvo, Ljubljana, Magistrsko delo magistrskega \u0161tudija &#8211; [&hellip;]<\/p>\n","protected":false},"author":15,"featured_media":0,"parent":0,"menu_order":0,"comment_status":"closed","ping_status":"closed","template":"","meta":{"jetpack_post_was_ever_published":false,"footnotes":""},"class_list":["post-201","page","type-page","status-publish","hentry"],"jetpack_sharing_enabled":true,"jetpack_shortlink":"https:\/\/wp.me\/P7Rl1M-3f","jetpack-related-posts":[],"_links":{"self":[{"href":"https:\/\/projects.nib.si\/ingrapa\/wp-json\/wp\/v2\/pages\/201","targetHints":{"allow":["GET"]}}],"collection":[{"href":"https:\/\/projects.nib.si\/ingrapa\/wp-json\/wp\/v2\/pages"}],"about":[{"href":"https:\/\/projects.nib.si\/ingrapa\/wp-json\/wp\/v2\/types\/page"}],"author":[{"embeddable":true,"href":"https:\/\/projects.nib.si\/ingrapa\/wp-json\/wp\/v2\/users\/15"}],"replies":[{"embeddable":true,"href":"https:\/\/projects.nib.si\/ingrapa\/wp-json\/wp\/v2\/comments?post=201"}],"version-history":[{"count":15,"href":"https:\/\/projects.nib.si\/ingrapa\/wp-json\/wp\/v2\/pages\/201\/revisions"}],"predecessor-version":[{"id":236,"href":"https:\/\/projects.nib.si\/ingrapa\/wp-json\/wp\/v2\/pages\/201\/revisions\/236"}],"wp:attachment":[{"href":"https:\/\/projects.nib.si\/ingrapa\/wp-json\/wp\/v2\/media?parent=201"}],"curies":[{"name":"wp","href":"https:\/\/api.w.org\/{rel}","templated":true}]}}