{"id":40,"date":"2016-04-05T22:31:14","date_gmt":"2016-04-05T22:31:14","guid":{"rendered":"http:\/\/projects.nib.si\/mapquest\/?page_id=40"},"modified":"2025-03-31T08:31:42","modified_gmt":"2025-03-31T07:31:42","slug":"short-description","status":"publish","type":"page","link":"https:\/\/projects.nib.si\/mapquest\/","title":{"rendered":"O projektu"},"content":{"rendered":"<p><strong>Naslov projekta: Napredne strategije upravljanja karantenske bakterijske uvelosti koruze v Sloveniji (MapQuest)<\/strong><\/p>\n<p>Naziv te\u017ei\u0161\u010da v okviru CRP: 3. Kakovost \u017eivljenja, varna in zdrava hrana, krepitev gospodarske aktivnosti na pode\u017eelju<\/p>\n<p>\u0160ifra projekta: V4-2415<\/p>\n<p>Trajanje: 1.9.2024 &#8211; 31.8.2027<\/p>\n<p>Izhodi\u0161\u010da in opredelitev problema<\/p>\n<p><strong>Zakaj je koruza pomembna v Sloveniji?<\/strong><\/p>\n<p>Koruza je eno najpomembnej\u0161ih osnovnih \u017eivil in krmil v Sloveniji, kot tudi v mnogih drugih dr\u017eavah. Ohranjanje zdravja pridelka je klju\u010dno za stabilnost kmetijske proizvodnje.<\/p>\n<p><strong>Kaj je bakterijska uvelost koruze in zakaj je nevarna?<\/strong><\/p>\n<p>Bakterijsko uvelost koruze povzro\u010da bakterija <em>Pantoea stewartii<\/em> subsp. <em>stewartii<\/em>, ki lahko mo\u010dno zmanj\u0161a pridelke. Ta bakterija izvira iz Amerike, kjer jo u\u010dinkovito prena\u0161a koruzni bolha\u010d (<em>Chaetocnema pulicaria<\/em>), droben hro\u0161\u010dek, ki se prehranjuje z listi koruze in \u0161iri oku\u017ebo na zdrave rastline. \u010ceprav koruzni bolha\u010d ni prisoten v Evropi, bakterija velja za nadzorovan \u0161kodljivi organizem v EU, saj bi njena ustalitev imela resne posledice.<\/p>\n<p><strong>Kako se bolezen \u0161iri?<\/strong><\/p>\n<ul>\n<li><strong>Glavni gostitelj:<\/strong> Koruza, predvsem sladka koruza, je najbolj ob\u010dutljiva. Oku\u017eijo se lahko tudi sirek, trave in pleveli.<\/li>\n<li><strong>Na dolge razdalje:<\/strong> Bakterija se \u0161iri predvsem z oku\u017eenim semenom.<\/li>\n<li><strong>Na njivah:<\/strong> Prena\u0161alci, kot so \u017eu\u017eelke, igrajo klju\u010dno vlogo pri \u0161irjenju bolezni.<\/li>\n<\/ul>\n<p><strong>Kaj je bilo do sedaj storjenega v Sloveniji?<\/strong><\/p>\n<p>Od leta 2017 Slovenija izvaja programe spremljanja in diagnostike pod vodstvom Uprave za varno hrano, veterinarstvo in varstvo rastlin (UVHVVR), v sodelovanju s pregledniki Slu\u017ebe za varstvo rastlin in laboratorijem Nacionalnega in\u0161tituta za biologijo (NIB). Pregledi vklju\u010dujejo:<\/p>\n<ul>\n<li>Vizualne preglede njiv za znake bolezni.<\/li>\n<li>Laboratorijske analize odvzetih vzorcev z molekularnimi in mikrobiolo\u0161kimi metodami.<\/li>\n<\/ul>\n<p><strong>Kak\u0161no tveganje predstavlja bakterija?<\/strong><\/p>\n<p>Od leta 2018 so bile oku\u017ebe z <em>Pantoea stewartii<\/em> subsp. <em>stewartii<\/em> potrjene v Sloveniji, najve\u010d v Vipavski dolini, predvsem v rastlinah koruze namenjenih za sila\u017eo in v nekaterih drugih evropskih dr\u017eavah npr. v Italiji tudi v rastlinah koruze namenjenih za pridelavo semena. Glavno tveganje je ustalitev bakterije v Sloveniji in \u0161irjenje na najve\u010dja pridelovalna obmo\u010dja v severovzhodni Sloveniji.<\/p>\n<p><strong>Kaj nas \u0161\u010diti pred \u0161irjenjem bolezni?<\/strong><\/p>\n<p>Trenutno nas pred eksplozivnim \u0161irjenjem lo\u010di odsotnost u\u010dinkovitega prena\u0161alca, ki bi bakterijo lahko prezimil. V prihodnosti lahko tveganje predstavljajo:<\/p>\n<ul>\n<li>Uvoz koruznega bolha\u010da iz Amerike.<\/li>\n<li>Doma\u010de \u017eu\u017eelke, ki bi lahko postale prena\u0161alci ob stiku z bakterijo.<\/li>\n<\/ul>\n<p>Projekt \u0161t. V4-2415 (MapQuest) financira Javna agencija za raziskovalno dejavnost Republike Slovenije iz dr\u017eavnega prora\u010duna in sofinancer Ministrstvo za kmetijstvo, gozdarstvo in prehranu, Uprava Republike Slovenije za varno hrano, veterinarstvo in varstvo rastlin.<\/p>\n<p><a href=\"https:\/\/i0.wp.com\/projects.nib.si\/mapquest\/wp-content\/uploads\/sites\/61\/2024\/11\/Logo_Funders_ARISLogoSlo.png\"><img data-recalc-dims=\"1\" loading=\"lazy\" decoding=\"async\" data-attachment-id=\"480\" data-permalink=\"https:\/\/projects.nib.si\/mapquest\/short-description\/logo_funders_arislogoslo\/\" data-orig-file=\"https:\/\/i0.wp.com\/projects.nib.si\/mapquest\/wp-content\/uploads\/sites\/61\/2024\/11\/Logo_Funders_ARISLogoSlo.png?fit=17073%2C3458&amp;ssl=1\" data-orig-size=\"17073,3458\" data-comments-opened=\"1\" data-image-meta=\"{&quot;aperture&quot;:&quot;0&quot;,&quot;credit&quot;:&quot;&quot;,&quot;camera&quot;:&quot;&quot;,&quot;caption&quot;:&quot;&quot;,&quot;created_timestamp&quot;:&quot;0&quot;,&quot;copyright&quot;:&quot;&quot;,&quot;focal_length&quot;:&quot;0&quot;,&quot;iso&quot;:&quot;0&quot;,&quot;shutter_speed&quot;:&quot;0&quot;,&quot;title&quot;:&quot;&quot;,&quot;orientation&quot;:&quot;0&quot;}\" data-image-title=\"Logo_Funders_ARISLogoSlo\" data-image-description=\"\" data-image-caption=\"\" data-medium-file=\"https:\/\/i0.wp.com\/projects.nib.si\/mapquest\/wp-content\/uploads\/sites\/61\/2024\/11\/Logo_Funders_ARISLogoSlo.png?fit=300%2C61&amp;ssl=1\" data-large-file=\"https:\/\/i0.wp.com\/projects.nib.si\/mapquest\/wp-content\/uploads\/sites\/61\/2024\/11\/Logo_Funders_ARISLogoSlo.png?fit=1024%2C207&amp;ssl=1\" class=\"alignnone size-medium wp-image-480\" src=\"https:\/\/i0.wp.com\/projects.nib.si\/mapquest\/wp-content\/uploads\/sites\/61\/2024\/11\/Logo_Funders_ARISLogoSlo.png?resize=300%2C61\" alt=\"\" width=\"300\" height=\"61\" srcset=\"https:\/\/i0.wp.com\/projects.nib.si\/mapquest\/wp-content\/uploads\/sites\/61\/2024\/11\/Logo_Funders_ARISLogoSlo.png?resize=300%2C61&amp;ssl=1 300w, https:\/\/i0.wp.com\/projects.nib.si\/mapquest\/wp-content\/uploads\/sites\/61\/2024\/11\/Logo_Funders_ARISLogoSlo.png?resize=1024%2C207&amp;ssl=1 1024w, https:\/\/i0.wp.com\/projects.nib.si\/mapquest\/wp-content\/uploads\/sites\/61\/2024\/11\/Logo_Funders_ARISLogoSlo.png?resize=768%2C156&amp;ssl=1 768w, https:\/\/i0.wp.com\/projects.nib.si\/mapquest\/wp-content\/uploads\/sites\/61\/2024\/11\/Logo_Funders_ARISLogoSlo.png?resize=1536%2C311&amp;ssl=1 1536w, https:\/\/i0.wp.com\/projects.nib.si\/mapquest\/wp-content\/uploads\/sites\/61\/2024\/11\/Logo_Funders_ARISLogoSlo.png?resize=2048%2C415&amp;ssl=1 2048w, https:\/\/i0.wp.com\/projects.nib.si\/mapquest\/wp-content\/uploads\/sites\/61\/2024\/11\/Logo_Funders_ARISLogoSlo.png?w=3000 3000w\" sizes=\"auto, (max-width: 300px) 100vw, 300px\" \/><\/a><\/p>\n<p><a href=\"https:\/\/i0.wp.com\/projects.nib.si\/mapquest\/wp-content\/uploads\/sites\/61\/2025\/03\/Logo_UVHVVR.png\"><img data-recalc-dims=\"1\" loading=\"lazy\" decoding=\"async\" data-attachment-id=\"541\" data-permalink=\"https:\/\/projects.nib.si\/mapquest\/short-description\/logo_uvhvvr\/\" data-orig-file=\"https:\/\/i0.wp.com\/projects.nib.si\/mapquest\/wp-content\/uploads\/sites\/61\/2025\/03\/Logo_UVHVVR.png?fit=1476%2C472&amp;ssl=1\" data-orig-size=\"1476,472\" data-comments-opened=\"1\" data-image-meta=\"{&quot;aperture&quot;:&quot;0&quot;,&quot;credit&quot;:&quot;&quot;,&quot;camera&quot;:&quot;&quot;,&quot;caption&quot;:&quot;&quot;,&quot;created_timestamp&quot;:&quot;0&quot;,&quot;copyright&quot;:&quot;&quot;,&quot;focal_length&quot;:&quot;0&quot;,&quot;iso&quot;:&quot;0&quot;,&quot;shutter_speed&quot;:&quot;0&quot;,&quot;title&quot;:&quot;&quot;,&quot;orientation&quot;:&quot;0&quot;}\" data-image-title=\"Logo_UVHVVR\" data-image-description=\"\" data-image-caption=\"\" data-medium-file=\"https:\/\/i0.wp.com\/projects.nib.si\/mapquest\/wp-content\/uploads\/sites\/61\/2025\/03\/Logo_UVHVVR.png?fit=300%2C96&amp;ssl=1\" data-large-file=\"https:\/\/i0.wp.com\/projects.nib.si\/mapquest\/wp-content\/uploads\/sites\/61\/2025\/03\/Logo_UVHVVR.png?fit=1024%2C327&amp;ssl=1\" class=\"alignnone size-medium wp-image-541\" src=\"https:\/\/i0.wp.com\/projects.nib.si\/mapquest\/wp-content\/uploads\/sites\/61\/2025\/03\/Logo_UVHVVR.png?resize=300%2C96\" alt=\"\" width=\"300\" height=\"96\" srcset=\"https:\/\/i0.wp.com\/projects.nib.si\/mapquest\/wp-content\/uploads\/sites\/61\/2025\/03\/Logo_UVHVVR.png?resize=300%2C96&amp;ssl=1 300w, https:\/\/i0.wp.com\/projects.nib.si\/mapquest\/wp-content\/uploads\/sites\/61\/2025\/03\/Logo_UVHVVR.png?resize=1024%2C327&amp;ssl=1 1024w, https:\/\/i0.wp.com\/projects.nib.si\/mapquest\/wp-content\/uploads\/sites\/61\/2025\/03\/Logo_UVHVVR.png?resize=768%2C246&amp;ssl=1 768w, https:\/\/i0.wp.com\/projects.nib.si\/mapquest\/wp-content\/uploads\/sites\/61\/2025\/03\/Logo_UVHVVR.png?w=1476&amp;ssl=1 1476w\" sizes=\"auto, (max-width: 300px) 100vw, 300px\" \/><\/a><\/p>\n","protected":false},"excerpt":{"rendered":"<p>Naslov projekta: Napredne strategije upravljanja karantenske bakterijske uvelosti koruze v Sloveniji (MapQuest) Naziv te\u017ei\u0161\u010da v okviru CRP: 3. Kakovost \u017eivljenja, varna in zdrava hrana, krepitev gospodarske aktivnosti na pode\u017eelju \u0160ifra projekta: V4-2415 Trajanje: 1.9.2024 &#8211; 31.8.2027 Izhodi\u0161\u010da in opredelitev problema Zakaj je koruza pomembna v Sloveniji? Koruza je eno najpomembnej\u0161ih osnovnih \u017eivil in krmil v [&hellip;]<\/p>\n","protected":false},"author":16,"featured_media":0,"parent":0,"menu_order":1,"comment_status":"closed","ping_status":"closed","template":"","meta":{"jetpack_post_was_ever_published":false,"footnotes":""},"class_list":["post-40","page","type-page","status-publish","hentry"],"jetpack_sharing_enabled":true,"jetpack_shortlink":"https:\/\/wp.me\/Pg0nFQ-E","jetpack-related-posts":[{"id":14,"url":"https:\/\/projects.nib.si\/mapquest\/summary\/","url_meta":{"origin":40,"position":0},"title":"Cilji projekta","author":"tanjad","date":"05\/04\/2016","format":false,"excerpt":"Da bi prepre\u010dili ustalitev in \u0161irjenje bolezni, je potrebno zapolniti klju\u010dne vrzeli v znanju.Med glavnimi vpra\u0161anji so: Od kod prihajajo oku\u017ebe? Ali bakterijo prena\u0161ajo \u017eu\u017eelke v Sloveniji? Specifi\u010dni cilji projekta: Inventarizacija plevelnih gostiteljskih rastlin:Prepoznati gostitelje na obmo\u010djih z visokim tveganjem za ustalitev bolezni. Raziskave potencialnih prena\u0161alcev:Spremljati in analizirati prisotne \u017eu\u017eelke\u2026","rel":"","context":"Similar post","block_context":{"text":"Similar post","link":""},"img":{"alt_text":"","src":"","width":0,"height":0},"classes":[]},{"id":99,"url":"https:\/\/projects.nib.si\/mapquest\/links\/","url_meta":{"origin":40,"position":1},"title":"Povezave","author":"tanjad","date":"12\/04\/2016","format":false,"excerpt":"Stran projekta v Informacijskem sistemu o raziskovalni dejavnosti v Sloveniji (SICRIS)","rel":"","context":"Similar post","block_context":{"text":"Similar post","link":""},"img":{"alt_text":"","src":"","width":0,"height":0},"classes":[]},{"id":43,"url":"https:\/\/projects.nib.si\/mapquest\/contacts\/","url_meta":{"origin":40,"position":2},"title":"Kontakt","author":"ablejec","date":"05\/04\/2016","format":false,"excerpt":"Vodja projekta dr. Tanja Dreo Nacionalni in\u0161titut za biologijo Ve\u010dna pot 121 SI-1000 Ljubljana Slovenia Send a private message to Tanja:","rel":"","context":"Similar post","block_context":{"text":"Similar post","link":""},"img":{"alt_text":"","src":"","width":0,"height":0},"classes":[]},{"id":253,"url":"https:\/\/projects.nib.si\/mapquest\/partners-2\/","url_meta":{"origin":40,"position":3},"title":"Partnerji","author":"Marko Petek","date":"06\/03\/2017","format":false,"excerpt":"V projektu sodelujejo partnerji, ki zdru\u017eujejo znanja o povzro\u010diteljih bolezni z dolgoletnimi izku\u0161njami s podro\u010dja laboratorijskih testov in aktivnosti na podro\u010dju varstva rastlin. Projekt koordinira Nacionalni in\u0161titut za biologijo.","rel":"","context":"Similar post","block_context":{"text":"Similar post","link":""},"img":{"alt_text":"","src":"https:\/\/i0.wp.com\/projects.nib.si\/mapquest\/wp-content\/uploads\/sites\/61\/2024\/11\/Logo_Partners_LOGO-NIB-RGB-300x36.png?resize=350%2C200","width":350,"height":200},"classes":[]}],"_links":{"self":[{"href":"https:\/\/projects.nib.si\/mapquest\/wp-json\/wp\/v2\/pages\/40","targetHints":{"allow":["GET"]}}],"collection":[{"href":"https:\/\/projects.nib.si\/mapquest\/wp-json\/wp\/v2\/pages"}],"about":[{"href":"https:\/\/projects.nib.si\/mapquest\/wp-json\/wp\/v2\/types\/page"}],"author":[{"embeddable":true,"href":"https:\/\/projects.nib.si\/mapquest\/wp-json\/wp\/v2\/users\/16"}],"replies":[{"embeddable":true,"href":"https:\/\/projects.nib.si\/mapquest\/wp-json\/wp\/v2\/comments?post=40"}],"version-history":[{"count":27,"href":"https:\/\/projects.nib.si\/mapquest\/wp-json\/wp\/v2\/pages\/40\/revisions"}],"predecessor-version":[{"id":542,"href":"https:\/\/projects.nib.si\/mapquest\/wp-json\/wp\/v2\/pages\/40\/revisions\/542"}],"wp:attachment":[{"href":"https:\/\/projects.nib.si\/mapquest\/wp-json\/wp\/v2\/media?parent=40"}],"curies":[{"name":"wp","href":"https:\/\/api.w.org\/{rel}","templated":true}]}}