{"id":327,"date":"2019-07-30T07:19:30","date_gmt":"2019-07-30T06:19:30","guid":{"rendered":"http:\/\/projects.nib.si\/met4lab\/?page_id=327"},"modified":"2024-09-26T12:09:30","modified_gmt":"2024-09-26T11:09:30","slug":"partners","status":"publish","type":"page","link":"https:\/\/projects.nib.si\/met4lab\/partners\/","title":{"rendered":"Partnerji"},"content":{"rendered":"<p><img loading=\"lazy\" decoding=\"async\" data-attachment-id=\"335\" data-permalink=\"https:\/\/projects.nib.si\/met4lab\/partners\/logo-nib-rgb\/\" data-orig-file=\"https:\/\/projects.nib.si\/met4lab\/wp-content\/uploads\/sites\/50\/2019\/07\/LOGO-NIB-RGB.jpg\" data-orig-size=\"2469,295\" data-comments-opened=\"1\" data-image-meta=\"{&quot;aperture&quot;:&quot;0&quot;,&quot;credit&quot;:&quot;&quot;,&quot;camera&quot;:&quot;&quot;,&quot;caption&quot;:&quot;&quot;,&quot;created_timestamp&quot;:&quot;0&quot;,&quot;copyright&quot;:&quot;&quot;,&quot;focal_length&quot;:&quot;0&quot;,&quot;iso&quot;:&quot;0&quot;,&quot;shutter_speed&quot;:&quot;0&quot;,&quot;title&quot;:&quot;&quot;,&quot;orientation&quot;:&quot;1&quot;}\" data-image-title=\"LOGO NIB RGB\" data-image-description=\"\" data-image-caption=\"\" data-medium-file=\"https:\/\/projects.nib.si\/met4lab\/wp-content\/uploads\/sites\/50\/2019\/07\/LOGO-NIB-RGB-300x36.jpg\" data-large-file=\"https:\/\/projects.nib.si\/met4lab\/wp-content\/uploads\/sites\/50\/2019\/07\/LOGO-NIB-RGB-1024x122.jpg\" class=\"alignnone wp-image-335 size-medium\" src=\"http:\/\/projects.nib.si\/met4lab\/wp-content\/uploads\/sites\/50\/2019\/07\/LOGO-NIB-RGB-300x36.jpg\" alt=\"\" width=\"300\" height=\"36\" srcset=\"https:\/\/projects.nib.si\/met4lab\/wp-content\/uploads\/sites\/50\/2019\/07\/LOGO-NIB-RGB-300x36.jpg 300w, https:\/\/projects.nib.si\/met4lab\/wp-content\/uploads\/sites\/50\/2019\/07\/LOGO-NIB-RGB-768x92.jpg 768w, https:\/\/projects.nib.si\/met4lab\/wp-content\/uploads\/sites\/50\/2019\/07\/LOGO-NIB-RGB-1024x122.jpg 1024w\" sizes=\"auto, (max-width: 300px) 100vw, 300px\" \/><\/p>\n<p><a href=\"http:\/\/www.nib.si\/\" target=\"_blank\" rel=\"noopener\">Nacionalni in\u0161titutu za biologijo<\/a><\/p>\n<p><img loading=\"lazy\" decoding=\"async\" data-attachment-id=\"399\" data-permalink=\"https:\/\/projects.nib.si\/met4lab\/partners\/imi_logo_si-2\/\" data-orig-file=\"https:\/\/projects.nib.si\/met4lab\/wp-content\/uploads\/sites\/50\/2022\/12\/IMI_logo_SI.png\" data-orig-size=\"1237,243\" data-comments-opened=\"1\" data-image-meta=\"{&quot;aperture&quot;:&quot;0&quot;,&quot;credit&quot;:&quot;&quot;,&quot;camera&quot;:&quot;&quot;,&quot;caption&quot;:&quot;&quot;,&quot;created_timestamp&quot;:&quot;0&quot;,&quot;copyright&quot;:&quot;&quot;,&quot;focal_length&quot;:&quot;0&quot;,&quot;iso&quot;:&quot;0&quot;,&quot;shutter_speed&quot;:&quot;0&quot;,&quot;title&quot;:&quot;&quot;,&quot;orientation&quot;:&quot;0&quot;}\" data-image-title=\"IMI_logo_SI\" data-image-description=\"\" data-image-caption=\"\" data-medium-file=\"https:\/\/projects.nib.si\/met4lab\/wp-content\/uploads\/sites\/50\/2022\/12\/IMI_logo_SI-300x59.png\" data-large-file=\"https:\/\/projects.nib.si\/met4lab\/wp-content\/uploads\/sites\/50\/2022\/12\/IMI_logo_SI-1024x201.png\" class=\"alignnone wp-image-399 size-medium\" src=\"http:\/\/projects.nib.si\/met4lab\/wp-content\/uploads\/sites\/50\/2022\/12\/IMI_logo_SI-300x59.png\" alt=\"\" width=\"300\" height=\"59\" srcset=\"https:\/\/projects.nib.si\/met4lab\/wp-content\/uploads\/sites\/50\/2022\/12\/IMI_logo_SI-300x59.png 300w, https:\/\/projects.nib.si\/met4lab\/wp-content\/uploads\/sites\/50\/2022\/12\/IMI_logo_SI-768x151.png 768w, https:\/\/projects.nib.si\/met4lab\/wp-content\/uploads\/sites\/50\/2022\/12\/IMI_logo_SI-1024x201.png 1024w, https:\/\/projects.nib.si\/met4lab\/wp-content\/uploads\/sites\/50\/2022\/12\/IMI_logo_SI.png 1237w\" sizes=\"auto, (max-width: 300px) 100vw, 300px\" \/><\/p>\n<p><a href=\"https:\/\/imi.si\/\">In\u0161titut za mikrobiologijo in imunologijo Medicinske fakultete Univerze v Ljubljani\u00a0<\/a><\/p>\n<p><img loading=\"lazy\" decoding=\"async\" data-attachment-id=\"429\" data-permalink=\"https:\/\/projects.nib.si\/met4lab\/partners\/logovf_mali\/\" data-orig-file=\"https:\/\/projects.nib.si\/met4lab\/wp-content\/uploads\/sites\/50\/2019\/07\/logoVF_mali-e1671084723414.png\" data-orig-size=\"300,374\" data-comments-opened=\"1\" data-image-meta=\"{&quot;aperture&quot;:&quot;0&quot;,&quot;credit&quot;:&quot;&quot;,&quot;camera&quot;:&quot;&quot;,&quot;caption&quot;:&quot;&quot;,&quot;created_timestamp&quot;:&quot;0&quot;,&quot;copyright&quot;:&quot;&quot;,&quot;focal_length&quot;:&quot;0&quot;,&quot;iso&quot;:&quot;0&quot;,&quot;shutter_speed&quot;:&quot;0&quot;,&quot;title&quot;:&quot;&quot;,&quot;orientation&quot;:&quot;0&quot;}\" data-image-title=\"logoVF_mali\" data-image-description=\"\" data-image-caption=\"\" data-medium-file=\"https:\/\/projects.nib.si\/met4lab\/wp-content\/uploads\/sites\/50\/2019\/07\/logoVF_mali-241x300.png\" data-large-file=\"https:\/\/projects.nib.si\/met4lab\/wp-content\/uploads\/sites\/50\/2019\/07\/logoVF_mali-e1671084723414.png\" class=\"alignnone wp-image-429 size-medium\" src=\"http:\/\/projects.nib.si\/met4lab\/wp-content\/uploads\/sites\/50\/2019\/07\/logoVF_mali-241x300.png\" alt=\"\" width=\"241\" height=\"300\" \/><\/p>\n<p><a href=\"https:\/\/www.vf.uni-lj.si\/podrocje\/institut-za-mikrobiologijo-parazitologijo\" target=\"_blank\" rel=\"noopener\">Univerza v Ljubljani, Veterinarska fakulteta,\u00a0In\u0161titut za mikrobiologijo in parazitologijo<\/a><\/p>\n<p><img loading=\"lazy\" decoding=\"async\" data-attachment-id=\"433\" data-permalink=\"https:\/\/projects.nib.si\/met4lab\/partners\/logobf_mali\/\" data-orig-file=\"https:\/\/projects.nib.si\/met4lab\/wp-content\/uploads\/sites\/50\/2019\/07\/logoBF_mali-e1671085784775.png\" data-orig-size=\"450,253\" data-comments-opened=\"1\" data-image-meta=\"{&quot;aperture&quot;:&quot;0&quot;,&quot;credit&quot;:&quot;&quot;,&quot;camera&quot;:&quot;&quot;,&quot;caption&quot;:&quot;&quot;,&quot;created_timestamp&quot;:&quot;0&quot;,&quot;copyright&quot;:&quot;&quot;,&quot;focal_length&quot;:&quot;0&quot;,&quot;iso&quot;:&quot;0&quot;,&quot;shutter_speed&quot;:&quot;0&quot;,&quot;title&quot;:&quot;&quot;,&quot;orientation&quot;:&quot;0&quot;}\" data-image-title=\"logoBF_mali\" data-image-description=\"\" data-image-caption=\"\" data-medium-file=\"https:\/\/projects.nib.si\/met4lab\/wp-content\/uploads\/sites\/50\/2019\/07\/logoBF_mali-300x169.png\" data-large-file=\"https:\/\/projects.nib.si\/met4lab\/wp-content\/uploads\/sites\/50\/2019\/07\/logoBF_mali-e1671085784775.png\" class=\"alignnone wp-image-433 size-medium\" src=\"http:\/\/projects.nib.si\/met4lab\/wp-content\/uploads\/sites\/50\/2019\/07\/logoBF_mali-300x169.png\" alt=\"\" width=\"300\" height=\"169\" \/><\/p>\n<p><a href=\"https:\/\/www.bf.uni-lj.si\/sl\/organiziranost\/zivilstvo\/o-oddelku\/katedre-in-druge-enote\/katedra-za-biotehnologijo--mikrobiologijo-in-varnost-zivil\/\" target=\"_blank\" rel=\"noopener\">Univerza v Ljubljani,\u00a0Biotehni\u0161ka fakulteta, Oddelek za \u017eivilstvo, Katedra za biotehnologijo, mikrobiologijo in varnost \u017eivil<\/a><\/p>\n<p><img loading=\"lazy\" decoding=\"async\" data-attachment-id=\"434\" data-permalink=\"https:\/\/projects.nib.si\/met4lab\/partners\/nlzoh\/\" data-orig-file=\"https:\/\/projects.nib.si\/met4lab\/wp-content\/uploads\/sites\/50\/2019\/07\/NLZOH-e1671086313493.png\" data-orig-size=\"800,224\" data-comments-opened=\"1\" data-image-meta=\"{&quot;aperture&quot;:&quot;0&quot;,&quot;credit&quot;:&quot;&quot;,&quot;camera&quot;:&quot;&quot;,&quot;caption&quot;:&quot;&quot;,&quot;created_timestamp&quot;:&quot;0&quot;,&quot;copyright&quot;:&quot;&quot;,&quot;focal_length&quot;:&quot;0&quot;,&quot;iso&quot;:&quot;0&quot;,&quot;shutter_speed&quot;:&quot;0&quot;,&quot;title&quot;:&quot;&quot;,&quot;orientation&quot;:&quot;0&quot;}\" data-image-title=\"NLZOH\" data-image-description=\"\" data-image-caption=\"\" data-medium-file=\"https:\/\/projects.nib.si\/met4lab\/wp-content\/uploads\/sites\/50\/2019\/07\/NLZOH-300x84.png\" data-large-file=\"https:\/\/projects.nib.si\/met4lab\/wp-content\/uploads\/sites\/50\/2019\/07\/NLZOH-1024x287.png\" class=\"alignnone size-medium wp-image-434\" src=\"http:\/\/projects.nib.si\/met4lab\/wp-content\/uploads\/sites\/50\/2019\/07\/NLZOH-300x84.png\" alt=\"NLZOH\" width=\"300\" height=\"84\" \/><\/p>\n<p><a href=\"https:\/\/www.nlzoh.si\/o-nas\/organiziranost\/center-za-medicinsko-mikrobiologijo\/\" target=\"_blank\" rel=\"noopener\">Center za medicinsko mikrobiologijo\u00a0<\/a><\/p>\n<p><a href=\"https:\/\/www.nlzoh.si\/o-nas\/organiziranost\/center-za-mikrobioloske-analize-zivil-vod-in-drugih-vzorcev-okolja\/\" target=\"_blank\" rel=\"noopener\">Center za mikrobiolo\u0161ke analize\u00a0\u017eivil, vod in drugih vzorcev okolja<\/a><\/p>\n","protected":false},"excerpt":{"rendered":"<p>Nacionalni in\u0161titutu za biologijo In\u0161titut za mikrobiologijo in imunologijo Medicinske fakultete Univerze v Ljubljani\u00a0 Univerza v Ljubljani, Veterinarska fakulteta,\u00a0In\u0161titut za mikrobiologijo in parazitologijo Univerza v Ljubljani,\u00a0Biotehni\u0161ka fakulteta, Oddelek za \u017eivilstvo, Katedra za biotehnologijo, mikrobiologijo in varnost \u017eivil Center za medicinsko mikrobiologijo\u00a0 Center za mikrobiolo\u0161ke analize\u00a0\u017eivil, vod in drugih vzorcev okolja<\/p>\n","protected":false},"author":24,"featured_media":0,"parent":0,"menu_order":4,"comment_status":"closed","ping_status":"closed","template":"page-fullwidth.php","meta":{"jetpack_post_was_ever_published":false,"footnotes":""},"class_list":["post-327","page","type-page","status-publish","hentry"],"jetpack_sharing_enabled":true,"jetpack_shortlink":"https:\/\/wp.me\/P7OqMV-5h","jetpack-related-posts":[],"_links":{"self":[{"href":"https:\/\/projects.nib.si\/met4lab\/wp-json\/wp\/v2\/pages\/327","targetHints":{"allow":["GET"]}}],"collection":[{"href":"https:\/\/projects.nib.si\/met4lab\/wp-json\/wp\/v2\/pages"}],"about":[{"href":"https:\/\/projects.nib.si\/met4lab\/wp-json\/wp\/v2\/types\/page"}],"author":[{"embeddable":true,"href":"https:\/\/projects.nib.si\/met4lab\/wp-json\/wp\/v2\/users\/24"}],"replies":[{"embeddable":true,"href":"https:\/\/projects.nib.si\/met4lab\/wp-json\/wp\/v2\/comments?post=327"}],"version-history":[{"count":25,"href":"https:\/\/projects.nib.si\/met4lab\/wp-json\/wp\/v2\/pages\/327\/revisions"}],"predecessor-version":[{"id":505,"href":"https:\/\/projects.nib.si\/met4lab\/wp-json\/wp\/v2\/pages\/327\/revisions\/505"}],"wp:attachment":[{"href":"https:\/\/projects.nib.si\/met4lab\/wp-json\/wp\/v2\/media?parent=327"}],"curies":[{"name":"wp","href":"https:\/\/api.w.org\/{rel}","templated":true}]}}