{"id":14,"date":"2016-04-05T21:59:11","date_gmt":"2016-04-05T21:59:11","guid":{"rendered":"http:\/\/projects.nib.si\/nanozymsafe\/?page_id=14"},"modified":"2023-05-10T12:20:05","modified_gmt":"2023-05-10T11:20:05","slug":"summary","status":"publish","type":"page","link":"https:\/\/projects.nib.si\/nanozymsafe\/summary\/","title":{"rendered":"Namen in cilji"},"content":{"rendered":"<p>Glavni cilj NaNoZymSafe projekta je sintetizirati nove ve\u010dfunkcionalne nanocime na osnovi kovinskih oksidov, ki se lahko uporabljajo v medicini, analitiki, biotehnologiji in okoljskem podro\u010dju, oceniti njihovo varnost za ljudi in okolje ter razkriti osnovne mehanizme njihovega delovanja, kar bo omogo\u010dilo bolj\u0161e razumevanje mo\u017enih zdravstvenih tveganj za ljudi in okolje.<\/p>\n<p><strong><em>Specifi\u010dni cilji NaNoZymSafe projekta so<\/em><\/strong>:<\/p>\n<ul>\n<li>Sintetizirati novih ve\u010dnamenskih nanocimov na osnovi kovinskih oksidov, ki se lahko uporabljajo kot inovativna terapevtska sredstva, kot odstranjevalci odpadkov in kot pripomo\u010dki za konzerviranje hrane;<\/li>\n<li>Karakterizirati strukturne in fizikalno-kemijske lastnosti nanocimov, zlasti na aktivnih mestih;<\/li>\n<li>Oceniti mo\u017ene (geno)toksi\u010dne mehanizme delovanja ve\u010dfunkcionalnih nanocimov na osnovi kovinskih oksidov;<\/li>\n<li>Preu\u010devati pro- in antioksidativne lastnosti novih ve\u010dfunkcionalnih nanocimov na osnovi kovinskih oksidov;<\/li>\n<li>Izvesti toksikogenomske analize s profiliranjem izra\u017eanja genov, ki bodo omogo\u010dile identifikacijo poti, na katere vplivajo novi ve\u010dfunkcionalni nanocimi na osnovi kovinskih oksidov.;<\/li>\n<li>Raziskati morebitne \u0161kodljive u\u010dinke ve\u010dfunkcionalnih nanocimov na osnovi kovinskih oksidov na okoljske organizme.<\/li>\n<\/ul>\n","protected":false},"excerpt":{"rendered":"<p>Glavni cilj NaNoZymSafe projekta je sintetizirati nove ve\u010dfunkcionalne nanocime na osnovi kovinskih oksidov, ki se lahko uporabljajo v medicini, analitiki, biotehnologiji in okoljskem podro\u010dju, oceniti njihovo varnost za ljudi in okolje ter razkriti osnovne mehanizme njihovega delovanja, kar bo omogo\u010dilo bolj\u0161e razumevanje mo\u017enih zdravstvenih tveganj za ljudi in okolje. Specifi\u010dni cilji NaNoZymSafe projekta so: Sintetizirati [&hellip;]<\/p>\n","protected":false},"author":3,"featured_media":0,"parent":0,"menu_order":2,"comment_status":"closed","ping_status":"closed","template":"page-fullwidth.php","meta":{"jetpack_post_was_ever_published":false,"footnotes":""},"class_list":["post-14","page","type-page","status-publish","hentry"],"jetpack_sharing_enabled":true,"jetpack_shortlink":"https:\/\/wp.me\/P7OqMV-e","jetpack-related-posts":[],"_links":{"self":[{"href":"https:\/\/projects.nib.si\/nanozymsafe\/wp-json\/wp\/v2\/pages\/14","targetHints":{"allow":["GET"]}}],"collection":[{"href":"https:\/\/projects.nib.si\/nanozymsafe\/wp-json\/wp\/v2\/pages"}],"about":[{"href":"https:\/\/projects.nib.si\/nanozymsafe\/wp-json\/wp\/v2\/types\/page"}],"author":[{"embeddable":true,"href":"https:\/\/projects.nib.si\/nanozymsafe\/wp-json\/wp\/v2\/users\/3"}],"replies":[{"embeddable":true,"href":"https:\/\/projects.nib.si\/nanozymsafe\/wp-json\/wp\/v2\/comments?post=14"}],"version-history":[{"count":26,"href":"https:\/\/projects.nib.si\/nanozymsafe\/wp-json\/wp\/v2\/pages\/14\/revisions"}],"predecessor-version":[{"id":410,"href":"https:\/\/projects.nib.si\/nanozymsafe\/wp-json\/wp\/v2\/pages\/14\/revisions\/410"}],"wp:attachment":[{"href":"https:\/\/projects.nib.si\/nanozymsafe\/wp-json\/wp\/v2\/media?parent=14"}],"curies":[{"name":"wp","href":"https:\/\/api.w.org\/{rel}","templated":true}]}}