{"id":1092,"date":"2026-02-17T09:02:52","date_gmt":"2026-02-17T08:02:52","guid":{"rendered":"https:\/\/projects.nib.si\/obrockanjesov-it\/?page_id=1092"},"modified":"2026-03-05T21:15:22","modified_gmt":"2026-03-05T20:15:22","slug":"lesna-pomlad-juvad","status":"publish","type":"page","link":"https:\/\/projects.nib.si\/obrockanjesov-it\/sove-strigiformes\/lesna-sova\/lesna-cas\/lesna-pomlad\/lesna-pomlad-ad\/lesna-pomlad-juvad\/","title":{"rendered":"Oltre alle penne giovanili sono presenti penne adulte di una o due generazioni?"},"content":{"rendered":"\n<div class=\"wp-block-columns is-layout-flex wp-container-core-columns-is-layout-9d6595d7 wp-block-columns-is-layout-flex\">\n<div class=\"wp-block-column is-layout-flow wp-block-column-is-layout-flow\">\n<figure class=\"wp-block-image size-large\"><img loading=\"lazy\" decoding=\"async\" width=\"1024\" height=\"657\" data-attachment-id=\"1084\" data-permalink=\"https:\/\/projects.nib.si\/obrockanjesov-it\/sove-strigiformes\/lesna-sova\/lesna-cas\/lesna-pomlad\/lesna-pomlad-ad\/saluco-pomlad-letalna_juvad2\/\" data-orig-file=\"https:\/\/projects.nib.si\/obrockanjesov-it\/wp-content\/uploads\/sites\/77\/2026\/02\/Saluco-pomlad-letalna_juvad2.jpg\" data-orig-size=\"1280,821\" data-comments-opened=\"0\" data-image-meta=\"{&quot;aperture&quot;:&quot;0&quot;,&quot;credit&quot;:&quot;&quot;,&quot;camera&quot;:&quot;&quot;,&quot;caption&quot;:&quot;&quot;,&quot;created_timestamp&quot;:&quot;0&quot;,&quot;copyright&quot;:&quot;&quot;,&quot;focal_length&quot;:&quot;0&quot;,&quot;iso&quot;:&quot;0&quot;,&quot;shutter_speed&quot;:&quot;0&quot;,&quot;title&quot;:&quot;&quot;,&quot;orientation&quot;:&quot;0&quot;}\" data-image-title=\"Saluco-pomlad-letalna_juvad2\" data-image-description=\"\" data-image-caption=\"\" data-medium-file=\"https:\/\/projects.nib.si\/obrockanjesov-it\/wp-content\/uploads\/sites\/77\/2026\/02\/Saluco-pomlad-letalna_juvad2-300x192.jpg\" data-large-file=\"https:\/\/projects.nib.si\/obrockanjesov-it\/wp-content\/uploads\/sites\/77\/2026\/02\/Saluco-pomlad-letalna_juvad2-1024x657.jpg\" src=\"http:\/\/projects.nib.si\/obrockanjesov-it\/wp-content\/uploads\/sites\/77\/2026\/02\/Saluco-pomlad-letalna_juvad2-1024x657.jpg\" alt=\"\" class=\"wp-image-1084\" srcset=\"https:\/\/projects.nib.si\/obrockanjesov-it\/wp-content\/uploads\/sites\/77\/2026\/02\/Saluco-pomlad-letalna_juvad2-1024x657.jpg 1024w, https:\/\/projects.nib.si\/obrockanjesov-it\/wp-content\/uploads\/sites\/77\/2026\/02\/Saluco-pomlad-letalna_juvad2-300x192.jpg 300w, https:\/\/projects.nib.si\/obrockanjesov-it\/wp-content\/uploads\/sites\/77\/2026\/02\/Saluco-pomlad-letalna_juvad2-1200x770.jpg 1200w, https:\/\/projects.nib.si\/obrockanjesov-it\/wp-content\/uploads\/sites\/77\/2026\/02\/Saluco-pomlad-letalna_juvad2.jpg 1280w\" sizes=\"auto, (max-width: 709px) 85vw, (max-width: 909px) 67vw, (max-width: 1362px) 62vw, 840px\" \/><\/figure>\n\n\n\n<div class=\"wp-block-buttons is-layout-flex wp-block-buttons-is-layout-flex\">\n<div class=\"wp-block-button has-custom-width wp-block-button__width-100\"><a class=\"wp-block-button__link wp-element-button\" href=\"https:\/\/projects.nib.si\/obrockanjesov-it\/sove-strigiformes\/lesna-sova\/lesna-cas\/lesna-pomlad\/lesna-pomlad-ad\/lesna-pomlad-juvad\/lesna-pomlad-3y\/\">Penne giovanili + 1 generazione di penne adulte<\/a><\/div>\n<\/div>\n\n\n\n<p>Le penne giovanili (J) sono visibilmente pi\u00f9 chiare di quelle adulte. Tra le penne adulte non \u00e8 visibile alcuna differenza di tonalit\u00e0 di colore.<\/p>\n<\/div>\n\n\n\n<div class=\"wp-block-column is-layout-flow wp-block-column-is-layout-flow\">\n<figure class=\"wp-block-image size-large\"><img loading=\"lazy\" decoding=\"async\" width=\"1024\" height=\"662\" data-attachment-id=\"1093\" data-permalink=\"https:\/\/projects.nib.si\/obrockanjesov-it\/sove-strigiformes\/lesna-sova\/lesna-cas\/lesna-pomlad\/lesna-pomlad-ad\/lesna-pomlad-juvad\/saluco-letalna-juv_ad2\/\" data-orig-file=\"https:\/\/projects.nib.si\/obrockanjesov-it\/wp-content\/uploads\/sites\/77\/2026\/02\/Saluco-letalna-juv_ad2.jpg\" data-orig-size=\"1280,827\" data-comments-opened=\"0\" data-image-meta=\"{&quot;aperture&quot;:&quot;0&quot;,&quot;credit&quot;:&quot;&quot;,&quot;camera&quot;:&quot;&quot;,&quot;caption&quot;:&quot;&quot;,&quot;created_timestamp&quot;:&quot;0&quot;,&quot;copyright&quot;:&quot;&quot;,&quot;focal_length&quot;:&quot;0&quot;,&quot;iso&quot;:&quot;0&quot;,&quot;shutter_speed&quot;:&quot;0&quot;,&quot;title&quot;:&quot;&quot;,&quot;orientation&quot;:&quot;0&quot;}\" data-image-title=\"Saluco-letalna-juv_ad2\" data-image-description=\"\" data-image-caption=\"\" data-medium-file=\"https:\/\/projects.nib.si\/obrockanjesov-it\/wp-content\/uploads\/sites\/77\/2026\/02\/Saluco-letalna-juv_ad2-300x194.jpg\" data-large-file=\"https:\/\/projects.nib.si\/obrockanjesov-it\/wp-content\/uploads\/sites\/77\/2026\/02\/Saluco-letalna-juv_ad2-1024x662.jpg\" src=\"http:\/\/projects.nib.si\/obrockanjesov-it\/wp-content\/uploads\/sites\/77\/2026\/02\/Saluco-letalna-juv_ad2-1024x662.jpg\" alt=\"\" class=\"wp-image-1093\" srcset=\"https:\/\/projects.nib.si\/obrockanjesov-it\/wp-content\/uploads\/sites\/77\/2026\/02\/Saluco-letalna-juv_ad2-1024x662.jpg 1024w, https:\/\/projects.nib.si\/obrockanjesov-it\/wp-content\/uploads\/sites\/77\/2026\/02\/Saluco-letalna-juv_ad2-300x194.jpg 300w, https:\/\/projects.nib.si\/obrockanjesov-it\/wp-content\/uploads\/sites\/77\/2026\/02\/Saluco-letalna-juv_ad2-1200x775.jpg 1200w, https:\/\/projects.nib.si\/obrockanjesov-it\/wp-content\/uploads\/sites\/77\/2026\/02\/Saluco-letalna-juv_ad2.jpg 1280w\" sizes=\"auto, (max-width: 709px) 85vw, (max-width: 909px) 67vw, (max-width: 1362px) 62vw, 840px\" \/><\/figure>\n\n\n\n<div class=\"wp-block-buttons is-layout-flex wp-block-buttons-is-layout-flex\">\n<div class=\"wp-block-button has-custom-width wp-block-button__width-100\"><a class=\"wp-block-button__link wp-element-button\" href=\"https:\/\/projects.nib.si\/obrockanjesov-it\/sove-strigiformes\/lesna-sova\/lesna-cas\/lesna-pomlad\/lesna-pomlad-ad\/lesna-pomlad-juvad\/lesna-pomlad-4y\/\">Penne giovanili + 2 generazioni di penne adulte<\/a><\/div>\n<\/div>\n\n\n\n<p>Le penne giovanili (J) sono visibilmente pi\u00f9 chiare delle altre penne. Tra le altre penne adulte \u00e8 visibile un contrasto (due generazioni di penne adulte), per cui alcune primarie adulte sono visibilmente pi\u00f9 scure (O2), pi\u00f9 fresche, rispetto alle altre penne adulte.<\/p>\n<\/div>\n<\/div>\n","protected":false},"excerpt":{"rendered":"<p>Le penne giovanili (J) sono visibilmente pi\u00f9 chiare di quelle adulte. Tra le penne adulte non \u00e8 visibile alcuna differenza di tonalit\u00e0 di colore. Le penne giovanili (J) sono visibilmente pi\u00f9 chiare delle altre penne. Tra le altre penne adulte \u00e8 visibile un contrasto (due generazioni di penne adulte), per cui alcune primarie adulte sono &hellip; <a href=\"https:\/\/projects.nib.si\/obrockanjesov-it\/sove-strigiformes\/lesna-sova\/lesna-cas\/lesna-pomlad\/lesna-pomlad-ad\/lesna-pomlad-juvad\/\" class=\"more-link\">Preberi ve\u010d<span class=\"screen-reader-text\"> &#8220;Oltre alle penne giovanili sono presenti penne adulte di una o due generazioni?&#8221;<\/span><\/a><\/p>\n","protected":false},"author":23,"featured_media":0,"parent":1083,"menu_order":0,"comment_status":"closed","ping_status":"closed","template":"","meta":{"jetpack_post_was_ever_published":false,"footnotes":""},"class_list":["post-1092","page","type-page","status-publish","hentry"],"jetpack_sharing_enabled":true,"jetpack_shortlink":"https:\/\/wp.me\/Ph8Nat-hC","_links":{"self":[{"href":"https:\/\/projects.nib.si\/obrockanjesov-it\/wp-json\/wp\/v2\/pages\/1092","targetHints":{"allow":["GET"]}}],"collection":[{"href":"https:\/\/projects.nib.si\/obrockanjesov-it\/wp-json\/wp\/v2\/pages"}],"about":[{"href":"https:\/\/projects.nib.si\/obrockanjesov-it\/wp-json\/wp\/v2\/types\/page"}],"author":[{"embeddable":true,"href":"https:\/\/projects.nib.si\/obrockanjesov-it\/wp-json\/wp\/v2\/users\/23"}],"replies":[{"embeddable":true,"href":"https:\/\/projects.nib.si\/obrockanjesov-it\/wp-json\/wp\/v2\/comments?post=1092"}],"version-history":[{"count":6,"href":"https:\/\/projects.nib.si\/obrockanjesov-it\/wp-json\/wp\/v2\/pages\/1092\/revisions"}],"predecessor-version":[{"id":1257,"href":"https:\/\/projects.nib.si\/obrockanjesov-it\/wp-json\/wp\/v2\/pages\/1092\/revisions\/1257"}],"up":[{"embeddable":true,"href":"https:\/\/projects.nib.si\/obrockanjesov-it\/wp-json\/wp\/v2\/pages\/1083"}],"wp:attachment":[{"href":"https:\/\/projects.nib.si\/obrockanjesov-it\/wp-json\/wp\/v2\/media?parent=1092"}],"curies":[{"name":"wp","href":"https:\/\/api.w.org\/{rel}","templated":true}]}}

<div class="wp-block-columns is-layout-flex wp-container-core-columns-is-layout-9d6595d7 wp-block-columns-is-layout-flex">
<div class="wp-block-column is-layout-flow wp-block-column-is-layout-flow">
<figure class="wp-block-image size-large"><img loading="lazy" decoding="async" width="1024" height="657" data-attachment-id="1084" data-permalink="https://projects.nib.si/obrockanjesov-it/sove-strigiformes/lesna-sova/lesna-cas/lesna-pomlad/lesna-pomlad-ad/saluco-pomlad-letalna_juvad2/" data-orig-file="https://projects.nib.si/obrockanjesov-it/wp-content/uploads/sites/77/2026/02/Saluco-pomlad-letalna_juvad2.jpg" data-orig-size="1280,821" data-comments-opened="0" data-image-meta="{&quot;aperture&quot;:&quot;0&quot;,&quot;credit&quot;:&quot;&quot;,&quot;camera&quot;:&quot;&quot;,&quot;caption&quot;:&quot;&quot;,&quot;created_timestamp&quot;:&quot;0&quot;,&quot;copyright&quot;:&quot;&quot;,&quot;focal_length&quot;:&quot;0&quot;,&quot;iso&quot;:&quot;0&quot;,&quot;shutter_speed&quot;:&quot;0&quot;,&quot;title&quot;:&quot;&quot;,&quot;orientation&quot;:&quot;0&quot;}" data-image-title="Saluco-pomlad-letalna_juvad2" data-image-description="" data-image-caption="" data-medium-file="https://projects.nib.si/obrockanjesov-it/wp-content/uploads/sites/77/2026/02/Saluco-pomlad-letalna_juvad2-300x192.jpg" data-large-file="https://projects.nib.si/obrockanjesov-it/wp-content/uploads/sites/77/2026/02/Saluco-pomlad-letalna_juvad2-1024x657.jpg" src="http://projects.nib.si/obrockanjesov-it/wp-content/uploads/sites/77/2026/02/Saluco-pomlad-letalna_juvad2-1024x657.jpg" alt="" class="wp-image-1084" srcset="https://projects.nib.si/obrockanjesov-it/wp-content/uploads/sites/77/2026/02/Saluco-pomlad-letalna_juvad2-1024x657.jpg 1024w, https://projects.nib.si/obrockanjesov-it/wp-content/uploads/sites/77/2026/02/Saluco-pomlad-letalna_juvad2-300x192.jpg 300w, https://projects.nib.si/obrockanjesov-it/wp-content/uploads/sites/77/2026/02/Saluco-pomlad-letalna_juvad2-1200x770.jpg 1200w, https://projects.nib.si/obrockanjesov-it/wp-content/uploads/sites/77/2026/02/Saluco-pomlad-letalna_juvad2.jpg 1280w" sizes="auto, (max-width: 709px) 85vw, (max-width: 909px) 67vw, (max-width: 1362px) 62vw, 840px" /></figure>



<div class="wp-block-buttons is-layout-flex wp-block-buttons-is-layout-flex">
<div class="wp-block-button has-custom-width wp-block-button__width-100"><a class="wp-block-button__link wp-element-button" href="https://projects.nib.si/obrockanjesov-it/sove-strigiformes/lesna-sova/lesna-cas/lesna-pomlad/lesna-pomlad-ad/lesna-pomlad-juvad/lesna-pomlad-3y/">Penne giovanili + 1 generazione di penne adulte</a></div>
</div>



<p>Le penne giovanili (J) sono visibilmente più chiare di quelle adulte. Tra le penne adulte non è visibile alcuna differenza di tonalità di colore.</p>
</div>



<div class="wp-block-column is-layout-flow wp-block-column-is-layout-flow">
<figure class="wp-block-image size-large"><img loading="lazy" decoding="async" width="1024" height="662" data-attachment-id="1093" data-permalink="https://projects.nib.si/obrockanjesov-it/sove-strigiformes/lesna-sova/lesna-cas/lesna-pomlad/lesna-pomlad-ad/lesna-pomlad-juvad/saluco-letalna-juv_ad2/" data-orig-file="https://projects.nib.si/obrockanjesov-it/wp-content/uploads/sites/77/2026/02/Saluco-letalna-juv_ad2.jpg" data-orig-size="1280,827" data-comments-opened="0" data-image-meta="{&quot;aperture&quot;:&quot;0&quot;,&quot;credit&quot;:&quot;&quot;,&quot;camera&quot;:&quot;&quot;,&quot;caption&quot;:&quot;&quot;,&quot;created_timestamp&quot;:&quot;0&quot;,&quot;copyright&quot;:&quot;&quot;,&quot;focal_length&quot;:&quot;0&quot;,&quot;iso&quot;:&quot;0&quot;,&quot;shutter_speed&quot;:&quot;0&quot;,&quot;title&quot;:&quot;&quot;,&quot;orientation&quot;:&quot;0&quot;}" data-image-title="Saluco-letalna-juv_ad2" data-image-description="" data-image-caption="" data-medium-file="https://projects.nib.si/obrockanjesov-it/wp-content/uploads/sites/77/2026/02/Saluco-letalna-juv_ad2-300x194.jpg" data-large-file="https://projects.nib.si/obrockanjesov-it/wp-content/uploads/sites/77/2026/02/Saluco-letalna-juv_ad2-1024x662.jpg" src="http://projects.nib.si/obrockanjesov-it/wp-content/uploads/sites/77/2026/02/Saluco-letalna-juv_ad2-1024x662.jpg" alt="" class="wp-image-1093" srcset="https://projects.nib.si/obrockanjesov-it/wp-content/uploads/sites/77/2026/02/Saluco-letalna-juv_ad2-1024x662.jpg 1024w, https://projects.nib.si/obrockanjesov-it/wp-content/uploads/sites/77/2026/02/Saluco-letalna-juv_ad2-300x194.jpg 300w, https://projects.nib.si/obrockanjesov-it/wp-content/uploads/sites/77/2026/02/Saluco-letalna-juv_ad2-1200x775.jpg 1200w, https://projects.nib.si/obrockanjesov-it/wp-content/uploads/sites/77/2026/02/Saluco-letalna-juv_ad2.jpg 1280w" sizes="auto, (max-width: 709px) 85vw, (max-width: 909px) 67vw, (max-width: 1362px) 62vw, 840px" /></figure>



<div class="wp-block-buttons is-layout-flex wp-block-buttons-is-layout-flex">
<div class="wp-block-button has-custom-width wp-block-button__width-100"><a class="wp-block-button__link wp-element-button" href="https://projects.nib.si/obrockanjesov-it/sove-strigiformes/lesna-sova/lesna-cas/lesna-pomlad/lesna-pomlad-ad/lesna-pomlad-juvad/lesna-pomlad-4y/">Penne giovanili + 2 generazioni di penne adulte</a></div>
</div>



<p>Le penne giovanili (J) sono visibilmente più chiare delle altre penne. Tra le altre penne adulte è visibile un contrasto (due generazioni di penne adulte), per cui alcune primarie adulte sono visibilmente più scure (O2), più fresche, rispetto alle altre penne adulte.</p>
</div>
</div>

<p>Le penne giovanili (J) sono visibilmente più chiare di quelle adulte. Tra le penne adulte non è visibile alcuna differenza di tonalità di colore. Le penne giovanili (J) sono visibilmente più chiare delle altre penne. Tra le altre penne adulte è visibile un contrasto (due generazioni di penne adulte), per cui alcune primarie adulte sono &hellip; <a href="https://projects.nib.si/obrockanjesov-it/sove-strigiformes/lesna-sova/lesna-cas/lesna-pomlad/lesna-pomlad-ad/lesna-pomlad-juvad/" class="more-link">Preberi več<span class="screen-reader-text"> &#8220;Oltre alle penne giovanili sono presenti penne adulte di una o due generazioni?&#8221;</span></a></p>
