{"id":1107,"date":"2026-02-17T09:42:06","date_gmt":"2026-02-17T08:42:06","guid":{"rendered":"https:\/\/projects.nib.si\/obrockanjesov-it\/?page_id=1107"},"modified":"2026-03-05T21:21:17","modified_gmt":"2026-03-05T20:21:17","slug":"lesna-jesen","status":"publish","type":"page","link":"https:\/\/projects.nib.si\/obrockanjesov-it\/sove-strigiformes\/lesna-sova\/lesna-cas\/lesna-jesen\/","title":{"rendered":"L\u2019uccello ha almeno una penna di volo adulta (remiganti primarie e secondarie)?"},"content":{"rendered":"\n<div class=\"wp-block-columns is-layout-flex wp-container-core-columns-is-layout-9d6595d7 wp-block-columns-is-layout-flex\">\n<div class=\"wp-block-column is-layout-flow wp-block-column-is-layout-flow\">\n<figure class=\"wp-block-image size-large\"><img loading=\"lazy\" decoding=\"async\" width=\"1024\" height=\"575\" data-attachment-id=\"1071\" data-permalink=\"https:\/\/projects.nib.si\/obrockanjesov-it\/sove-strigiformes\/lesna-sova\/lesna-cas\/lesna-pomlad\/saluco-pomlad-letalna_juvad\/\" data-orig-file=\"https:\/\/projects.nib.si\/obrockanjesov-it\/wp-content\/uploads\/sites\/77\/2026\/02\/Saluco-pomlad-letalna_juvad.jpg\" data-orig-size=\"1280,719\" data-comments-opened=\"0\" data-image-meta=\"{&quot;aperture&quot;:&quot;0&quot;,&quot;credit&quot;:&quot;&quot;,&quot;camera&quot;:&quot;&quot;,&quot;caption&quot;:&quot;&quot;,&quot;created_timestamp&quot;:&quot;0&quot;,&quot;copyright&quot;:&quot;&quot;,&quot;focal_length&quot;:&quot;0&quot;,&quot;iso&quot;:&quot;0&quot;,&quot;shutter_speed&quot;:&quot;0&quot;,&quot;title&quot;:&quot;&quot;,&quot;orientation&quot;:&quot;0&quot;}\" data-image-title=\"Saluco-pomlad-letalna_juvad\" data-image-description=\"\" data-image-caption=\"\" data-medium-file=\"https:\/\/projects.nib.si\/obrockanjesov-it\/wp-content\/uploads\/sites\/77\/2026\/02\/Saluco-pomlad-letalna_juvad-300x169.jpg\" data-large-file=\"https:\/\/projects.nib.si\/obrockanjesov-it\/wp-content\/uploads\/sites\/77\/2026\/02\/Saluco-pomlad-letalna_juvad-1024x575.jpg\" src=\"http:\/\/projects.nib.si\/obrockanjesov-it\/wp-content\/uploads\/sites\/77\/2026\/02\/Saluco-pomlad-letalna_juvad-1024x575.jpg\" alt=\"\" class=\"wp-image-1071\" srcset=\"https:\/\/projects.nib.si\/obrockanjesov-it\/wp-content\/uploads\/sites\/77\/2026\/02\/Saluco-pomlad-letalna_juvad-1024x575.jpg 1024w, https:\/\/projects.nib.si\/obrockanjesov-it\/wp-content\/uploads\/sites\/77\/2026\/02\/Saluco-pomlad-letalna_juvad-300x169.jpg 300w, https:\/\/projects.nib.si\/obrockanjesov-it\/wp-content\/uploads\/sites\/77\/2026\/02\/Saluco-pomlad-letalna_juvad-1200x674.jpg 1200w, https:\/\/projects.nib.si\/obrockanjesov-it\/wp-content\/uploads\/sites\/77\/2026\/02\/Saluco-pomlad-letalna_juvad.jpg 1280w\" sizes=\"auto, (max-width: 709px) 85vw, (max-width: 909px) 67vw, (max-width: 1362px) 62vw, 840px\" \/><\/figure>\n\n\n\n<p>Le penne adulte hanno sulla punta una barra scura pi\u00f9 spessa e mai interrotta. Le punte chiare delle penne sono pi\u00f9 larghe che nei giovani.<\/p>\n\n\n\n<div class=\"wp-block-buttons is-layout-flex wp-block-buttons-is-layout-flex\">\n<div class=\"wp-block-button has-custom-width wp-block-button__width-100\"><a class=\"wp-block-button__link wp-element-button\" href=\"https:\/\/projects.nib.si\/obrockanjesov-it\/sove-strigiformes\/lesna-sova\/lesna-cas\/lesna-jesen\/lesna-jesen-letalna_ad\/\">Almeno una penna adulta<\/a><\/div>\n<\/div>\n<\/div>\n\n\n\n<div class=\"wp-block-column is-layout-flow wp-block-column-is-layout-flow\">\n<figure class=\"wp-block-image size-large\"><img loading=\"lazy\" decoding=\"async\" width=\"1024\" height=\"575\" data-attachment-id=\"1070\" data-permalink=\"https:\/\/projects.nib.si\/obrockanjesov-it\/sove-strigiformes\/lesna-sova\/lesna-cas\/lesna-pomlad\/saluco-pomlad-letalna_juv\/\" data-orig-file=\"https:\/\/projects.nib.si\/obrockanjesov-it\/wp-content\/uploads\/sites\/77\/2026\/02\/Saluco-pomlad-letalna_juv.jpg\" data-orig-size=\"1280,719\" data-comments-opened=\"0\" data-image-meta=\"{&quot;aperture&quot;:&quot;0&quot;,&quot;credit&quot;:&quot;&quot;,&quot;camera&quot;:&quot;&quot;,&quot;caption&quot;:&quot;&quot;,&quot;created_timestamp&quot;:&quot;0&quot;,&quot;copyright&quot;:&quot;&quot;,&quot;focal_length&quot;:&quot;0&quot;,&quot;iso&quot;:&quot;0&quot;,&quot;shutter_speed&quot;:&quot;0&quot;,&quot;title&quot;:&quot;&quot;,&quot;orientation&quot;:&quot;0&quot;}\" data-image-title=\"Saluco-pomlad-letalna_juv\" data-image-description=\"\" data-image-caption=\"\" data-medium-file=\"https:\/\/projects.nib.si\/obrockanjesov-it\/wp-content\/uploads\/sites\/77\/2026\/02\/Saluco-pomlad-letalna_juv-300x169.jpg\" data-large-file=\"https:\/\/projects.nib.si\/obrockanjesov-it\/wp-content\/uploads\/sites\/77\/2026\/02\/Saluco-pomlad-letalna_juv-1024x575.jpg\" src=\"http:\/\/projects.nib.si\/obrockanjesov-it\/wp-content\/uploads\/sites\/77\/2026\/02\/Saluco-pomlad-letalna_juv-1024x575.jpg\" alt=\"\" class=\"wp-image-1070\" srcset=\"https:\/\/projects.nib.si\/obrockanjesov-it\/wp-content\/uploads\/sites\/77\/2026\/02\/Saluco-pomlad-letalna_juv-1024x575.jpg 1024w, https:\/\/projects.nib.si\/obrockanjesov-it\/wp-content\/uploads\/sites\/77\/2026\/02\/Saluco-pomlad-letalna_juv-300x169.jpg 300w, https:\/\/projects.nib.si\/obrockanjesov-it\/wp-content\/uploads\/sites\/77\/2026\/02\/Saluco-pomlad-letalna_juv-1200x674.jpg 1200w, https:\/\/projects.nib.si\/obrockanjesov-it\/wp-content\/uploads\/sites\/77\/2026\/02\/Saluco-pomlad-letalna_juv.jpg 1280w\" sizes=\"auto, (max-width: 709px) 85vw, (max-width: 909px) 67vw, (max-width: 1362px) 62vw, 840px\" \/><\/figure>\n\n\n\n<p>Le penne giovanili hanno sulla punta una caratteristica barra scura aggiuntiva, pi\u00f9 sottile e spesso interrotta, che non \u00e8 presente sulle penne adulte. Le punte chiare delle penne sono pi\u00f9 strette che negli adulti.<\/p>\n\n\n\n<div class=\"wp-block-buttons is-layout-flex wp-block-buttons-is-layout-flex\">\n<div class=\"wp-block-button has-custom-width wp-block-button__width-100\"><a class=\"wp-block-button__link wp-element-button\" href=\"https:\/\/projects.nib.si\/obrockanjesov-it\/sove-strigiformes\/lesna-sova\/lesna-cas\/lesna-jesen\/lesna-jesen-1y\/\">Tutte le penne giovanili<\/a><\/div>\n<\/div>\n<\/div>\n<\/div>\n","protected":false},"excerpt":{"rendered":"<p>Le penne adulte hanno sulla punta una barra scura pi\u00f9 spessa e mai interrotta. Le punte chiare delle penne sono pi\u00f9 larghe che nei giovani. Le penne giovanili hanno sulla punta una caratteristica barra scura aggiuntiva, pi\u00f9 sottile e spesso interrotta, che non \u00e8 presente sulle penne adulte. Le punte chiare delle penne sono pi\u00f9 &hellip; <a href=\"https:\/\/projects.nib.si\/obrockanjesov-it\/sove-strigiformes\/lesna-sova\/lesna-cas\/lesna-jesen\/\" class=\"more-link\">Preberi ve\u010d<span class=\"screen-reader-text\"> &#8220;L\u2019uccello ha almeno una penna di volo adulta (remiganti primarie e secondarie)?&#8221;<\/span><\/a><\/p>\n","protected":false},"author":23,"featured_media":0,"parent":1065,"menu_order":0,"comment_status":"closed","ping_status":"closed","template":"","meta":{"jetpack_post_was_ever_published":false,"footnotes":""},"class_list":["post-1107","page","type-page","status-publish","hentry"],"jetpack_sharing_enabled":true,"jetpack_shortlink":"https:\/\/wp.me\/Ph8Nat-hR","_links":{"self":[{"href":"https:\/\/projects.nib.si\/obrockanjesov-it\/wp-json\/wp\/v2\/pages\/1107","targetHints":{"allow":["GET"]}}],"collection":[{"href":"https:\/\/projects.nib.si\/obrockanjesov-it\/wp-json\/wp\/v2\/pages"}],"about":[{"href":"https:\/\/projects.nib.si\/obrockanjesov-it\/wp-json\/wp\/v2\/types\/page"}],"author":[{"embeddable":true,"href":"https:\/\/projects.nib.si\/obrockanjesov-it\/wp-json\/wp\/v2\/users\/23"}],"replies":[{"embeddable":true,"href":"https:\/\/projects.nib.si\/obrockanjesov-it\/wp-json\/wp\/v2\/comments?post=1107"}],"version-history":[{"count":5,"href":"https:\/\/projects.nib.si\/obrockanjesov-it\/wp-json\/wp\/v2\/pages\/1107\/revisions"}],"predecessor-version":[{"id":1261,"href":"https:\/\/projects.nib.si\/obrockanjesov-it\/wp-json\/wp\/v2\/pages\/1107\/revisions\/1261"}],"up":[{"embeddable":true,"href":"https:\/\/projects.nib.si\/obrockanjesov-it\/wp-json\/wp\/v2\/pages\/1065"}],"wp:attachment":[{"href":"https:\/\/projects.nib.si\/obrockanjesov-it\/wp-json\/wp\/v2\/media?parent=1107"}],"curies":[{"name":"wp","href":"https:\/\/api.w.org\/{rel}","templated":true}]}}

<div class="wp-block-columns is-layout-flex wp-container-core-columns-is-layout-9d6595d7 wp-block-columns-is-layout-flex">
<div class="wp-block-column is-layout-flow wp-block-column-is-layout-flow">
<figure class="wp-block-image size-large"><img loading="lazy" decoding="async" width="1024" height="575" data-attachment-id="1071" data-permalink="https://projects.nib.si/obrockanjesov-it/sove-strigiformes/lesna-sova/lesna-cas/lesna-pomlad/saluco-pomlad-letalna_juvad/" data-orig-file="https://projects.nib.si/obrockanjesov-it/wp-content/uploads/sites/77/2026/02/Saluco-pomlad-letalna_juvad.jpg" data-orig-size="1280,719" data-comments-opened="0" data-image-meta="{&quot;aperture&quot;:&quot;0&quot;,&quot;credit&quot;:&quot;&quot;,&quot;camera&quot;:&quot;&quot;,&quot;caption&quot;:&quot;&quot;,&quot;created_timestamp&quot;:&quot;0&quot;,&quot;copyright&quot;:&quot;&quot;,&quot;focal_length&quot;:&quot;0&quot;,&quot;iso&quot;:&quot;0&quot;,&quot;shutter_speed&quot;:&quot;0&quot;,&quot;title&quot;:&quot;&quot;,&quot;orientation&quot;:&quot;0&quot;}" data-image-title="Saluco-pomlad-letalna_juvad" data-image-description="" data-image-caption="" data-medium-file="https://projects.nib.si/obrockanjesov-it/wp-content/uploads/sites/77/2026/02/Saluco-pomlad-letalna_juvad-300x169.jpg" data-large-file="https://projects.nib.si/obrockanjesov-it/wp-content/uploads/sites/77/2026/02/Saluco-pomlad-letalna_juvad-1024x575.jpg" src="http://projects.nib.si/obrockanjesov-it/wp-content/uploads/sites/77/2026/02/Saluco-pomlad-letalna_juvad-1024x575.jpg" alt="" class="wp-image-1071" srcset="https://projects.nib.si/obrockanjesov-it/wp-content/uploads/sites/77/2026/02/Saluco-pomlad-letalna_juvad-1024x575.jpg 1024w, https://projects.nib.si/obrockanjesov-it/wp-content/uploads/sites/77/2026/02/Saluco-pomlad-letalna_juvad-300x169.jpg 300w, https://projects.nib.si/obrockanjesov-it/wp-content/uploads/sites/77/2026/02/Saluco-pomlad-letalna_juvad-1200x674.jpg 1200w, https://projects.nib.si/obrockanjesov-it/wp-content/uploads/sites/77/2026/02/Saluco-pomlad-letalna_juvad.jpg 1280w" sizes="auto, (max-width: 709px) 85vw, (max-width: 909px) 67vw, (max-width: 1362px) 62vw, 840px" /></figure>



<p>Le penne adulte hanno sulla punta una barra scura più spessa e mai interrotta. Le punte chiare delle penne sono più larghe che nei giovani.</p>



<div class="wp-block-buttons is-layout-flex wp-block-buttons-is-layout-flex">
<div class="wp-block-button has-custom-width wp-block-button__width-100"><a class="wp-block-button__link wp-element-button" href="https://projects.nib.si/obrockanjesov-it/sove-strigiformes/lesna-sova/lesna-cas/lesna-jesen/lesna-jesen-letalna_ad/">Almeno una penna adulta</a></div>
</div>
</div>



<div class="wp-block-column is-layout-flow wp-block-column-is-layout-flow">
<figure class="wp-block-image size-large"><img loading="lazy" decoding="async" width="1024" height="575" data-attachment-id="1070" data-permalink="https://projects.nib.si/obrockanjesov-it/sove-strigiformes/lesna-sova/lesna-cas/lesna-pomlad/saluco-pomlad-letalna_juv/" data-orig-file="https://projects.nib.si/obrockanjesov-it/wp-content/uploads/sites/77/2026/02/Saluco-pomlad-letalna_juv.jpg" data-orig-size="1280,719" data-comments-opened="0" data-image-meta="{&quot;aperture&quot;:&quot;0&quot;,&quot;credit&quot;:&quot;&quot;,&quot;camera&quot;:&quot;&quot;,&quot;caption&quot;:&quot;&quot;,&quot;created_timestamp&quot;:&quot;0&quot;,&quot;copyright&quot;:&quot;&quot;,&quot;focal_length&quot;:&quot;0&quot;,&quot;iso&quot;:&quot;0&quot;,&quot;shutter_speed&quot;:&quot;0&quot;,&quot;title&quot;:&quot;&quot;,&quot;orientation&quot;:&quot;0&quot;}" data-image-title="Saluco-pomlad-letalna_juv" data-image-description="" data-image-caption="" data-medium-file="https://projects.nib.si/obrockanjesov-it/wp-content/uploads/sites/77/2026/02/Saluco-pomlad-letalna_juv-300x169.jpg" data-large-file="https://projects.nib.si/obrockanjesov-it/wp-content/uploads/sites/77/2026/02/Saluco-pomlad-letalna_juv-1024x575.jpg" src="http://projects.nib.si/obrockanjesov-it/wp-content/uploads/sites/77/2026/02/Saluco-pomlad-letalna_juv-1024x575.jpg" alt="" class="wp-image-1070" srcset="https://projects.nib.si/obrockanjesov-it/wp-content/uploads/sites/77/2026/02/Saluco-pomlad-letalna_juv-1024x575.jpg 1024w, https://projects.nib.si/obrockanjesov-it/wp-content/uploads/sites/77/2026/02/Saluco-pomlad-letalna_juv-300x169.jpg 300w, https://projects.nib.si/obrockanjesov-it/wp-content/uploads/sites/77/2026/02/Saluco-pomlad-letalna_juv-1200x674.jpg 1200w, https://projects.nib.si/obrockanjesov-it/wp-content/uploads/sites/77/2026/02/Saluco-pomlad-letalna_juv.jpg 1280w" sizes="auto, (max-width: 709px) 85vw, (max-width: 909px) 67vw, (max-width: 1362px) 62vw, 840px" /></figure>



<p>Le penne giovanili hanno sulla punta una caratteristica barra scura aggiuntiva, più sottile e spesso interrotta, che non è presente sulle penne adulte. Le punte chiare delle penne sono più strette che negli adulti.</p>



<div class="wp-block-buttons is-layout-flex wp-block-buttons-is-layout-flex">
<div class="wp-block-button has-custom-width wp-block-button__width-100"><a class="wp-block-button__link wp-element-button" href="https://projects.nib.si/obrockanjesov-it/sove-strigiformes/lesna-sova/lesna-cas/lesna-jesen/lesna-jesen-1y/">Tutte le penne giovanili</a></div>
</div>
</div>
</div>

<p>Le penne adulte hanno sulla punta una barra scura più spessa e mai interrotta. Le punte chiare delle penne sono più larghe che nei giovani. Le penne giovanili hanno sulla punta una caratteristica barra scura aggiuntiva, più sottile e spesso interrotta, che non è presente sulle penne adulte. Le punte chiare delle penne sono più &hellip; <a href="https://projects.nib.si/obrockanjesov-it/sove-strigiformes/lesna-sova/lesna-cas/lesna-jesen/" class="more-link">Preberi več<span class="screen-reader-text"> &#8220;L’uccello ha almeno una penna di volo adulta (remiganti primarie e secondarie)?&#8221;</span></a></p>
