{"id":919,"date":"2026-02-15T12:16:28","date_gmt":"2026-02-15T11:16:28","guid":{"rendered":"https:\/\/projects.nib.si\/obrockanjesov-it\/?page_id=919"},"modified":"2026-03-08T09:22:51","modified_gmt":"2026-03-08T08:22:51","slug":"kozaca-pomlad-juv-adad","status":"publish","type":"page","link":"https:\/\/projects.nib.si\/obrockanjesov-it\/sove-strigiformes\/kozaca\/kozaca-cas\/kozaca-jesen\/kozaca-pomlad-juv_ad\/kozaca-pomlad-juv-adad\/","title":{"rendered":"Oltre alle penne giovanili sono presenti penne adulte di una o due generazioni?"},"content":{"rendered":"\n<div class=\"wp-block-columns is-layout-flex wp-container-core-columns-is-layout-9d6595d7 wp-block-columns-is-layout-flex\">\n<div class=\"wp-block-column is-layout-flow wp-block-column-is-layout-flow\">\n<figure class=\"wp-block-image size-large\"><img loading=\"lazy\" decoding=\"async\" width=\"1024\" height=\"635\" data-attachment-id=\"921\" data-permalink=\"https:\/\/projects.nib.si\/obrockanjesov-it\/sove-strigiformes\/kozaca\/kozaca-cas\/kozaca-jesen\/kozaca-pomlad-juv_ad\/kozaca-pomlad-juv-adad\/suralensis-letalna-juv_1ad\/\" data-orig-file=\"https:\/\/projects.nib.si\/obrockanjesov-it\/wp-content\/uploads\/sites\/77\/2026\/02\/Suralensis-letalna-juv_1ad.jpg\" data-orig-size=\"1280,794\" data-comments-opened=\"0\" data-image-meta=\"{&quot;aperture&quot;:&quot;0&quot;,&quot;credit&quot;:&quot;&quot;,&quot;camera&quot;:&quot;&quot;,&quot;caption&quot;:&quot;&quot;,&quot;created_timestamp&quot;:&quot;0&quot;,&quot;copyright&quot;:&quot;&quot;,&quot;focal_length&quot;:&quot;0&quot;,&quot;iso&quot;:&quot;0&quot;,&quot;shutter_speed&quot;:&quot;0&quot;,&quot;title&quot;:&quot;&quot;,&quot;orientation&quot;:&quot;0&quot;}\" data-image-title=\"Suralensis-letalna-juv_1ad\" data-image-description=\"\" data-image-caption=\"\" data-medium-file=\"https:\/\/projects.nib.si\/obrockanjesov-it\/wp-content\/uploads\/sites\/77\/2026\/02\/Suralensis-letalna-juv_1ad-300x186.jpg\" data-large-file=\"https:\/\/projects.nib.si\/obrockanjesov-it\/wp-content\/uploads\/sites\/77\/2026\/02\/Suralensis-letalna-juv_1ad-1024x635.jpg\" src=\"http:\/\/projects.nib.si\/obrockanjesov-it\/wp-content\/uploads\/sites\/77\/2026\/02\/Suralensis-letalna-juv_1ad-1024x635.jpg\" alt=\"\" class=\"wp-image-921\" srcset=\"https:\/\/projects.nib.si\/obrockanjesov-it\/wp-content\/uploads\/sites\/77\/2026\/02\/Suralensis-letalna-juv_1ad-1024x635.jpg 1024w, https:\/\/projects.nib.si\/obrockanjesov-it\/wp-content\/uploads\/sites\/77\/2026\/02\/Suralensis-letalna-juv_1ad-300x186.jpg 300w, https:\/\/projects.nib.si\/obrockanjesov-it\/wp-content\/uploads\/sites\/77\/2026\/02\/Suralensis-letalna-juv_1ad-1200x744.jpg 1200w, https:\/\/projects.nib.si\/obrockanjesov-it\/wp-content\/uploads\/sites\/77\/2026\/02\/Suralensis-letalna-juv_1ad.jpg 1280w\" sizes=\"auto, (max-width: 709px) 85vw, (max-width: 909px) 67vw, (max-width: 1362px) 62vw, 840px\" \/><\/figure>\n\n\n\n<div class=\"wp-block-buttons is-layout-flex wp-block-buttons-is-layout-flex\">\n<div class=\"wp-block-button has-custom-width wp-block-button__width-100\"><a class=\"wp-block-button__link wp-element-button\" href=\"https:\/\/projects.nib.si\/obrockanjesov-it\/sove-strigiformes\/kozaca\/kozaca-cas\/kozaca-pomlad-ad\/kozaca-pomlad-juv_ad\/kozaca-pomlad-juv-adad\/kozaca-pomlad-3y\/\">Penne giovanili + 1 generazione di penne adulte<\/a><\/div>\n<\/div>\n\n\n\n<p>Le penne giovanili (J) sono visibilmente pi\u00f9 chiare e pi\u00f9 strette delle adulte, con barre scure pi\u00f9 sottili. Tra le penne adulte non \u00e8 visibile alcuna differenza di tonalit\u00e0 di colore.<\/p>\n<\/div>\n\n\n\n<div class=\"wp-block-column is-layout-flow wp-block-column-is-layout-flow\">\n<figure class=\"wp-block-image size-large\"><img loading=\"lazy\" decoding=\"async\" width=\"1024\" height=\"626\" data-attachment-id=\"920\" data-permalink=\"https:\/\/projects.nib.si\/obrockanjesov-it\/sove-strigiformes\/kozaca\/kozaca-cas\/kozaca-jesen\/kozaca-pomlad-juv_ad\/kozaca-pomlad-juv-adad\/suralensis-letalna-juv_2ad\/\" data-orig-file=\"https:\/\/projects.nib.si\/obrockanjesov-it\/wp-content\/uploads\/sites\/77\/2026\/02\/Suralensis-letalna-juv_2ad.jpg\" data-orig-size=\"1280,782\" data-comments-opened=\"0\" data-image-meta=\"{&quot;aperture&quot;:&quot;0&quot;,&quot;credit&quot;:&quot;&quot;,&quot;camera&quot;:&quot;&quot;,&quot;caption&quot;:&quot;&quot;,&quot;created_timestamp&quot;:&quot;0&quot;,&quot;copyright&quot;:&quot;&quot;,&quot;focal_length&quot;:&quot;0&quot;,&quot;iso&quot;:&quot;0&quot;,&quot;shutter_speed&quot;:&quot;0&quot;,&quot;title&quot;:&quot;&quot;,&quot;orientation&quot;:&quot;0&quot;}\" data-image-title=\"Suralensis-letalna-juv_2ad\" data-image-description=\"\" data-image-caption=\"\" data-medium-file=\"https:\/\/projects.nib.si\/obrockanjesov-it\/wp-content\/uploads\/sites\/77\/2026\/02\/Suralensis-letalna-juv_2ad-300x183.jpg\" data-large-file=\"https:\/\/projects.nib.si\/obrockanjesov-it\/wp-content\/uploads\/sites\/77\/2026\/02\/Suralensis-letalna-juv_2ad-1024x626.jpg\" src=\"http:\/\/projects.nib.si\/obrockanjesov-it\/wp-content\/uploads\/sites\/77\/2026\/02\/Suralensis-letalna-juv_2ad-1024x626.jpg\" alt=\"\" class=\"wp-image-920\" srcset=\"https:\/\/projects.nib.si\/obrockanjesov-it\/wp-content\/uploads\/sites\/77\/2026\/02\/Suralensis-letalna-juv_2ad-1024x626.jpg 1024w, https:\/\/projects.nib.si\/obrockanjesov-it\/wp-content\/uploads\/sites\/77\/2026\/02\/Suralensis-letalna-juv_2ad-300x183.jpg 300w, https:\/\/projects.nib.si\/obrockanjesov-it\/wp-content\/uploads\/sites\/77\/2026\/02\/Suralensis-letalna-juv_2ad-1200x733.jpg 1200w, https:\/\/projects.nib.si\/obrockanjesov-it\/wp-content\/uploads\/sites\/77\/2026\/02\/Suralensis-letalna-juv_2ad.jpg 1280w\" sizes=\"auto, (max-width: 709px) 85vw, (max-width: 909px) 67vw, (max-width: 1362px) 62vw, 840px\" \/><\/figure>\n\n\n\n<div class=\"wp-block-buttons is-layout-flex wp-block-buttons-is-layout-flex\">\n<div class=\"wp-block-button has-custom-width wp-block-button__width-100\"><a class=\"wp-block-button__link wp-element-button\" href=\"https:\/\/projects.nib.si\/obrockanjesov-it\/sove-strigiformes\/kozaca\/kozaca-cas\/kozaca-pomlad-ad\/kozaca-pomlad-juv_ad\/kozaca-pomlad-juv-adad\/kozaca-pomlad-4y\/\">Penne giovanili + 2 generazioni di penne adulte<\/a><\/div>\n<\/div>\n\n\n\n<p>JLe penne giovanili (J) sono visibilmente usurate e pi\u00f9 chiare delle altre penne. Tra le altre penne adulte \u00e8 visibile un contrasto (due generazioni di penne adulte), per cui alcune primarie adulte sono visibilmente pi\u00f9 chiare e pi\u00f9 usurate, poich\u00e9 appartengono alla prima generazione di penne adulte (O1). <strong>Caso raro, poich\u00e9 questa et\u00e0 non \u00e8 determinabile in tutti gli individui!<\/strong><\/p>\n<\/div>\n<\/div>\n","protected":false},"excerpt":{"rendered":"<p>Le penne giovanili (J) sono visibilmente pi\u00f9 chiare e pi\u00f9 strette delle adulte, con barre scure pi\u00f9 sottili. Tra le penne adulte non \u00e8 visibile alcuna differenza di tonalit\u00e0 di colore. JLe penne giovanili (J) sono visibilmente usurate e pi\u00f9 chiare delle altre penne. Tra le altre penne adulte \u00e8 visibile un contrasto (due generazioni &hellip; <a href=\"https:\/\/projects.nib.si\/obrockanjesov-it\/sove-strigiformes\/kozaca\/kozaca-cas\/kozaca-jesen\/kozaca-pomlad-juv_ad\/kozaca-pomlad-juv-adad\/\" class=\"more-link\">Preberi ve\u010d<span class=\"screen-reader-text\"> &#8220;Oltre alle penne giovanili sono presenti penne adulte di una o due generazioni?&#8221;<\/span><\/a><\/p>\n","protected":false},"author":23,"featured_media":0,"parent":914,"menu_order":0,"comment_status":"closed","ping_status":"closed","template":"","meta":{"jetpack_post_was_ever_published":false,"footnotes":""},"class_list":["post-919","page","type-page","status-publish","hentry"],"jetpack_sharing_enabled":true,"jetpack_shortlink":"https:\/\/wp.me\/Ph8Nat-eP","_links":{"self":[{"href":"https:\/\/projects.nib.si\/obrockanjesov-it\/wp-json\/wp\/v2\/pages\/919","targetHints":{"allow":["GET"]}}],"collection":[{"href":"https:\/\/projects.nib.si\/obrockanjesov-it\/wp-json\/wp\/v2\/pages"}],"about":[{"href":"https:\/\/projects.nib.si\/obrockanjesov-it\/wp-json\/wp\/v2\/types\/page"}],"author":[{"embeddable":true,"href":"https:\/\/projects.nib.si\/obrockanjesov-it\/wp-json\/wp\/v2\/users\/23"}],"replies":[{"embeddable":true,"href":"https:\/\/projects.nib.si\/obrockanjesov-it\/wp-json\/wp\/v2\/comments?post=919"}],"version-history":[{"count":3,"href":"https:\/\/projects.nib.si\/obrockanjesov-it\/wp-json\/wp\/v2\/pages\/919\/revisions"}],"predecessor-version":[{"id":1273,"href":"https:\/\/projects.nib.si\/obrockanjesov-it\/wp-json\/wp\/v2\/pages\/919\/revisions\/1273"}],"up":[{"embeddable":true,"href":"https:\/\/projects.nib.si\/obrockanjesov-it\/wp-json\/wp\/v2\/pages\/914"}],"wp:attachment":[{"href":"https:\/\/projects.nib.si\/obrockanjesov-it\/wp-json\/wp\/v2\/media?parent=919"}],"curies":[{"name":"wp","href":"https:\/\/api.w.org\/{rel}","templated":true}]}}