{"id":1000,"date":"2026-02-16T15:07:00","date_gmt":"2026-02-16T14:07:00","guid":{"rendered":"https:\/\/projects.nib.si\/obrockanjesov\/?page_id=1000"},"modified":"2026-02-16T15:08:11","modified_gmt":"2026-02-16T14:08:11","slug":"lesna-prsa-rj_da","status":"publish","type":"page","link":"https:\/\/projects.nib.si\/obrockanjesov\/sove-strigiformes\/lesna-sova\/lesna-barvneoblike\/lesna-normalna\/lesna-normalnard\/lesna-prsa-rjava\/lesna-prsa-rj_da\/","title":{"rendered":"Rde\u010da barvna oblika lesne sove"},"content":{"rendered":"\n<div class=\"wp-block-columns is-layout-flex wp-container-core-columns-is-layout-9d6595d7 wp-block-columns-is-layout-flex\">\n<div class=\"wp-block-column is-layout-flow wp-block-column-is-layout-flow\">\n<figure class=\"wp-block-image size-large\"><img loading=\"lazy\" decoding=\"async\" width=\"738\" height=\"1024\" data-attachment-id=\"1002\" data-permalink=\"https:\/\/projects.nib.si\/obrockanjesov\/sove-strigiformes\/lesna-sova\/lesna-barvneoblike\/lesna-normalna\/lesna-normalnard\/lesna-prsa-rjava\/lesna-prsa-rj_da\/saluco-prsa-rj-rd\/\" data-orig-file=\"https:\/\/projects.nib.si\/obrockanjesov\/wp-content\/uploads\/sites\/70\/2026\/02\/Saluco-prsa-rj-rd.jpg\" data-orig-size=\"805,1117\" data-comments-opened=\"0\" data-image-meta=\"{&quot;aperture&quot;:&quot;0&quot;,&quot;credit&quot;:&quot;&quot;,&quot;camera&quot;:&quot;&quot;,&quot;caption&quot;:&quot;&quot;,&quot;created_timestamp&quot;:&quot;0&quot;,&quot;copyright&quot;:&quot;&quot;,&quot;focal_length&quot;:&quot;0&quot;,&quot;iso&quot;:&quot;0&quot;,&quot;shutter_speed&quot;:&quot;0&quot;,&quot;title&quot;:&quot;&quot;,&quot;orientation&quot;:&quot;0&quot;}\" data-image-title=\"Saluco-prsa-rj-rd\" data-image-description=\"\" data-image-caption=\"\" data-medium-file=\"https:\/\/projects.nib.si\/obrockanjesov\/wp-content\/uploads\/sites\/70\/2026\/02\/Saluco-prsa-rj-rd-216x300.jpg\" data-large-file=\"https:\/\/projects.nib.si\/obrockanjesov\/wp-content\/uploads\/sites\/70\/2026\/02\/Saluco-prsa-rj-rd-738x1024.jpg\" src=\"http:\/\/projects.nib.si\/obrockanjesov\/wp-content\/uploads\/sites\/70\/2026\/02\/Saluco-prsa-rj-rd-738x1024.jpg\" alt=\"\" class=\"wp-image-1002\" srcset=\"https:\/\/projects.nib.si\/obrockanjesov\/wp-content\/uploads\/sites\/70\/2026\/02\/Saluco-prsa-rj-rd-738x1024.jpg 738w, https:\/\/projects.nib.si\/obrockanjesov\/wp-content\/uploads\/sites\/70\/2026\/02\/Saluco-prsa-rj-rd-216x300.jpg 216w, https:\/\/projects.nib.si\/obrockanjesov\/wp-content\/uploads\/sites\/70\/2026\/02\/Saluco-prsa-rj-rd.jpg 805w\" sizes=\"auto, (max-width: 738px) 85vw, 738px\" \/><\/figure>\n\n\n\n<p>Odrasla lesna sova ekstremno rde\u010de barvne oblike.<\/p>\n<\/div>\n\n\n\n<div class=\"wp-block-column is-layout-flow wp-block-column-is-layout-flow\">\n<figure class=\"wp-block-image size-large\"><img loading=\"lazy\" decoding=\"async\" width=\"738\" height=\"1024\" data-attachment-id=\"1001\" data-permalink=\"https:\/\/projects.nib.si\/obrockanjesov\/sove-strigiformes\/lesna-sova\/lesna-barvneoblike\/lesna-normalna\/lesna-normalnard\/lesna-prsa-rjava\/lesna-prsa-rj_da\/saluco-prsa-rj-rd-juv\/\" data-orig-file=\"https:\/\/projects.nib.si\/obrockanjesov\/wp-content\/uploads\/sites\/70\/2026\/02\/Saluco-prsa-rj-rd-juv.jpg\" data-orig-size=\"1280,1777\" data-comments-opened=\"0\" data-image-meta=\"{&quot;aperture&quot;:&quot;0&quot;,&quot;credit&quot;:&quot;&quot;,&quot;camera&quot;:&quot;&quot;,&quot;caption&quot;:&quot;&quot;,&quot;created_timestamp&quot;:&quot;0&quot;,&quot;copyright&quot;:&quot;&quot;,&quot;focal_length&quot;:&quot;0&quot;,&quot;iso&quot;:&quot;0&quot;,&quot;shutter_speed&quot;:&quot;0&quot;,&quot;title&quot;:&quot;&quot;,&quot;orientation&quot;:&quot;0&quot;}\" data-image-title=\"Saluco-prsa-rj-rd-juv\" data-image-description=\"\" data-image-caption=\"\" data-medium-file=\"https:\/\/projects.nib.si\/obrockanjesov\/wp-content\/uploads\/sites\/70\/2026\/02\/Saluco-prsa-rj-rd-juv-216x300.jpg\" data-large-file=\"https:\/\/projects.nib.si\/obrockanjesov\/wp-content\/uploads\/sites\/70\/2026\/02\/Saluco-prsa-rj-rd-juv-738x1024.jpg\" src=\"http:\/\/projects.nib.si\/obrockanjesov\/wp-content\/uploads\/sites\/70\/2026\/02\/Saluco-prsa-rj-rd-juv-738x1024.jpg\" alt=\"\" class=\"wp-image-1001\" srcset=\"https:\/\/projects.nib.si\/obrockanjesov\/wp-content\/uploads\/sites\/70\/2026\/02\/Saluco-prsa-rj-rd-juv-738x1024.jpg 738w, https:\/\/projects.nib.si\/obrockanjesov\/wp-content\/uploads\/sites\/70\/2026\/02\/Saluco-prsa-rj-rd-juv-216x300.jpg 216w, https:\/\/projects.nib.si\/obrockanjesov\/wp-content\/uploads\/sites\/70\/2026\/02\/Saluco-prsa-rj-rd-juv-1106x1536.jpg 1106w, https:\/\/projects.nib.si\/obrockanjesov\/wp-content\/uploads\/sites\/70\/2026\/02\/Saluco-prsa-rj-rd-juv-1200x1666.jpg 1200w, https:\/\/projects.nib.si\/obrockanjesov\/wp-content\/uploads\/sites\/70\/2026\/02\/Saluco-prsa-rj-rd-juv.jpg 1280w\" sizes=\"auto, (max-width: 738px) 85vw, 738px\" \/><\/figure>\n\n\n\n<p>Mladi\u010d lesne sove ekstremno rde\u010de barvne oblike. Bodite pozorni tudi na rde\u010dkasto barvo nog.\u00a0<\/p>\n<\/div>\n<\/div>\n","protected":false},"excerpt":{"rendered":"<p>Odrasla lesna sova ekstremno rde\u010de barvne oblike. Mladi\u010d lesne sove ekstremno rde\u010de barvne oblike. Bodite pozorni tudi na rde\u010dkasto barvo nog.\u00a0<\/p>\n","protected":false},"author":23,"featured_media":0,"parent":995,"menu_order":0,"comment_status":"closed","ping_status":"closed","template":"","meta":{"jetpack_post_was_ever_published":false,"footnotes":""},"class_list":["post-1000","page","type-page","status-publish","hentry"],"jetpack_sharing_enabled":true,"jetpack_shortlink":"https:\/\/wp.me\/Ph8Nal-g8","_links":{"self":[{"href":"https:\/\/projects.nib.si\/obrockanjesov\/wp-json\/wp\/v2\/pages\/1000","targetHints":{"allow":["GET"]}}],"collection":[{"href":"https:\/\/projects.nib.si\/obrockanjesov\/wp-json\/wp\/v2\/pages"}],"about":[{"href":"https:\/\/projects.nib.si\/obrockanjesov\/wp-json\/wp\/v2\/types\/page"}],"author":[{"embeddable":true,"href":"https:\/\/projects.nib.si\/obrockanjesov\/wp-json\/wp\/v2\/users\/23"}],"replies":[{"embeddable":true,"href":"https:\/\/projects.nib.si\/obrockanjesov\/wp-json\/wp\/v2\/comments?post=1000"}],"version-history":[{"count":1,"href":"https:\/\/projects.nib.si\/obrockanjesov\/wp-json\/wp\/v2\/pages\/1000\/revisions"}],"predecessor-version":[{"id":1003,"href":"https:\/\/projects.nib.si\/obrockanjesov\/wp-json\/wp\/v2\/pages\/1000\/revisions\/1003"}],"up":[{"embeddable":true,"href":"https:\/\/projects.nib.si\/obrockanjesov\/wp-json\/wp\/v2\/pages\/995"}],"wp:attachment":[{"href":"https:\/\/projects.nib.si\/obrockanjesov\/wp-json\/wp\/v2\/media?parent=1000"}],"curies":[{"name":"wp","href":"https:\/\/api.w.org\/{rel}","templated":true}]}}

Rdeča barvna oblika lesne sove

<div class="wp-block-columns is-layout-flex wp-container-core-columns-is-layout-9d6595d7 wp-block-columns-is-layout-flex">
<div class="wp-block-column is-layout-flow wp-block-column-is-layout-flow">
<figure class="wp-block-image size-large"><img loading="lazy" decoding="async" width="738" height="1024" data-attachment-id="1002" data-permalink="https://projects.nib.si/obrockanjesov/sove-strigiformes/lesna-sova/lesna-barvneoblike/lesna-normalna/lesna-normalnard/lesna-prsa-rjava/lesna-prsa-rj_da/saluco-prsa-rj-rd/" data-orig-file="https://projects.nib.si/obrockanjesov/wp-content/uploads/sites/70/2026/02/Saluco-prsa-rj-rd.jpg" data-orig-size="805,1117" data-comments-opened="0" data-image-meta="{&quot;aperture&quot;:&quot;0&quot;,&quot;credit&quot;:&quot;&quot;,&quot;camera&quot;:&quot;&quot;,&quot;caption&quot;:&quot;&quot;,&quot;created_timestamp&quot;:&quot;0&quot;,&quot;copyright&quot;:&quot;&quot;,&quot;focal_length&quot;:&quot;0&quot;,&quot;iso&quot;:&quot;0&quot;,&quot;shutter_speed&quot;:&quot;0&quot;,&quot;title&quot;:&quot;&quot;,&quot;orientation&quot;:&quot;0&quot;}" data-image-title="Saluco-prsa-rj-rd" data-image-description="" data-image-caption="" data-medium-file="https://projects.nib.si/obrockanjesov/wp-content/uploads/sites/70/2026/02/Saluco-prsa-rj-rd-216x300.jpg" data-large-file="https://projects.nib.si/obrockanjesov/wp-content/uploads/sites/70/2026/02/Saluco-prsa-rj-rd-738x1024.jpg" src="http://projects.nib.si/obrockanjesov/wp-content/uploads/sites/70/2026/02/Saluco-prsa-rj-rd-738x1024.jpg" alt="" class="wp-image-1002" srcset="https://projects.nib.si/obrockanjesov/wp-content/uploads/sites/70/2026/02/Saluco-prsa-rj-rd-738x1024.jpg 738w, https://projects.nib.si/obrockanjesov/wp-content/uploads/sites/70/2026/02/Saluco-prsa-rj-rd-216x300.jpg 216w, https://projects.nib.si/obrockanjesov/wp-content/uploads/sites/70/2026/02/Saluco-prsa-rj-rd.jpg 805w" sizes="auto, (max-width: 738px) 85vw, 738px" /></figure>



<p>Odrasla lesna sova ekstremno rdeče barvne oblike.</p>
</div>



<div class="wp-block-column is-layout-flow wp-block-column-is-layout-flow">
<figure class="wp-block-image size-large"><img loading="lazy" decoding="async" width="738" height="1024" data-attachment-id="1001" data-permalink="https://projects.nib.si/obrockanjesov/sove-strigiformes/lesna-sova/lesna-barvneoblike/lesna-normalna/lesna-normalnard/lesna-prsa-rjava/lesna-prsa-rj_da/saluco-prsa-rj-rd-juv/" data-orig-file="https://projects.nib.si/obrockanjesov/wp-content/uploads/sites/70/2026/02/Saluco-prsa-rj-rd-juv.jpg" data-orig-size="1280,1777" data-comments-opened="0" data-image-meta="{&quot;aperture&quot;:&quot;0&quot;,&quot;credit&quot;:&quot;&quot;,&quot;camera&quot;:&quot;&quot;,&quot;caption&quot;:&quot;&quot;,&quot;created_timestamp&quot;:&quot;0&quot;,&quot;copyright&quot;:&quot;&quot;,&quot;focal_length&quot;:&quot;0&quot;,&quot;iso&quot;:&quot;0&quot;,&quot;shutter_speed&quot;:&quot;0&quot;,&quot;title&quot;:&quot;&quot;,&quot;orientation&quot;:&quot;0&quot;}" data-image-title="Saluco-prsa-rj-rd-juv" data-image-description="" data-image-caption="" data-medium-file="https://projects.nib.si/obrockanjesov/wp-content/uploads/sites/70/2026/02/Saluco-prsa-rj-rd-juv-216x300.jpg" data-large-file="https://projects.nib.si/obrockanjesov/wp-content/uploads/sites/70/2026/02/Saluco-prsa-rj-rd-juv-738x1024.jpg" src="http://projects.nib.si/obrockanjesov/wp-content/uploads/sites/70/2026/02/Saluco-prsa-rj-rd-juv-738x1024.jpg" alt="" class="wp-image-1001" srcset="https://projects.nib.si/obrockanjesov/wp-content/uploads/sites/70/2026/02/Saluco-prsa-rj-rd-juv-738x1024.jpg 738w, https://projects.nib.si/obrockanjesov/wp-content/uploads/sites/70/2026/02/Saluco-prsa-rj-rd-juv-216x300.jpg 216w, https://projects.nib.si/obrockanjesov/wp-content/uploads/sites/70/2026/02/Saluco-prsa-rj-rd-juv-1106x1536.jpg 1106w, https://projects.nib.si/obrockanjesov/wp-content/uploads/sites/70/2026/02/Saluco-prsa-rj-rd-juv-1200x1666.jpg 1200w, https://projects.nib.si/obrockanjesov/wp-content/uploads/sites/70/2026/02/Saluco-prsa-rj-rd-juv.jpg 1280w" sizes="auto, (max-width: 738px) 85vw, 738px" /></figure>



<p>Mladič lesne sove ekstremno rdeče barvne oblike. Bodite pozorni tudi na rdečkasto barvo nog. </p>
</div>
</div>

<p>Odrasla lesna sova ekstremno rdeče barvne oblike. Mladič lesne sove ekstremno rdeče barvne oblike. Bodite pozorni tudi na rdečkasto barvo nog. </p>
