{"id":1107,"date":"2026-02-17T09:42:06","date_gmt":"2026-02-17T08:42:06","guid":{"rendered":"https:\/\/projects.nib.si\/obrockanjesov\/?page_id=1107"},"modified":"2026-02-17T10:29:53","modified_gmt":"2026-02-17T09:29:53","slug":"lesna-jesen","status":"publish","type":"page","link":"https:\/\/projects.nib.si\/obrockanjesov\/sove-strigiformes\/lesna-sova\/lesna-cas\/lesna-jesen\/","title":{"rendered":"Ali ima ptica vsaj eno letalno pero odraslo (primarna in sekundarna)?"},"content":{"rendered":"\n<div class=\"wp-block-columns is-layout-flex wp-container-core-columns-is-layout-9d6595d7 wp-block-columns-is-layout-flex\">\n<div class=\"wp-block-column is-layout-flow wp-block-column-is-layout-flow\">\n<figure class=\"wp-block-image size-large\"><img loading=\"lazy\" decoding=\"async\" width=\"1024\" height=\"575\" data-attachment-id=\"1071\" data-permalink=\"https:\/\/projects.nib.si\/obrockanjesov\/sove-strigiformes\/lesna-sova\/lesna-cas\/lesna-pomlad\/saluco-pomlad-letalna_juvad\/\" data-orig-file=\"https:\/\/projects.nib.si\/obrockanjesov\/wp-content\/uploads\/sites\/70\/2026\/02\/Saluco-pomlad-letalna_juvad.jpg\" data-orig-size=\"1280,719\" data-comments-opened=\"0\" data-image-meta=\"{&quot;aperture&quot;:&quot;0&quot;,&quot;credit&quot;:&quot;&quot;,&quot;camera&quot;:&quot;&quot;,&quot;caption&quot;:&quot;&quot;,&quot;created_timestamp&quot;:&quot;0&quot;,&quot;copyright&quot;:&quot;&quot;,&quot;focal_length&quot;:&quot;0&quot;,&quot;iso&quot;:&quot;0&quot;,&quot;shutter_speed&quot;:&quot;0&quot;,&quot;title&quot;:&quot;&quot;,&quot;orientation&quot;:&quot;0&quot;}\" data-image-title=\"Saluco-pomlad-letalna_juvad\" data-image-description=\"\" data-image-caption=\"\" data-medium-file=\"https:\/\/projects.nib.si\/obrockanjesov\/wp-content\/uploads\/sites\/70\/2026\/02\/Saluco-pomlad-letalna_juvad-300x169.jpg\" data-large-file=\"https:\/\/projects.nib.si\/obrockanjesov\/wp-content\/uploads\/sites\/70\/2026\/02\/Saluco-pomlad-letalna_juvad-1024x575.jpg\" src=\"http:\/\/projects.nib.si\/obrockanjesov\/wp-content\/uploads\/sites\/70\/2026\/02\/Saluco-pomlad-letalna_juvad-1024x575.jpg\" alt=\"\" class=\"wp-image-1071\" srcset=\"https:\/\/projects.nib.si\/obrockanjesov\/wp-content\/uploads\/sites\/70\/2026\/02\/Saluco-pomlad-letalna_juvad-1024x575.jpg 1024w, https:\/\/projects.nib.si\/obrockanjesov\/wp-content\/uploads\/sites\/70\/2026\/02\/Saluco-pomlad-letalna_juvad-300x169.jpg 300w, https:\/\/projects.nib.si\/obrockanjesov\/wp-content\/uploads\/sites\/70\/2026\/02\/Saluco-pomlad-letalna_juvad-1200x674.jpg 1200w, https:\/\/projects.nib.si\/obrockanjesov\/wp-content\/uploads\/sites\/70\/2026\/02\/Saluco-pomlad-letalna_juvad.jpg 1280w\" sizes=\"auto, (max-width: 709px) 85vw, (max-width: 909px) 67vw, (max-width: 1362px) 62vw, 840px\" \/><\/figure>\n\n\n\n<p>Odrasla peresa imajo na koncu letalnih peres debelej\u0161o in nikoli prekinjeno progo. Svetle konice peres so \u0161ir\u0161e kot pri juvenilnih.<\/p>\n\n\n\n<div class=\"wp-block-buttons is-layout-flex wp-block-buttons-is-layout-flex\">\n<div class=\"wp-block-button has-custom-width wp-block-button__width-100\"><a class=\"wp-block-button__link wp-element-button\" href=\"https:\/\/projects.nib.si\/obrockanjesov\/sove-strigiformes\/lesna-sova\/lesna-cas\/lesna-jesen\/lesna-jesen-letalna_ad\/\">Vsaj eno odraslo letalno pero<\/a><\/div>\n<\/div>\n<\/div>\n\n\n\n<div class=\"wp-block-column is-layout-flow wp-block-column-is-layout-flow\">\n<figure class=\"wp-block-image size-large\"><img loading=\"lazy\" decoding=\"async\" width=\"1024\" height=\"575\" data-attachment-id=\"1070\" data-permalink=\"https:\/\/projects.nib.si\/obrockanjesov\/sove-strigiformes\/lesna-sova\/lesna-cas\/lesna-pomlad\/saluco-pomlad-letalna_juv\/\" data-orig-file=\"https:\/\/projects.nib.si\/obrockanjesov\/wp-content\/uploads\/sites\/70\/2026\/02\/Saluco-pomlad-letalna_juv.jpg\" data-orig-size=\"1280,719\" data-comments-opened=\"0\" data-image-meta=\"{&quot;aperture&quot;:&quot;0&quot;,&quot;credit&quot;:&quot;&quot;,&quot;camera&quot;:&quot;&quot;,&quot;caption&quot;:&quot;&quot;,&quot;created_timestamp&quot;:&quot;0&quot;,&quot;copyright&quot;:&quot;&quot;,&quot;focal_length&quot;:&quot;0&quot;,&quot;iso&quot;:&quot;0&quot;,&quot;shutter_speed&quot;:&quot;0&quot;,&quot;title&quot;:&quot;&quot;,&quot;orientation&quot;:&quot;0&quot;}\" data-image-title=\"Saluco-pomlad-letalna_juv\" data-image-description=\"\" data-image-caption=\"\" data-medium-file=\"https:\/\/projects.nib.si\/obrockanjesov\/wp-content\/uploads\/sites\/70\/2026\/02\/Saluco-pomlad-letalna_juv-300x169.jpg\" data-large-file=\"https:\/\/projects.nib.si\/obrockanjesov\/wp-content\/uploads\/sites\/70\/2026\/02\/Saluco-pomlad-letalna_juv-1024x575.jpg\" src=\"http:\/\/projects.nib.si\/obrockanjesov\/wp-content\/uploads\/sites\/70\/2026\/02\/Saluco-pomlad-letalna_juv-1024x575.jpg\" alt=\"\" class=\"wp-image-1070\" srcset=\"https:\/\/projects.nib.si\/obrockanjesov\/wp-content\/uploads\/sites\/70\/2026\/02\/Saluco-pomlad-letalna_juv-1024x575.jpg 1024w, https:\/\/projects.nib.si\/obrockanjesov\/wp-content\/uploads\/sites\/70\/2026\/02\/Saluco-pomlad-letalna_juv-300x169.jpg 300w, https:\/\/projects.nib.si\/obrockanjesov\/wp-content\/uploads\/sites\/70\/2026\/02\/Saluco-pomlad-letalna_juv-1200x674.jpg 1200w, https:\/\/projects.nib.si\/obrockanjesov\/wp-content\/uploads\/sites\/70\/2026\/02\/Saluco-pomlad-letalna_juv.jpg 1280w\" sizes=\"auto, (max-width: 709px) 85vw, (max-width: 909px) 67vw, (max-width: 1362px) 62vw, 840px\" \/><\/figure>\n\n\n\n<p>Juvenilna peresa imajo na koncu letalnih peres zna\u010dilno dodatno tanj\u0161o in pogosto prekinjeno progo, \u010desar na odraslih peresih ni. Svetle konice peres so o\u017eje kot pri odraslih.<\/p>\n\n\n\n<div class=\"wp-block-buttons is-layout-flex wp-block-buttons-is-layout-flex\">\n<div class=\"wp-block-button has-custom-width wp-block-button__width-100\"><a class=\"wp-block-button__link wp-element-button\" href=\"https:\/\/projects.nib.si\/obrockanjesov\/sove-strigiformes\/lesna-sova\/lesna-cas\/lesna-jesen\/lesna-jesen-1y\/\">Vsa letalna peresa juvenilna<\/a><\/div>\n<\/div>\n<\/div>\n<\/div>\n","protected":false},"excerpt":{"rendered":"<p>Odrasla peresa imajo na koncu letalnih peres debelej\u0161o in nikoli prekinjeno progo. Svetle konice peres so \u0161ir\u0161e kot pri juvenilnih. Juvenilna peresa imajo na koncu letalnih peres zna\u010dilno dodatno tanj\u0161o in pogosto prekinjeno progo, \u010desar na odraslih peresih ni. Svetle konice peres so o\u017eje kot pri odraslih.<\/p>\n","protected":false},"author":23,"featured_media":0,"parent":1065,"menu_order":0,"comment_status":"closed","ping_status":"closed","template":"","meta":{"jetpack_post_was_ever_published":false,"footnotes":""},"class_list":["post-1107","page","type-page","status-publish","hentry"],"jetpack_sharing_enabled":true,"jetpack_shortlink":"https:\/\/wp.me\/Ph8Nal-hR","_links":{"self":[{"href":"https:\/\/projects.nib.si\/obrockanjesov\/wp-json\/wp\/v2\/pages\/1107","targetHints":{"allow":["GET"]}}],"collection":[{"href":"https:\/\/projects.nib.si\/obrockanjesov\/wp-json\/wp\/v2\/pages"}],"about":[{"href":"https:\/\/projects.nib.si\/obrockanjesov\/wp-json\/wp\/v2\/types\/page"}],"author":[{"embeddable":true,"href":"https:\/\/projects.nib.si\/obrockanjesov\/wp-json\/wp\/v2\/users\/23"}],"replies":[{"embeddable":true,"href":"https:\/\/projects.nib.si\/obrockanjesov\/wp-json\/wp\/v2\/comments?post=1107"}],"version-history":[{"count":4,"href":"https:\/\/projects.nib.si\/obrockanjesov\/wp-json\/wp\/v2\/pages\/1107\/revisions"}],"predecessor-version":[{"id":1117,"href":"https:\/\/projects.nib.si\/obrockanjesov\/wp-json\/wp\/v2\/pages\/1107\/revisions\/1117"}],"up":[{"embeddable":true,"href":"https:\/\/projects.nib.si\/obrockanjesov\/wp-json\/wp\/v2\/pages\/1065"}],"wp:attachment":[{"href":"https:\/\/projects.nib.si\/obrockanjesov\/wp-json\/wp\/v2\/media?parent=1107"}],"curies":[{"name":"wp","href":"https:\/\/api.w.org\/{rel}","templated":true}]}}

<div class="wp-block-columns is-layout-flex wp-container-core-columns-is-layout-9d6595d7 wp-block-columns-is-layout-flex">
<div class="wp-block-column is-layout-flow wp-block-column-is-layout-flow">
<figure class="wp-block-image size-large"><img loading="lazy" decoding="async" width="1024" height="575" data-attachment-id="1071" data-permalink="https://projects.nib.si/obrockanjesov/sove-strigiformes/lesna-sova/lesna-cas/lesna-pomlad/saluco-pomlad-letalna_juvad/" data-orig-file="https://projects.nib.si/obrockanjesov/wp-content/uploads/sites/70/2026/02/Saluco-pomlad-letalna_juvad.jpg" data-orig-size="1280,719" data-comments-opened="0" data-image-meta="{&quot;aperture&quot;:&quot;0&quot;,&quot;credit&quot;:&quot;&quot;,&quot;camera&quot;:&quot;&quot;,&quot;caption&quot;:&quot;&quot;,&quot;created_timestamp&quot;:&quot;0&quot;,&quot;copyright&quot;:&quot;&quot;,&quot;focal_length&quot;:&quot;0&quot;,&quot;iso&quot;:&quot;0&quot;,&quot;shutter_speed&quot;:&quot;0&quot;,&quot;title&quot;:&quot;&quot;,&quot;orientation&quot;:&quot;0&quot;}" data-image-title="Saluco-pomlad-letalna_juvad" data-image-description="" data-image-caption="" data-medium-file="https://projects.nib.si/obrockanjesov/wp-content/uploads/sites/70/2026/02/Saluco-pomlad-letalna_juvad-300x169.jpg" data-large-file="https://projects.nib.si/obrockanjesov/wp-content/uploads/sites/70/2026/02/Saluco-pomlad-letalna_juvad-1024x575.jpg" src="http://projects.nib.si/obrockanjesov/wp-content/uploads/sites/70/2026/02/Saluco-pomlad-letalna_juvad-1024x575.jpg" alt="" class="wp-image-1071" srcset="https://projects.nib.si/obrockanjesov/wp-content/uploads/sites/70/2026/02/Saluco-pomlad-letalna_juvad-1024x575.jpg 1024w, https://projects.nib.si/obrockanjesov/wp-content/uploads/sites/70/2026/02/Saluco-pomlad-letalna_juvad-300x169.jpg 300w, https://projects.nib.si/obrockanjesov/wp-content/uploads/sites/70/2026/02/Saluco-pomlad-letalna_juvad-1200x674.jpg 1200w, https://projects.nib.si/obrockanjesov/wp-content/uploads/sites/70/2026/02/Saluco-pomlad-letalna_juvad.jpg 1280w" sizes="auto, (max-width: 709px) 85vw, (max-width: 909px) 67vw, (max-width: 1362px) 62vw, 840px" /></figure>



<p>Odrasla peresa imajo na koncu letalnih peres debelejšo in nikoli prekinjeno progo. Svetle konice peres so širše kot pri juvenilnih.</p>



<div class="wp-block-buttons is-layout-flex wp-block-buttons-is-layout-flex">
<div class="wp-block-button has-custom-width wp-block-button__width-100"><a class="wp-block-button__link wp-element-button" href="https://projects.nib.si/obrockanjesov/sove-strigiformes/lesna-sova/lesna-cas/lesna-jesen/lesna-jesen-letalna_ad/">Vsaj eno odraslo letalno pero</a></div>
</div>
</div>



<div class="wp-block-column is-layout-flow wp-block-column-is-layout-flow">
<figure class="wp-block-image size-large"><img loading="lazy" decoding="async" width="1024" height="575" data-attachment-id="1070" data-permalink="https://projects.nib.si/obrockanjesov/sove-strigiformes/lesna-sova/lesna-cas/lesna-pomlad/saluco-pomlad-letalna_juv/" data-orig-file="https://projects.nib.si/obrockanjesov/wp-content/uploads/sites/70/2026/02/Saluco-pomlad-letalna_juv.jpg" data-orig-size="1280,719" data-comments-opened="0" data-image-meta="{&quot;aperture&quot;:&quot;0&quot;,&quot;credit&quot;:&quot;&quot;,&quot;camera&quot;:&quot;&quot;,&quot;caption&quot;:&quot;&quot;,&quot;created_timestamp&quot;:&quot;0&quot;,&quot;copyright&quot;:&quot;&quot;,&quot;focal_length&quot;:&quot;0&quot;,&quot;iso&quot;:&quot;0&quot;,&quot;shutter_speed&quot;:&quot;0&quot;,&quot;title&quot;:&quot;&quot;,&quot;orientation&quot;:&quot;0&quot;}" data-image-title="Saluco-pomlad-letalna_juv" data-image-description="" data-image-caption="" data-medium-file="https://projects.nib.si/obrockanjesov/wp-content/uploads/sites/70/2026/02/Saluco-pomlad-letalna_juv-300x169.jpg" data-large-file="https://projects.nib.si/obrockanjesov/wp-content/uploads/sites/70/2026/02/Saluco-pomlad-letalna_juv-1024x575.jpg" src="http://projects.nib.si/obrockanjesov/wp-content/uploads/sites/70/2026/02/Saluco-pomlad-letalna_juv-1024x575.jpg" alt="" class="wp-image-1070" srcset="https://projects.nib.si/obrockanjesov/wp-content/uploads/sites/70/2026/02/Saluco-pomlad-letalna_juv-1024x575.jpg 1024w, https://projects.nib.si/obrockanjesov/wp-content/uploads/sites/70/2026/02/Saluco-pomlad-letalna_juv-300x169.jpg 300w, https://projects.nib.si/obrockanjesov/wp-content/uploads/sites/70/2026/02/Saluco-pomlad-letalna_juv-1200x674.jpg 1200w, https://projects.nib.si/obrockanjesov/wp-content/uploads/sites/70/2026/02/Saluco-pomlad-letalna_juv.jpg 1280w" sizes="auto, (max-width: 709px) 85vw, (max-width: 909px) 67vw, (max-width: 1362px) 62vw, 840px" /></figure>



<p>Juvenilna peresa imajo na koncu letalnih peres značilno dodatno tanjšo in pogosto prekinjeno progo, česar na odraslih peresih ni. Svetle konice peres so ožje kot pri odraslih.</p>



<div class="wp-block-buttons is-layout-flex wp-block-buttons-is-layout-flex">
<div class="wp-block-button has-custom-width wp-block-button__width-100"><a class="wp-block-button__link wp-element-button" href="https://projects.nib.si/obrockanjesov/sove-strigiformes/lesna-sova/lesna-cas/lesna-jesen/lesna-jesen-1y/">Vsa letalna peresa juvenilna</a></div>
</div>
</div>
</div>

<p>Odrasla peresa imajo na koncu letalnih peres debelejšo in nikoli prekinjeno progo. Svetle konice peres so širše kot pri juvenilnih. Juvenilna peresa imajo na koncu letalnih peres značilno dodatno tanjšo in pogosto prekinjeno progo, česar na odraslih peresih ni. Svetle konice peres so ožje kot pri odraslih.</p>
