{"id":914,"date":"2026-02-15T12:03:57","date_gmt":"2026-02-15T11:03:57","guid":{"rendered":"https:\/\/projects.nib.si\/obrockanjesov\/?page_id=914"},"modified":"2026-02-17T11:46:58","modified_gmt":"2026-02-17T10:46:58","slug":"kozaca-pomlad-juv_ad","status":"publish","type":"page","link":"https:\/\/projects.nib.si\/obrockanjesov\/sove-strigiformes\/kozaca\/kozaca-cas\/kozaca-jesen\/kozaca-pomlad-juv_ad\/","title":{"rendered":"Ali so v peruti poleg odraslih tudi juvenilna sekundarna letalna peresa?"},"content":{"rendered":"\n<div class=\"wp-block-columns is-layout-flex wp-container-core-columns-is-layout-9d6595d7 wp-block-columns-is-layout-flex\">\n<div class=\"wp-block-column is-layout-flow wp-block-column-is-layout-flow\">\n<figure class=\"wp-block-image size-large\"><img loading=\"lazy\" decoding=\"async\" width=\"1024\" height=\"775\" data-attachment-id=\"916\" data-permalink=\"https:\/\/projects.nib.si\/obrockanjesov\/sove-strigiformes\/kozaca\/kozaca-cas\/kozaca-jesen\/kozaca-pomlad-juv_ad\/suralensis-letalna-juv_ad\/\" data-orig-file=\"https:\/\/projects.nib.si\/obrockanjesov\/wp-content\/uploads\/sites\/70\/2026\/02\/Suralensis-letalna-juv_ad.jpg\" data-orig-size=\"1280,969\" data-comments-opened=\"0\" data-image-meta=\"{&quot;aperture&quot;:&quot;0&quot;,&quot;credit&quot;:&quot;&quot;,&quot;camera&quot;:&quot;&quot;,&quot;caption&quot;:&quot;&quot;,&quot;created_timestamp&quot;:&quot;0&quot;,&quot;copyright&quot;:&quot;&quot;,&quot;focal_length&quot;:&quot;0&quot;,&quot;iso&quot;:&quot;0&quot;,&quot;shutter_speed&quot;:&quot;0&quot;,&quot;title&quot;:&quot;&quot;,&quot;orientation&quot;:&quot;0&quot;}\" data-image-title=\"Suralensis-letalna-juv_ad\" data-image-description=\"\" data-image-caption=\"\" data-medium-file=\"https:\/\/projects.nib.si\/obrockanjesov\/wp-content\/uploads\/sites\/70\/2026\/02\/Suralensis-letalna-juv_ad-300x227.jpg\" data-large-file=\"https:\/\/projects.nib.si\/obrockanjesov\/wp-content\/uploads\/sites\/70\/2026\/02\/Suralensis-letalna-juv_ad-1024x775.jpg\" src=\"http:\/\/projects.nib.si\/obrockanjesov\/wp-content\/uploads\/sites\/70\/2026\/02\/Suralensis-letalna-juv_ad-1024x775.jpg\" alt=\"\" class=\"wp-image-916\" srcset=\"https:\/\/projects.nib.si\/obrockanjesov\/wp-content\/uploads\/sites\/70\/2026\/02\/Suralensis-letalna-juv_ad-1024x775.jpg 1024w, https:\/\/projects.nib.si\/obrockanjesov\/wp-content\/uploads\/sites\/70\/2026\/02\/Suralensis-letalna-juv_ad-300x227.jpg 300w, https:\/\/projects.nib.si\/obrockanjesov\/wp-content\/uploads\/sites\/70\/2026\/02\/Suralensis-letalna-juv_ad-1200x908.jpg 1200w, https:\/\/projects.nib.si\/obrockanjesov\/wp-content\/uploads\/sites\/70\/2026\/02\/Suralensis-letalna-juv_ad.jpg 1280w\" sizes=\"auto, (max-width: 709px) 85vw, (max-width: 909px) 67vw, (max-width: 1362px) 62vw, 840px\" \/><\/figure>\n\n\n\n<div class=\"wp-block-buttons is-layout-flex wp-block-buttons-is-layout-flex\">\n<div class=\"wp-block-button has-custom-width wp-block-button__width-100\"><a class=\"wp-block-button__link wp-element-button\" href=\"https:\/\/projects.nib.si\/obrockanjesov\/sove-strigiformes\/kozaca\/kozaca-cas\/kozaca-pomlad-ad\/kozaca-pomlad-juv_ad\/kozaca-pomlad-juv-adad\/\">Juvenilna in odrasla sekundarna letalna peresa<\/a><\/div>\n<\/div>\n\n\n\n<p>Odrasla peresa (O) so \u0161ir\u0161a in imajo \u0161ir\u0161e temne proge. V primerjavi z juvenilnimi peresi so sve\u017ea odrasla peresa navadno temnej\u0161a.&nbsp;<\/p>\n<\/div>\n\n\n\n<div class=\"wp-block-column is-layout-flow wp-block-column-is-layout-flow\">\n<figure class=\"wp-block-image size-large\"><img loading=\"lazy\" decoding=\"async\" width=\"1024\" height=\"774\" data-attachment-id=\"915\" data-permalink=\"https:\/\/projects.nib.si\/obrockanjesov\/sove-strigiformes\/kozaca\/kozaca-cas\/kozaca-jesen\/kozaca-pomlad-juv_ad\/suralensis-letalna-ad\/\" data-orig-file=\"https:\/\/projects.nib.si\/obrockanjesov\/wp-content\/uploads\/sites\/70\/2026\/02\/Suralensis-letalna-ad.jpg\" data-orig-size=\"1280,967\" data-comments-opened=\"0\" data-image-meta=\"{&quot;aperture&quot;:&quot;0&quot;,&quot;credit&quot;:&quot;Al Vrezec&quot;,&quot;camera&quot;:&quot;&quot;,&quot;caption&quot;:&quot;&quot;,&quot;created_timestamp&quot;:&quot;0&quot;,&quot;copyright&quot;:&quot;&quot;,&quot;focal_length&quot;:&quot;0&quot;,&quot;iso&quot;:&quot;0&quot;,&quot;shutter_speed&quot;:&quot;0&quot;,&quot;title&quot;:&quot;&quot;,&quot;orientation&quot;:&quot;0&quot;}\" data-image-title=\"Suralensis-letalna-ad\" data-image-description=\"\" data-image-caption=\"\" data-medium-file=\"https:\/\/projects.nib.si\/obrockanjesov\/wp-content\/uploads\/sites\/70\/2026\/02\/Suralensis-letalna-ad-300x227.jpg\" data-large-file=\"https:\/\/projects.nib.si\/obrockanjesov\/wp-content\/uploads\/sites\/70\/2026\/02\/Suralensis-letalna-ad-1024x774.jpg\" src=\"http:\/\/projects.nib.si\/obrockanjesov\/wp-content\/uploads\/sites\/70\/2026\/02\/Suralensis-letalna-ad-1024x774.jpg\" alt=\"\" class=\"wp-image-915\" srcset=\"https:\/\/projects.nib.si\/obrockanjesov\/wp-content\/uploads\/sites\/70\/2026\/02\/Suralensis-letalna-ad-1024x774.jpg 1024w, https:\/\/projects.nib.si\/obrockanjesov\/wp-content\/uploads\/sites\/70\/2026\/02\/Suralensis-letalna-ad-300x227.jpg 300w, https:\/\/projects.nib.si\/obrockanjesov\/wp-content\/uploads\/sites\/70\/2026\/02\/Suralensis-letalna-ad-1200x907.jpg 1200w, https:\/\/projects.nib.si\/obrockanjesov\/wp-content\/uploads\/sites\/70\/2026\/02\/Suralensis-letalna-ad.jpg 1280w\" sizes=\"auto, (max-width: 709px) 85vw, (max-width: 909px) 67vw, (max-width: 1362px) 62vw, 840px\" \/><\/figure>\n\n\n\n<div class=\"wp-block-buttons is-layout-flex wp-block-buttons-is-layout-flex\">\n<div class=\"wp-block-button has-custom-width wp-block-button__width-100\"><a class=\"wp-block-button__link wp-element-button\" href=\"https:\/\/projects.nib.si\/obrockanjesov\/sove-strigiformes\/kozaca\/kozaca-cas\/kozaca-pomlad-ad\/kozaca-pomlad-juv_ad\/kozaca-pomlad-adad\/\">samo odrasla sekundarna letalna peresa<\/a><\/div>\n<\/div>\n\n\n\n<p>Vsa peresa so odrasla. Med peresi je pogosto opaziti kontrast, saj gre za ve\u010d generacij odraslih peres, vendar se v \u0161irini peres in \u0161irini temnih prog ne razlikujejo.&nbsp;<\/p>\n<\/div>\n<\/div>\n","protected":false},"excerpt":{"rendered":"<p>Odrasla peresa (O) so \u0161ir\u0161a in imajo \u0161ir\u0161e temne proge. V primerjavi z juvenilnimi peresi so sve\u017ea odrasla peresa navadno temnej\u0161a.&nbsp; Vsa peresa so odrasla. Med peresi je pogosto opaziti kontrast, saj gre za ve\u010d generacij odraslih peres, vendar se v \u0161irini peres in \u0161irini temnih prog ne razlikujejo.&nbsp;<\/p>\n","protected":false},"author":23,"featured_media":0,"parent":944,"menu_order":0,"comment_status":"closed","ping_status":"closed","template":"","meta":{"jetpack_post_was_ever_published":false,"footnotes":""},"class_list":["post-914","page","type-page","status-publish","hentry"],"jetpack_sharing_enabled":true,"jetpack_shortlink":"https:\/\/wp.me\/Ph8Nal-eK","_links":{"self":[{"href":"https:\/\/projects.nib.si\/obrockanjesov\/wp-json\/wp\/v2\/pages\/914","targetHints":{"allow":["GET"]}}],"collection":[{"href":"https:\/\/projects.nib.si\/obrockanjesov\/wp-json\/wp\/v2\/pages"}],"about":[{"href":"https:\/\/projects.nib.si\/obrockanjesov\/wp-json\/wp\/v2\/types\/page"}],"author":[{"embeddable":true,"href":"https:\/\/projects.nib.si\/obrockanjesov\/wp-json\/wp\/v2\/users\/23"}],"replies":[{"embeddable":true,"href":"https:\/\/projects.nib.si\/obrockanjesov\/wp-json\/wp\/v2\/comments?post=914"}],"version-history":[{"count":6,"href":"https:\/\/projects.nib.si\/obrockanjesov\/wp-json\/wp\/v2\/pages\/914\/revisions"}],"predecessor-version":[{"id":1154,"href":"https:\/\/projects.nib.si\/obrockanjesov\/wp-json\/wp\/v2\/pages\/914\/revisions\/1154"}],"up":[{"embeddable":true,"href":"https:\/\/projects.nib.si\/obrockanjesov\/wp-json\/wp\/v2\/pages\/944"}],"wp:attachment":[{"href":"https:\/\/projects.nib.si\/obrockanjesov\/wp-json\/wp\/v2\/media?parent=914"}],"curies":[{"name":"wp","href":"https:\/\/api.w.org\/{rel}","templated":true}]}}

<div class="wp-block-columns is-layout-flex wp-container-core-columns-is-layout-9d6595d7 wp-block-columns-is-layout-flex">
<div class="wp-block-column is-layout-flow wp-block-column-is-layout-flow">
<figure class="wp-block-image size-large"><img loading="lazy" decoding="async" width="1024" height="775" data-attachment-id="916" data-permalink="https://projects.nib.si/obrockanjesov/sove-strigiformes/kozaca/kozaca-cas/kozaca-jesen/kozaca-pomlad-juv_ad/suralensis-letalna-juv_ad/" data-orig-file="https://projects.nib.si/obrockanjesov/wp-content/uploads/sites/70/2026/02/Suralensis-letalna-juv_ad.jpg" data-orig-size="1280,969" data-comments-opened="0" data-image-meta="{&quot;aperture&quot;:&quot;0&quot;,&quot;credit&quot;:&quot;&quot;,&quot;camera&quot;:&quot;&quot;,&quot;caption&quot;:&quot;&quot;,&quot;created_timestamp&quot;:&quot;0&quot;,&quot;copyright&quot;:&quot;&quot;,&quot;focal_length&quot;:&quot;0&quot;,&quot;iso&quot;:&quot;0&quot;,&quot;shutter_speed&quot;:&quot;0&quot;,&quot;title&quot;:&quot;&quot;,&quot;orientation&quot;:&quot;0&quot;}" data-image-title="Suralensis-letalna-juv_ad" data-image-description="" data-image-caption="" data-medium-file="https://projects.nib.si/obrockanjesov/wp-content/uploads/sites/70/2026/02/Suralensis-letalna-juv_ad-300x227.jpg" data-large-file="https://projects.nib.si/obrockanjesov/wp-content/uploads/sites/70/2026/02/Suralensis-letalna-juv_ad-1024x775.jpg" src="http://projects.nib.si/obrockanjesov/wp-content/uploads/sites/70/2026/02/Suralensis-letalna-juv_ad-1024x775.jpg" alt="" class="wp-image-916" srcset="https://projects.nib.si/obrockanjesov/wp-content/uploads/sites/70/2026/02/Suralensis-letalna-juv_ad-1024x775.jpg 1024w, https://projects.nib.si/obrockanjesov/wp-content/uploads/sites/70/2026/02/Suralensis-letalna-juv_ad-300x227.jpg 300w, https://projects.nib.si/obrockanjesov/wp-content/uploads/sites/70/2026/02/Suralensis-letalna-juv_ad-1200x908.jpg 1200w, https://projects.nib.si/obrockanjesov/wp-content/uploads/sites/70/2026/02/Suralensis-letalna-juv_ad.jpg 1280w" sizes="auto, (max-width: 709px) 85vw, (max-width: 909px) 67vw, (max-width: 1362px) 62vw, 840px" /></figure>



<div class="wp-block-buttons is-layout-flex wp-block-buttons-is-layout-flex">
<div class="wp-block-button has-custom-width wp-block-button__width-100"><a class="wp-block-button__link wp-element-button" href="https://projects.nib.si/obrockanjesov/sove-strigiformes/kozaca/kozaca-cas/kozaca-pomlad-ad/kozaca-pomlad-juv_ad/kozaca-pomlad-juv-adad/">Juvenilna in odrasla sekundarna letalna peresa</a></div>
</div>



<p>Odrasla peresa (O) so širša in imajo širše temne proge. V primerjavi z juvenilnimi peresi so sveža odrasla peresa navadno temnejša.&nbsp;</p>
</div>



<div class="wp-block-column is-layout-flow wp-block-column-is-layout-flow">
<figure class="wp-block-image size-large"><img loading="lazy" decoding="async" width="1024" height="774" data-attachment-id="915" data-permalink="https://projects.nib.si/obrockanjesov/sove-strigiformes/kozaca/kozaca-cas/kozaca-jesen/kozaca-pomlad-juv_ad/suralensis-letalna-ad/" data-orig-file="https://projects.nib.si/obrockanjesov/wp-content/uploads/sites/70/2026/02/Suralensis-letalna-ad.jpg" data-orig-size="1280,967" data-comments-opened="0" data-image-meta="{&quot;aperture&quot;:&quot;0&quot;,&quot;credit&quot;:&quot;Al Vrezec&quot;,&quot;camera&quot;:&quot;&quot;,&quot;caption&quot;:&quot;&quot;,&quot;created_timestamp&quot;:&quot;0&quot;,&quot;copyright&quot;:&quot;&quot;,&quot;focal_length&quot;:&quot;0&quot;,&quot;iso&quot;:&quot;0&quot;,&quot;shutter_speed&quot;:&quot;0&quot;,&quot;title&quot;:&quot;&quot;,&quot;orientation&quot;:&quot;0&quot;}" data-image-title="Suralensis-letalna-ad" data-image-description="" data-image-caption="" data-medium-file="https://projects.nib.si/obrockanjesov/wp-content/uploads/sites/70/2026/02/Suralensis-letalna-ad-300x227.jpg" data-large-file="https://projects.nib.si/obrockanjesov/wp-content/uploads/sites/70/2026/02/Suralensis-letalna-ad-1024x774.jpg" src="http://projects.nib.si/obrockanjesov/wp-content/uploads/sites/70/2026/02/Suralensis-letalna-ad-1024x774.jpg" alt="" class="wp-image-915" srcset="https://projects.nib.si/obrockanjesov/wp-content/uploads/sites/70/2026/02/Suralensis-letalna-ad-1024x774.jpg 1024w, https://projects.nib.si/obrockanjesov/wp-content/uploads/sites/70/2026/02/Suralensis-letalna-ad-300x227.jpg 300w, https://projects.nib.si/obrockanjesov/wp-content/uploads/sites/70/2026/02/Suralensis-letalna-ad-1200x907.jpg 1200w, https://projects.nib.si/obrockanjesov/wp-content/uploads/sites/70/2026/02/Suralensis-letalna-ad.jpg 1280w" sizes="auto, (max-width: 709px) 85vw, (max-width: 909px) 67vw, (max-width: 1362px) 62vw, 840px" /></figure>



<div class="wp-block-buttons is-layout-flex wp-block-buttons-is-layout-flex">
<div class="wp-block-button has-custom-width wp-block-button__width-100"><a class="wp-block-button__link wp-element-button" href="https://projects.nib.si/obrockanjesov/sove-strigiformes/kozaca/kozaca-cas/kozaca-pomlad-ad/kozaca-pomlad-juv_ad/kozaca-pomlad-adad/">samo odrasla sekundarna letalna peresa</a></div>
</div>



<p>Vsa peresa so odrasla. Med peresi je pogosto opaziti kontrast, saj gre za več generacij odraslih peres, vendar se v širini peres in širini temnih prog ne razlikujejo.&nbsp;</p>
</div>
</div>

<p>Odrasla peresa (O) so širša in imajo širše temne proge. V primerjavi z juvenilnimi peresi so sveža odrasla peresa navadno temnejša.&nbsp; Vsa peresa so odrasla. Med peresi je pogosto opaziti kontrast, saj gre za več generacij odraslih peres, vendar se v širini peres in širini temnih prog ne razlikujejo.&nbsp;</p>
