{"id":30,"date":"2016-04-05T22:13:00","date_gmt":"2016-04-05T22:13:00","guid":{"rendered":"http:\/\/projects.nib.si\/qentrysi\/?page_id=30"},"modified":"2024-01-15T16:39:09","modified_gmt":"2024-01-15T15:39:09","slug":"results","status":"publish","type":"page","link":"https:\/\/projects.nib.si\/qentrysi\/results\/","title":{"rendered":"Rezultati"},"content":{"rendered":"<p><a href=\"https:\/\/projects.nib.si\/qentrysi\/2024\/01\/15\/zakljucno-porocilo-o-delu-na-projektu\/\">Objavljeno je zaklju\u010dno poro\u010dilo projekta za sofinancerja MKGP<\/a><\/p>\n<p><a href=\"http:\/\/projects.nib.si\/qentrysi\/2022\/10\/09\/partner-nib-je-protokol-lamp-objavil-v-prestizni-monografiji-v-poglavju-monografije-iz-serije-springer-protocols-methods-in-molecular-biology\/\">Partner NIB je protokol LAMP objavil v presti\u017eni monografiji v poglavju monografije iz serije Springer Protocols, Methods in Molecular Biology<\/a><\/p>\n<p><a href=\"http:\/\/projects.nib.si\/qentrysi\/2022\/10\/09\/partnerja-kgz-ng-in-nib-sta-sodelovala-pri-pripravi-euphresco-projekta-tephrifade\/\">Partnerji projekta smo se vklju\u010dili v projekt Euphresco, TephriFade<\/a><\/p>\n<p><a href=\"http:\/\/projects.nib.si\/qentrysi\/2022\/10\/09\/uvodni-sestanek-projekta-8-12-2020\/\">Izveden je bil uvodni sestanek projekta<\/a><\/p>\n","protected":false},"excerpt":{"rendered":"<p>Objavljeno je zaklju\u010dno poro\u010dilo projekta za sofinancerja MKGP Partner NIB je protokol LAMP objavil v presti\u017eni monografiji v poglavju monografije iz serije Springer Protocols, Methods in Molecular Biology Partnerji projekta smo se vklju\u010dili v projekt Euphresco, TephriFade Izveden je bil uvodni sestanek projekta<\/p>\n","protected":false},"author":3,"featured_media":0,"parent":0,"menu_order":6,"comment_status":"closed","ping_status":"closed","template":"page-fullwidth.php","meta":{"jetpack_post_was_ever_published":false,"footnotes":""},"class_list":["post-30","page","type-page","status-publish","hentry"],"jetpack_sharing_enabled":true,"jetpack_shortlink":"https:\/\/wp.me\/P7OqMV-u","jetpack-related-posts":[],"_links":{"self":[{"href":"https:\/\/projects.nib.si\/qentrysi\/wp-json\/wp\/v2\/pages\/30","targetHints":{"allow":["GET"]}}],"collection":[{"href":"https:\/\/projects.nib.si\/qentrysi\/wp-json\/wp\/v2\/pages"}],"about":[{"href":"https:\/\/projects.nib.si\/qentrysi\/wp-json\/wp\/v2\/types\/page"}],"author":[{"embeddable":true,"href":"https:\/\/projects.nib.si\/qentrysi\/wp-json\/wp\/v2\/users\/3"}],"replies":[{"embeddable":true,"href":"https:\/\/projects.nib.si\/qentrysi\/wp-json\/wp\/v2\/comments?post=30"}],"version-history":[{"count":25,"href":"https:\/\/projects.nib.si\/qentrysi\/wp-json\/wp\/v2\/pages\/30\/revisions"}],"predecessor-version":[{"id":448,"href":"https:\/\/projects.nib.si\/qentrysi\/wp-json\/wp\/v2\/pages\/30\/revisions\/448"}],"wp:attachment":[{"href":"https:\/\/projects.nib.si\/qentrysi\/wp-json\/wp\/v2\/media?parent=30"}],"curies":[{"name":"wp","href":"https:\/\/api.w.org\/{rel}","templated":true}]}}