{"id":40,"date":"2016-04-05T22:31:14","date_gmt":"2016-04-05T22:31:14","guid":{"rendered":"http:\/\/rhythmoflife.local\/?page_id=40"},"modified":"2026-07-21T16:23:01","modified_gmt":"2026-07-21T16:23:01","slug":"short-description","status":"publish","type":"page","link":"https:\/\/projects.nib.si\/rhythmoflife\/short-description\/","title":{"rendered":"O projektu"},"content":{"rendered":"\r\n<p class=\"has-text-align-left has-text-color has-link-color has-medium-font-size wp-elements-1 wp-block-paragraph\" style=\"color: #182850;\"><strong>Teme, ki jih poznate iz vsakdana<\/strong><\/p>\r\n\r\n\r\n\r\n<p class=\"has-text-align-left has-text-color has-link-color has-normal-font-size wp-elements-2 wp-block-paragraph\" style=\"color: #2b2b2b;\">Ritmi nas obdajajo na vsakem koraku na\u0161ega \u017eivljenja. Ko na\u0161 planet Zemlja potuje skozi vesolje se neprestano ritmi\u010dno vrti okoli svoje osi in vsako leto obkro\u017ei Sonce. Iz teh dveh ritmi\u010dnih gibanj izhajata temeljna ritma na na\u0161em planetu: menjavanje dneva in no\u010di ter menjavanje letnih \u010dasov. Tema ritmoma se je skozi milijone let prilagodilo \u017eivljenje na Zemlji in tako kamor koli pogledamo, opazimo procese, ki se vedno znova ponavljajo. Nekateri trajajo del\u010dek sekunde, drugi ure, dneve ali leta.<\/p>\r\n\r\n\r\n\r\n<p class=\"has-text-align-left has-text-color has-link-color has-normal-font-size wp-elements-3 wp-block-paragraph\" style=\"color: #2b2b2b;\">Ritmi oblikujejo delovanje celotnih ekosistemov. Vsako pomlad ozelenijo gozdovi, \u0161tevilne rastline zacvetijo, jeseni pa odvr\u017eejo liste in preidejo v obdobje mirovanja. Ptice selivke se vsako leto odpravijo na dolge poti med gnezditvenimi obmo\u010dji in prezimovali\u0161\u010di, nekatere \u017eivali pa zimo prespijo. Tudi morje sledi letnemu ritmu. Njegova temperatura se med letom spreminja, te spremembe pa vplivajo na \u017eivljenje morskih organizmov. Ob ugodnih razmerah se lahko mo\u010dno pove\u010da \u0161tevil\u010dnost mikroskopskih alg oziroma fitoplanktona, kar poznamo kot cvetenje morja. Tudi \u0161tevilne rastlinske bolezni imajo svoje zna\u010dilne letne ritme, saj je njihov razvoj odvisen od temperature, vlage in razvojne stopnje gostiteljske rastline.<\/p>\r\n\r\n\r\n\r\n<p class=\"has-text-align-left has-text-color has-link-color has-normal-font-size wp-elements-4 wp-block-paragraph\" style=\"color: #2b2b2b;\">Iz semena vzklije kalica, iz nje zraste rastlina, ki zacveti in naredi nova semena, s katerimi se \u017eivljenjski krog za\u010dne znova. Podobno pri \u017eivalih mladi\u010di zrastejo v odrasle \u017eivali in skotijo novo generacijo potomcev. Tudi \u010dlovekovo \u017eivljenje poteka v zaporedju razvojnih obdobij od otro\u0161tva do odraslosti in starosti, zaporedna obdobja pa najdemo tudi v poklicni poti ljudi.<\/p>\r\n\r\n\r\n\r\n<p class=\"has-text-align-left has-text-color has-link-color has-normal-font-size wp-elements-5 wp-block-paragraph\" style=\"color: #2b2b2b;\">Ritmi pa ne potekajo le okoli nas, temve\u010d tudi v nas in v vsakem \u017eivem organizmu tako zaradi menjavanja dneva in no\u010di usmerja kot tudi zaradi delovanje notranjih biolo\u0161kih ur. Mnoge rastline podnevi odpirajo cvetove in listne re\u017ee in jih pono\u010di zapirajo in v mnogih fotosinteza poteka le podnevi. \u0160tevilne \u017eivali so dejavne predvsem podnevi, druge pa pono\u010di. Tudi \u010dlovekovo telo deluje ritmi\u010dno: izmenjujeta se budnost in spanje, dihanje pa neprestano prehaja iz vdiha v izdih.<\/p>\r\n\r\n\r\n\r\n<p class=\"has-text-align-left has-text-color has-link-color has-normal-font-size wp-elements-6 wp-block-paragraph\" style=\"color: #2b2b2b;\">Svoje \u017eivljenjske cikle imajo celo predmeti, od izdelave, prodaje, uporabe, hrambe in zavr\u017eenja, arheologi pa nekaterim predmetom lahko podarijo nov \u017eivljenjski cikel. V prihodnosti pa nas \u010daka vse ve\u010d ritmov, ki bodo povezani z roboti.<\/p>\r\n\r\n\r\n\r\n<p class=\"has-text-align-left has-text-color has-link-color has-normal-font-size wp-elements-7 wp-block-paragraph\" style=\"color: #2b2b2b;\">Glavni cilj projekta RhythmOfLife je \u010dim \u0161ir\u0161i javnosti pribli\u017eati te ritme \u017eivljenja ter znanosti in raziskovalce, ki jih prou\u010dujejo, ter pokazati, kako je znanost povezana z vsakdanjimi ritmi v \u017eivljenju ljudi.<\/p>\r\n\r\n\r\n\r\n<p class=\"has-text-color has-link-color has-medium-font-size wp-elements-8 wp-block-paragraph\" style=\"color: #182850;\"><strong>Utrip projekta: dva klju\u010dna sklopa<\/strong><\/p>\r\n\r\n\r\n\r\n<p class=\"has-text-color has-link-color has-normal-font-size wp-elements-9 wp-block-paragraph\" style=\"color: #2b2b2b;\">Poudarka projekta sta dva: No\u010d raziskovalcev in Raziskovalci v \u0161olah. No\u010d raziskovalcev bo potekala zadnji petek v septembru 2026 in 2027. Dogodki Raziskovalci v \u0161olah pa bodo potekali peko celotnih let 2026 in 2027. V obeh sklopih bo deset partnerjev projekta obiskovalcem dogodkov predstavilo ritme \u017eivljenja \u017eivali, ritme \u017eivljenja rastlin, ritme ekosistemov in ritme vesolja, ritme preteklosti in prihodnosti, motnje ritmov v na\u0161ih telesih, pa tudi cikle v znanosti in znanstvenih karierah.<\/p>\r\n\r\n\r\n\r\n<p class=\"has-text-color has-link-color has-medium-font-size wp-elements-10 wp-block-paragraph\" style=\"color: #182850;\"><strong>Aktualnost tem<\/strong><\/p>\r\n\r\n\r\n\r\n<p class=\"has-text-color has-link-color has-normal-font-size wp-elements-11 wp-block-paragraph\" style=\"color: #2b2b2b;\">Vsebine so izbrane tako, da jih ljudje poznamo iz lastnih izku\u0161enj, hkrati pa so pomembne tudi za slovenske in evropske strategije (npr. Zeleni dogovor, Strategija EU za biotsko raznovrstnost, boj proti raku, vesoljski program EU).<\/p>\r\n\r\n\r\n\r\n<p class=\"has-text-color has-link-color has-medium-font-size wp-elements-12 wp-block-paragraph\" style=\"color: #182850;\"><strong>Kje ujamete ritem<\/strong><\/p>\r\n\r\n\r\n\r\n<p class=\"has-text-align-left has-text-color has-link-color has-normal-font-size wp-elements-13 wp-block-paragraph\" style=\"color: #2b2b2b;\">Dogodki No\u010di raziskovalcev bodo potekali v Ljubljani, Celju, Novem mestu, Piranu in Kopru, pa tudi v manj\u0161ih krajih, kot so Lovrenc na Pohorju, Ru\u0161e, Vitanje, Podsreda in Trenta.<\/p>\r\n\r\n\r\n\r\n<figure class=\"wp-block-image size-full\"><img loading=\"lazy\" decoding=\"async\" class=\"alignnone  wp-image-9684\" src=\"https:\/\/projects.nib.si\/rhythmoflife\/wp-content\/uploads\/2026\/07\/zemljevid-1.png\" alt=\"\" width=\"609\" height=\"397\" \/><\/figure>\r\n\r\n\r\n\r\n<p class=\"has-text-color has-link-color has-normal-font-size wp-elements-14 wp-block-paragraph\" style=\"color: #2b2b2b;\">Dogodki Raziskovalci v \u0161olah bodo potekali na razli\u010dnih osnovnih \u0161olah (ozna\u010dene z rde\u010do), srednjih \u0161olah (ozna\u010dene z vijoli\u010dno), vrtcih (ozna\u010deni z modro), \u0161olah za osebe s posebnimi potrebami (ozna\u010dene z zeleno), centrih za priseljence (ozna\u010deni z rumeno) in poletnih taborov (ozna\u010deni z oran\u017eno), ki jih bodo obiskali raziskovalci.<\/p>\r\n\r\n\r\n\r\n<figure class=\"wp-block-image size-full\"><img loading=\"lazy\" decoding=\"async\" class=\"alignnone  wp-image-9683\" src=\"https:\/\/projects.nib.si\/rhythmoflife\/wp-content\/uploads\/2026\/07\/zemljevid-2.png\" alt=\"\" width=\"606\" height=\"395\" \/><\/figure>\r\n\r\n\r\n\r\n<p class=\"has-text-color has-link-color has-normal-font-size wp-elements-15 wp-block-paragraph\" style=\"color: #2b2b2b;\">Poleg tega bodo tudi razli\u010dne osnovne \u0161ole (ozna\u010dene z rde\u010do), srednje \u0161ole (ozna\u010dene z vijoli\u010dno), vrtci (ozna\u010deni z modro) in \u0161ole za osebe s posebnimi potrebami (ozna\u010dene z zeleno) pri\u0161le v raziskovalne ustanove: na NIB v Ljubljani in Piranu ter v LabTOP v Novem mestu.<\/p>\r\n\r\n\r\n\r\n<figure class=\"wp-block-image size-full\"><img loading=\"lazy\" decoding=\"async\" class=\"alignnone  wp-image-9682\" src=\"https:\/\/projects.nib.si\/rhythmoflife\/wp-content\/uploads\/2026\/07\/zemljevid-3.png\" alt=\"\" width=\"607\" height=\"391\" \/><\/figure>\r\n\r\n\r\n\r\n<p class=\"has-text-color has-link-color has-medium-font-size wp-elements-16 wp-block-paragraph\" style=\"color: #182850;\"><strong>Znanost za vsakogar<\/strong><\/p>\r\n\r\n\r\n\r\n<p class=\"has-text-color has-link-color has-normal-font-size wp-elements-17 wp-block-paragraph\" style=\"color: #2b2b2b;\">Verjamemo, da ima znanost pomen za prav vse ljudi in mora biti zato dostopna vsem. Zato bomo posebno pozornost namenili vklju\u010devanju skupin, ki se dogodkov ponavadi udele\u017eujejo redkeje \u2013 starej\u0161im, socialno \u0161ibkej\u0161im, osebam s posebnimi potrebami in migrantom.<\/p>\r\n","protected":false},"excerpt":{"rendered":"<p>Teme, ki jih poznate iz vsakdana Ritmi nas obdajajo na vsakem koraku na\u0161ega \u017eivljenja. Ko na\u0161 planet Zemlja potuje skozi vesolje se neprestano ritmi\u010dno vrti okoli svoje osi in vsako leto obkro\u017ei Sonce. Iz teh dveh ritmi\u010dnih gibanj izhajata temeljna ritma na na\u0161em planetu: menjavanje dneva in no\u010di ter menjavanje letnih \u010dasov. Tema ritmoma se [&hellip;]<\/p>\n","protected":false},"author":1,"featured_media":0,"parent":0,"menu_order":0,"comment_status":"closed","ping_status":"closed","template":"","meta":{"footnotes":""},"class_list":["post-40","page","type-page","status-publish","hentry"],"_links":{"self":[{"href":"https:\/\/projects.nib.si\/rhythmoflife\/wp-json\/wp\/v2\/pages\/40","targetHints":{"allow":["GET"]}}],"collection":[{"href":"https:\/\/projects.nib.si\/rhythmoflife\/wp-json\/wp\/v2\/pages"}],"about":[{"href":"https:\/\/projects.nib.si\/rhythmoflife\/wp-json\/wp\/v2\/types\/page"}],"author":[{"embeddable":true,"href":"https:\/\/projects.nib.si\/rhythmoflife\/wp-json\/wp\/v2\/users\/1"}],"replies":[{"embeddable":true,"href":"https:\/\/projects.nib.si\/rhythmoflife\/wp-json\/wp\/v2\/comments?post=40"}],"version-history":[{"count":10,"href":"https:\/\/projects.nib.si\/rhythmoflife\/wp-json\/wp\/v2\/pages\/40\/revisions"}],"predecessor-version":[{"id":9701,"href":"https:\/\/projects.nib.si\/rhythmoflife\/wp-json\/wp\/v2\/pages\/40\/revisions\/9701"}],"wp:attachment":[{"href":"https:\/\/projects.nib.si\/rhythmoflife\/wp-json\/wp\/v2\/media?parent=40"}],"curies":[{"name":"wp","href":"https:\/\/api.w.org\/{rel}","templated":true}]}}

<p class="has-text-align-left has-text-color has-link-color has-medium-font-size wp-elements-1 wp-block-paragraph" style="color: #182850;"><strong>Teme, ki jih poznate iz vsakdana</strong></p>



<p class="has-text-align-left has-text-color has-link-color has-normal-font-size wp-elements-2 wp-block-paragraph" style="color: #2b2b2b;">Ritmi nas obdajajo na vsakem koraku našega življenja. Ko naš planet Zemlja potuje skozi vesolje se neprestano ritmično vrti okoli svoje osi in vsako leto obkroži Sonce. Iz teh dveh ritmičnih gibanj izhajata temeljna ritma na našem planetu: menjavanje dneva in noči ter menjavanje letnih časov. Tema ritmoma se je skozi milijone let prilagodilo življenje na Zemlji in tako kamor koli pogledamo, opazimo procese, ki se vedno znova ponavljajo. Nekateri trajajo delček sekunde, drugi ure, dneve ali leta.</p>



<p class="has-text-align-left has-text-color has-link-color has-normal-font-size wp-elements-3 wp-block-paragraph" style="color: #2b2b2b;">Ritmi oblikujejo delovanje celotnih ekosistemov. Vsako pomlad ozelenijo gozdovi, številne rastline zacvetijo, jeseni pa odvržejo liste in preidejo v obdobje mirovanja. Ptice selivke se vsako leto odpravijo na dolge poti med gnezditvenimi območji in prezimovališči, nekatere živali pa zimo prespijo. Tudi morje sledi letnemu ritmu. Njegova temperatura se med letom spreminja, te spremembe pa vplivajo na življenje morskih organizmov. Ob ugodnih razmerah se lahko močno poveča številčnost mikroskopskih alg oziroma fitoplanktona, kar poznamo kot cvetenje morja. Tudi številne rastlinske bolezni imajo svoje značilne letne ritme, saj je njihov razvoj odvisen od temperature, vlage in razvojne stopnje gostiteljske rastline.</p>



<p class="has-text-align-left has-text-color has-link-color has-normal-font-size wp-elements-4 wp-block-paragraph" style="color: #2b2b2b;">Iz semena vzklije kalica, iz nje zraste rastlina, ki zacveti in naredi nova semena, s katerimi se življenjski krog začne znova. Podobno pri živalih mladiči zrastejo v odrasle živali in skotijo novo generacijo potomcev. Tudi človekovo življenje poteka v zaporedju razvojnih obdobij od otroštva do odraslosti in starosti, zaporedna obdobja pa najdemo tudi v poklicni poti ljudi.</p>



<p class="has-text-align-left has-text-color has-link-color has-normal-font-size wp-elements-5 wp-block-paragraph" style="color: #2b2b2b;">Ritmi pa ne potekajo le okoli nas, temveč tudi v nas in v vsakem živem organizmu tako zaradi menjavanja dneva in noči usmerja kot tudi zaradi delovanje notranjih bioloških ur. Mnoge rastline podnevi odpirajo cvetove in listne reže in jih ponoči zapirajo in v mnogih fotosinteza poteka le podnevi. Številne živali so dejavne predvsem podnevi, druge pa ponoči. Tudi človekovo telo deluje ritmično: izmenjujeta se budnost in spanje, dihanje pa neprestano prehaja iz vdiha v izdih.</p>



<p class="has-text-align-left has-text-color has-link-color has-normal-font-size wp-elements-6 wp-block-paragraph" style="color: #2b2b2b;">Svoje življenjske cikle imajo celo predmeti, od izdelave, prodaje, uporabe, hrambe in zavrženja, arheologi pa nekaterim predmetom lahko podarijo nov življenjski cikel. V prihodnosti pa nas čaka vse več ritmov, ki bodo povezani z roboti.</p>



<p class="has-text-align-left has-text-color has-link-color has-normal-font-size wp-elements-7 wp-block-paragraph" style="color: #2b2b2b;">Glavni cilj projekta RhythmOfLife je čim širši javnosti približati te ritme življenja ter znanosti in raziskovalce, ki jih proučujejo, ter pokazati, kako je znanost povezana z vsakdanjimi ritmi v življenju ljudi.</p>



<p class="has-text-color has-link-color has-medium-font-size wp-elements-8 wp-block-paragraph" style="color: #182850;"><strong>Utrip projekta: dva ključna sklopa</strong></p>



<p class="has-text-color has-link-color has-normal-font-size wp-elements-9 wp-block-paragraph" style="color: #2b2b2b;">Poudarka projekta sta dva: Noč raziskovalcev in Raziskovalci v šolah. Noč raziskovalcev bo potekala zadnji petek v septembru 2026 in 2027. Dogodki Raziskovalci v šolah pa bodo potekali peko celotnih let 2026 in 2027. V obeh sklopih bo deset partnerjev projekta obiskovalcem dogodkov predstavilo ritme življenja živali, ritme življenja rastlin, ritme ekosistemov in ritme vesolja, ritme preteklosti in prihodnosti, motnje ritmov v naših telesih, pa tudi cikle v znanosti in znanstvenih karierah.</p>



<p class="has-text-color has-link-color has-medium-font-size wp-elements-10 wp-block-paragraph" style="color: #182850;"><strong>Aktualnost tem</strong></p>



<p class="has-text-color has-link-color has-normal-font-size wp-elements-11 wp-block-paragraph" style="color: #2b2b2b;">Vsebine so izbrane tako, da jih ljudje poznamo iz lastnih izkušenj, hkrati pa so pomembne tudi za slovenske in evropske strategije (npr. Zeleni dogovor, Strategija EU za biotsko raznovrstnost, boj proti raku, vesoljski program EU).</p>



<p class="has-text-color has-link-color has-medium-font-size wp-elements-12 wp-block-paragraph" style="color: #182850;"><strong>Kje ujamete ritem</strong></p>



<p class="has-text-align-left has-text-color has-link-color has-normal-font-size wp-elements-13 wp-block-paragraph" style="color: #2b2b2b;">Dogodki Noči raziskovalcev bodo potekali v Ljubljani, Celju, Novem mestu, Piranu in Kopru, pa tudi v manjših krajih, kot so Lovrenc na Pohorju, Ruše, Vitanje, Podsreda in Trenta.</p>



<figure class="wp-block-image size-full"><img loading="lazy" decoding="async" class="alignnone  wp-image-9684" src="https://projects.nib.si/rhythmoflife/wp-content/uploads/2026/07/zemljevid-1.png" alt="" width="609" height="397" /></figure>



<p class="has-text-color has-link-color has-normal-font-size wp-elements-14 wp-block-paragraph" style="color: #2b2b2b;">Dogodki Raziskovalci v šolah bodo potekali na različnih osnovnih šolah (označene z rdečo), srednjih šolah (označene z vijolično), vrtcih (označeni z modro), šolah za osebe s posebnimi potrebami (označene z zeleno), centrih za priseljence (označeni z rumeno) in poletnih taborov (označeni z oranžno), ki jih bodo obiskali raziskovalci.</p>



<figure class="wp-block-image size-full"><img loading="lazy" decoding="async" class="alignnone  wp-image-9683" src="https://projects.nib.si/rhythmoflife/wp-content/uploads/2026/07/zemljevid-2.png" alt="" width="606" height="395" /></figure>



<p class="has-text-color has-link-color has-normal-font-size wp-elements-15 wp-block-paragraph" style="color: #2b2b2b;">Poleg tega bodo tudi različne osnovne šole (označene z rdečo), srednje šole (označene z vijolično), vrtci (označeni z modro) in šole za osebe s posebnimi potrebami (označene z zeleno) prišle v raziskovalne ustanove: na NIB v Ljubljani in Piranu ter v LabTOP v Novem mestu.</p>



<figure class="wp-block-image size-full"><img loading="lazy" decoding="async" class="alignnone  wp-image-9682" src="https://projects.nib.si/rhythmoflife/wp-content/uploads/2026/07/zemljevid-3.png" alt="" width="607" height="391" /></figure>



<p class="has-text-color has-link-color has-medium-font-size wp-elements-16 wp-block-paragraph" style="color: #182850;"><strong>Znanost za vsakogar</strong></p>



<p class="has-text-color has-link-color has-normal-font-size wp-elements-17 wp-block-paragraph" style="color: #2b2b2b;">Verjamemo, da ima znanost pomen za prav vse ljudi in mora biti zato dostopna vsem. Zato bomo posebno pozornost namenili vključevanju skupin, ki se dogodkov ponavadi udeležujejo redkeje – starejšim, socialno šibkejšim, osebam s posebnimi potrebami in migrantom.</p>

<p>Teme, ki jih poznate iz vsakdana Ritmi nas obdajajo na vsakem koraku našega življenja. Ko naš planet Zemlja potuje skozi vesolje se neprestano ritmično vrti okoli svoje osi in vsako leto obkroži Sonce. Iz teh dveh ritmičnih gibanj izhajata temeljna ritma na našem planetu: menjavanje dneva in noči ter menjavanje letnih časov. Tema ritmoma se [&hellip;]</p>
