{"id":30,"date":"2016-04-05T22:13:00","date_gmt":"2016-04-05T22:13:00","guid":{"rendered":"http:\/\/projects.nib.si\/virokomp\/?page_id=30"},"modified":"2026-04-20T13:42:48","modified_gmt":"2026-04-20T12:42:48","slug":"references","status":"publish","type":"page","link":"https:\/\/projects.nib.si\/virokomp\/references\/","title":{"rendered":"Publications"},"content":{"rendered":"\n<p><strong>\u010clanki<\/strong><\/p>\n\n\n\n<p>MEHLE, Nata\u0161a, FOX, Adrian, TIBERINI, Antonio, ZIEBELL, Heiko. Vertical transmission of tomato viruses. V: MACDIARMID, Robin (ur.), BENHUR, Lee (ur.), BEER, Martin (ur.).&nbsp;<em>Advances in virus research<\/em>. 1st ed. London; Cambridge: Elsevier, 2025. Str. 105-168, ilustr., zvd. Advances in virus research series, vol. 123. ISBN 0-443-34493-0, ISBN 978-0-443-34493-0.&nbsp;<a rel=\"noreferrer noopener\" href=\"https:\/\/doi.org\/10.1016\/bs.aivir.2025.08.003\" target=\"_blank\">https:\/\/doi.org\/10.1016\/bs.aivir.2025.08.003<\/a>,<\/p>\n\n\n\n<p>Vu\u010durovi\u0107, A., J. Brodari\u010d, I. Bajde, M. Kitek, and N. Mehle. 2025. \u201c Epidemiological Insights Into Water and Soil-Mediated Transmission of Tomato Mottle Mosaic Virus.\u201d Plant Pathology https:\/\/doi.org\/10.1111\/ppa.70101.<\/p>\n\n\n\n<p><strong>Vabljeno predavanje na konferenci:<\/strong><\/p>\n\n\n\n<p>VU\u010cUROVI\u0106, Ana, BAJDE, Irena, BRODARI\u010c, Jakob, KITEK, Miha, MAROHNI\u0106, Marko, GUTI\u00c9RREZ-AGUIRRE, Ion, KUTNJAK, Denis, BA\u010cNIK, Katarina, RAVNIKAR, Maja, MEHLE, Nata\u0161a. Environmental transmission routes of emerging tobamoviruses and other stable plant pathogens. V:&nbsp;<em>Abstracts<\/em><em> <\/em><em>of<\/em><em> <\/em><em>the<\/em><em> <\/em><strong><em>7th Central <\/em><\/strong><strong><em>European<\/em><\/strong><strong><em> Forum <\/em><\/strong><strong><em>for<\/em><\/strong><strong><em> Microbiology : <\/em><\/strong>Siofok, Hungary, October 6-8, 2025. Siofok: Federation of European Microbiological Societies: Hungarian Society for Microbiology, 2025<\/p>\n\n\n\n<p><\/p>\n\n\n\n<p><strong>Vabljeno predavanje na tuji univerzi:<\/strong><\/p>\n\n\n\n<p>MEHLE, Nata\u0161a, BA\u010cNIK, Katarina, BAJDE, Irena, BRODARI\u010c, Jakob, GUTI\u00c9RREZ-AGUIRRE, Ion, KITEK, Miha, RAVNIKAR, Maja, KUTNJAK, Denis, VU\u010cUROVI\u0106, Ana.&nbsp;<em>Environmental<\/em><em> persistence <\/em><em>and<\/em><em> <\/em><em>detection<\/em><em> <\/em><em>of<\/em><em> <\/em><em>stable<\/em><em> <\/em><em>plant<\/em><em> <\/em><em>viruses<\/em><em> <\/em><em>and<\/em><em> <\/em><em>viroids<\/em><em> in <\/em><em>water<\/em><em>, <\/em><em>growing<\/em><em> substrate <\/em><em>and<\/em><em> <\/em><em>organic<\/em><em> <\/em><em>waste<\/em><em> <\/em><em>fertilisers<\/em><em> : Seminar, <\/em><strong><em>Scientia<\/em><\/strong><strong><em> <\/em><\/strong><strong><em>Terrae<\/em><\/strong><strong><em> <\/em><\/strong><strong><em>Research<\/em><\/strong><strong><em> Institute<\/em><\/strong><em>, 11 <\/em><em>June<\/em><em> 2025, St.-<\/em><em>Katelijne<\/em><em>&#8211;<\/em><em>Waver<\/em><\/p>\n\n\n\n<p><\/p>\n\n\n\n<p><strong>Predstavitve rezultatov dela na konferencah\/ strokovnih sre\u010danjih v obliki predavanj ali postrov:<\/strong><\/p>\n\n\n\n<p>BAJDE, Irena, BRODARI\u010c, Jakob, VU\u010cUROVI\u0106, Ana, MEHLE, Nata\u0161a. Pre\u017eivetje in mo\u017enost prenosa virusov v rastnem substratu = Survival and transmission potential of viruses in growing substrates. V: TRDAN, Stanislav (ur.).\u00a0<em>17. slovensko posvetovanje o varstvu rastlin z mednarodno udele\u017ebo = 17th Slovenian Conference on Plant Protection with International Participation : izvle\u010dki referatov = abstract volume : 3.\u20134. marec 2026, Radenci, Slovenija<\/em>. Ljubljana: Dru\u0161tvo za varstvo rastlin Slovenije: = Plant Protection Society of Slovenia, 2026. Str. 154-155. ISBN 978-961-96561-2-9.\u00a0<a href=\"https:\/\/dvrs.si\/wp-content\/uploads\/2026_Zbornik_izvleckov_17SPVR.pdf\" target=\"_blank\" rel=\"noreferrer noopener\">https:\/\/dvrs.si\/wp-content\/uploads\/2026_Zbornik_izvleckov_17SPVR.pdf<\/a>. [COBISS.SI-ID\u00a0<a href=\"https:\/\/plus-legacy.cobiss.net\/cobiss\/si\/sl\/bib\/275610627\" target=\"_blank\" rel=\"noreferrer noopener\">275610627<\/a>]<\/p>\n\n\n\n<p>VU\u010cUROVI\u0106, Ana, MIHELI\u010c, Rok, MEHLE, Nata\u0161a. Projekt ob\u010danske znanosti : virusi in viroidi pod drobnogledom &#8211; skupaj za varnej\u0161o uporabo gnojil iz organskih odpadkov = Citizen science project : a closer look at viruses and viroids &#8211; together for safer use of fertilizers from organic waste. V: TRDAN, Stanislav (ur.).\u00a0<em>17. slovensko posvetovanje o varstvu rastlin z mednarodno udele\u017ebo = 17th Slovenian Conference on Plant Protection with International Participation : izvle\u010dki referatov = abstract volume : 3.\u20134. marec 2026, Radenci, Slovenija<\/em>. Ljubljana: Dru\u0161tvo za varstvo rastlin Slovenije: = Plant Protection Society of Slovenia, 2026. Str. 160-161. ISBN 978-961-96561-2-9. [COBISS.SI-ID\u00a0<a href=\"https:\/\/plus-legacy.cobiss.net\/cobiss\/si\/sl\/bib\/270891523\" target=\"_blank\" rel=\"noreferrer noopener\">270891523<\/a>]<\/p>\n\n\n\n<p><\/p>\n\n\n\n<p><strong>Na\u010drt ravnanja za raziskovalnimi podatki:<\/strong><\/p>\n\n\n\n<p>MEHLE, Nata\u0161a (avtor, vodja projekta), VU\u010cUROVI\u0106, Ana.&nbsp;<em>Na\u010drt ravnanja z raziskovalnimi podatki projekta Ocenjevanje tveganj povezanih s prisotnostjo in pre\u017eivetjem rastlinskih virusov in viroidov v kompostu in drugih gnojilih iz organskih odpadkov in projekta ob\u010danske znanosti Virusi in viroidi pod drobnogledom: skupaj za varnej\u0161o uporabo gnojil iz organskih odpadkov : verzija dokumenta 1.0<\/em>. Ljubljana: Nacionalni in\u0161titut za biologijo, 2026. &nbsp;<a rel=\"noreferrer noopener\" href=\"https:\/\/dirros.openscience.si\/IzpisGradiva.php?id=27334\" target=\"_blank\">https:\/\/dirros.openscience.si\/IzpisGradiva.php?id=27334<\/a>. [COBISS.SI-ID&nbsp;<a rel=\"noreferrer noopener\" href=\"https:\/\/plus-legacy.cobiss.net\/cobiss\/si\/sl\/bib\/266690307\" target=\"_blank\">266690307<\/a>]<\/p>\n","protected":false},"excerpt":{"rendered":"<p>\u010clanki MEHLE, Nata\u0161a, FOX, Adrian, TIBERINI, Antonio, ZIEBELL, Heiko. Vertical transmission of tomato viruses. V: MACDIARMID, Robin (ur.), BENHUR, Lee (ur.), BEER, Martin (ur.).&nbsp;Advances in virus research. 1st ed. London; Cambridge: Elsevier, 2025. Str. 105-168, ilustr., zvd. Advances in virus research series, vol. 123. ISBN 0-443-34493-0, ISBN 978-0-443-34493-0.&nbsp;https:\/\/doi.org\/10.1016\/bs.aivir.2025.08.003, Vu\u010durovi\u0107, A., J. Brodari\u010d, I. Bajde, M. [&hellip;]<\/p>\n","protected":false},"author":3,"featured_media":0,"parent":0,"menu_order":3,"comment_status":"closed","ping_status":"closed","template":"page-fullwidth.php","meta":{"footnotes":""},"class_list":["post-30","page","type-page","status-publish","hentry"],"jetpack_sharing_enabled":true,"jetpack_shortlink":"https:\/\/wp.me\/Ph8N9r-u","jetpack-related-posts":[],"_links":{"self":[{"href":"https:\/\/projects.nib.si\/virokomp\/wp-json\/wp\/v2\/pages\/30","targetHints":{"allow":["GET"]}}],"collection":[{"href":"https:\/\/projects.nib.si\/virokomp\/wp-json\/wp\/v2\/pages"}],"about":[{"href":"https:\/\/projects.nib.si\/virokomp\/wp-json\/wp\/v2\/types\/page"}],"author":[{"embeddable":true,"href":"https:\/\/projects.nib.si\/virokomp\/wp-json\/wp\/v2\/users\/3"}],"replies":[{"embeddable":true,"href":"https:\/\/projects.nib.si\/virokomp\/wp-json\/wp\/v2\/comments?post=30"}],"version-history":[{"count":52,"href":"https:\/\/projects.nib.si\/virokomp\/wp-json\/wp\/v2\/pages\/30\/revisions"}],"predecessor-version":[{"id":705,"href":"https:\/\/projects.nib.si\/virokomp\/wp-json\/wp\/v2\/pages\/30\/revisions\/705"}],"wp:attachment":[{"href":"https:\/\/projects.nib.si\/virokomp\/wp-json\/wp\/v2\/media?parent=30"}],"curies":[{"name":"wp","href":"https:\/\/api.w.org\/{rel}","templated":true}]}}