{"id":14,"date":"2016-04-05T21:59:11","date_gmt":"2016-04-05T21:59:11","guid":{"rendered":"http:\/\/projects.nib.si\/xylvecsi\/?page_id=14"},"modified":"2022-10-08T23:10:50","modified_gmt":"2022-10-08T22:10:50","slug":"summary","status":"publish","type":"page","link":"https:\/\/projects.nib.si\/xylvecsi\/summary\/","title":{"rendered":"Cilji projekta"},"content":{"rendered":"<p>Cilji projekta XylVec so bili:<\/p>\n<p>(i) izbolj\u0161ati pristope laboratorijskega dolo\u010danja bakterije <em>Xylella fastidiosa<\/em><\/p>\n<p>(ii) ugotoviti kateri znani in potencialni prena\u0161alci bakterije <em>Xylella fastidiosa<\/em> se pojavljajo pri nas<\/p>\n<p>(iii) opraviti popis gostiteljskih rastlin<\/p>\n<p>(iv) zbrati in dopolnjevati podatke v podporo odlo\u010ditev Slu\u017ebe za varstvo rastlin, med drugim tudi priprava priporo\u010dil za oljkarje in podlag za na\u010drt izrednih ukrepov za primer najdbe <em>X. fastidiosa<\/em><\/p>\n<p>(iv) strokovni in splo\u0161ni javnosti nuditi informacije o boleznih, ki jih povzro\u010da <em>X. fastidiosa<\/em> in o tem, kako se lahko zavarujejo.<\/p>\n","protected":false},"excerpt":{"rendered":"<p>Cilji projekta XylVec so bili: (i) izbolj\u0161ati pristope laboratorijskega dolo\u010danja bakterije Xylella fastidiosa (ii) ugotoviti kateri znani in potencialni prena\u0161alci bakterije Xylella fastidiosa se pojavljajo pri nas (iii) opraviti popis gostiteljskih rastlin (iv) zbrati in dopolnjevati podatke v podporo odlo\u010ditev Slu\u017ebe za varstvo rastlin, med drugim tudi priprava priporo\u010dil za oljkarje in podlag za na\u010drt [&hellip;]<\/p>\n","protected":false},"author":3,"featured_media":0,"parent":0,"menu_order":2,"comment_status":"closed","ping_status":"closed","template":"page-fullwidth.php","meta":{"jetpack_post_was_ever_published":false,"footnotes":""},"class_list":["post-14","page","type-page","status-publish","hentry"],"jetpack_sharing_enabled":true,"jetpack_shortlink":"https:\/\/wp.me\/P7OqMV-e","jetpack-related-posts":[],"_links":{"self":[{"href":"https:\/\/projects.nib.si\/xylvecsi\/wp-json\/wp\/v2\/pages\/14","targetHints":{"allow":["GET"]}}],"collection":[{"href":"https:\/\/projects.nib.si\/xylvecsi\/wp-json\/wp\/v2\/pages"}],"about":[{"href":"https:\/\/projects.nib.si\/xylvecsi\/wp-json\/wp\/v2\/types\/page"}],"author":[{"embeddable":true,"href":"https:\/\/projects.nib.si\/xylvecsi\/wp-json\/wp\/v2\/users\/3"}],"replies":[{"embeddable":true,"href":"https:\/\/projects.nib.si\/xylvecsi\/wp-json\/wp\/v2\/comments?post=14"}],"version-history":[{"count":21,"href":"https:\/\/projects.nib.si\/xylvecsi\/wp-json\/wp\/v2\/pages\/14\/revisions"}],"predecessor-version":[{"id":337,"href":"https:\/\/projects.nib.si\/xylvecsi\/wp-json\/wp\/v2\/pages\/14\/revisions\/337"}],"wp:attachment":[{"href":"https:\/\/projects.nib.si\/xylvecsi\/wp-json\/wp\/v2\/media?parent=14"}],"curies":[{"name":"wp","href":"https:\/\/api.w.org\/{rel}","templated":true}]}}