{"id":99,"date":"2016-04-12T21:19:30","date_gmt":"2016-04-12T21:19:30","guid":{"rendered":"http:\/\/projects.nib.si\/xylvecsi\/?page_id=99"},"modified":"2022-10-15T07:34:20","modified_gmt":"2022-10-15T06:34:20","slug":"links","status":"publish","type":"page","link":"https:\/\/projects.nib.si\/xylvecsi\/links\/","title":{"rendered":"Povezave"},"content":{"rendered":"<p><a href=\"http:\/\/www.sicris.si\/search\/prj.aspx?lang=slv&amp;id=10345\" target=\"_blank\">Stran projekta v Informacijskem sistemu o raziskovalni dejavnosti v Sloveniji (SICRIS)<\/a><\/p>\n<p>Partnerji projekta v SICRIS-u: <a href=\"http:\/\/www.sicris.si\/search\/grp.aspx?lang=eng&amp;id=1593\" target=\"_blank\">NIB<\/a>\u00a0&amp; <a href=\"http:\/\/www.sicris.si\/search\/org.aspx?lang=eng&amp;mode=&amp;id=3153\" target=\"_blank\">KGZNG<\/a><\/p>\n<p><strong>Druge koristne povezave<\/strong><\/p>\n<p>Aktualne informacije o bakterijskem o\u017eigu oljk na straneh Uprave za varno hrano, veterinarstvo in varstvo rastlin <a href=\"http:\/\/projects.nib.si\/xylvecsi\/2022\/10\/09\/plakat-bolezenska-znamenja-ob-okuzbi-s-xylella-fastidiosa\/\" target=\"_blank\">https:\/\/www.gov.si\/teme\/bakterijski-ozig-oljk-xylella-fastidiosa\/<\/a>.\u00a0 Fitosanitarni prostorski portal UVHVVR omogo\u010da javni vpogled v izvedene fitosanitarne preglede in uradna vzor\u010denja ter morebitne razmejitve \u0161kodljivega organizma (poligoni, to\u010dke): <a href=\"https:\/\/webapl.mkgp.gov.si\/pregl\/#config=UVH_F_PN_108\" target=\"_blank\">https:\/\/webapl.mkgp.gov.si\/pregl\/#config=UVH_F_PN_108<\/a>.<\/p>\n<p>Aktualne informacije o pojavljanu Xylella fastidiosa v EU: <a href=\"https:\/\/food.ec.europa.eu\/plants\/plant-health-and-biosecurity\/legislation\/control-measures\/xylella-fastidiosa\/latest-developments-xylella-fastidiosa-eu-territory_en\" target=\"_blank\">https:\/\/food.ec.europa.eu\/plants\/plant-health-and-biosecurity\/legislation\/control-measures\/xylella-fastidiosa\/latest-developments-xylella-fastidiosa-eu-territory_en\u00a0 <\/a>(v angle\u0161kem jeziku).<\/p>\n<p>Informacije, ki jih je v Informativni karti zbrala Evropska agencija za varno hrano EFSA: <a href=\"https:\/\/efsa.maps.arcgis.com\/apps\/MapJournal\/index.html?appid=6c7b4fbcbc5f422f95c39eb81a472c6a\" target=\"_blank\">informativna karta EFSA<\/a>.<\/p>\n","protected":false},"excerpt":{"rendered":"<p>Stran projekta v Informacijskem sistemu o raziskovalni dejavnosti v Sloveniji (SICRIS) Partnerji projekta v SICRIS-u: NIB\u00a0&amp; KGZNG Druge koristne povezave Aktualne informacije o bakterijskem o\u017eigu oljk na straneh Uprave za varno hrano, veterinarstvo in varstvo rastlin https:\/\/www.gov.si\/teme\/bakterijski-ozig-oljk-xylella-fastidiosa\/.\u00a0 Fitosanitarni prostorski portal UVHVVR omogo\u010da javni vpogled v izvedene fitosanitarne preglede in uradna vzor\u010denja ter morebitne razmejitve \u0161kodljivega [&hellip;]<\/p>\n","protected":false},"author":3,"featured_media":0,"parent":0,"menu_order":7,"comment_status":"closed","ping_status":"closed","template":"page-fullwidth.php","meta":{"jetpack_post_was_ever_published":false,"footnotes":""},"class_list":["post-99","page","type-page","status-publish","hentry"],"jetpack_sharing_enabled":true,"jetpack_shortlink":"https:\/\/wp.me\/P7OqMV-1B","jetpack-related-posts":[],"_links":{"self":[{"href":"https:\/\/projects.nib.si\/xylvecsi\/wp-json\/wp\/v2\/pages\/99","targetHints":{"allow":["GET"]}}],"collection":[{"href":"https:\/\/projects.nib.si\/xylvecsi\/wp-json\/wp\/v2\/pages"}],"about":[{"href":"https:\/\/projects.nib.si\/xylvecsi\/wp-json\/wp\/v2\/types\/page"}],"author":[{"embeddable":true,"href":"https:\/\/projects.nib.si\/xylvecsi\/wp-json\/wp\/v2\/users\/3"}],"replies":[{"embeddable":true,"href":"https:\/\/projects.nib.si\/xylvecsi\/wp-json\/wp\/v2\/comments?post=99"}],"version-history":[{"count":13,"href":"https:\/\/projects.nib.si\/xylvecsi\/wp-json\/wp\/v2\/pages\/99\/revisions"}],"predecessor-version":[{"id":402,"href":"https:\/\/projects.nib.si\/xylvecsi\/wp-json\/wp\/v2\/pages\/99\/revisions\/402"}],"wp:attachment":[{"href":"https:\/\/projects.nib.si\/xylvecsi\/wp-json\/wp\/v2\/media?parent=99"}],"curies":[{"name":"wp","href":"https:\/\/api.w.org\/{rel}","templated":true}]}}